442
CXUS52 KJAX 300800
CF6JAX
PRELIMINARY LOCAL CLIMATOLOGICAL DATA (WS FORM: F-6)

                                          STATION:   JACKSONVILLE FL
                                          MONTH:     JANUARY
                                          YEAR:      2015
                                          LATITUDE:   30 30 N
                                          LONGITUDE:  81 42 W

  TEMPERATURE IN F:       :PCPN:    SNOW:  WIND      :SUNSHINE: SKY     :PK WND
================================================================================
1   2   3   4   5  6A  6B    7    8   9   10  11  12  13   14  15   16   17  18
                                     12Z  AVG MX 2MIN
DY MAX MIN AVG DEP HDD CDD  WTR  SNW DPTH SPD SPD DIR MIN PSBL S-S WX    SPD DR
================================================================================

 1  61  48  55   2  10   0    T  0.0    0  6.2 13  30   M    M   9 1      15  50
 2  69  54  62   9   3   0 0.00  0.0    0  6.3 14  60   M    M  10 1      16  60
 3  81  60  71  18   0   6    T  0.0    0  6.5 18 190   M    M   9 1      23 190
 4  79  65  72  19   0   7 0.27  0.0    0  9.8 31 300   M    M   9 18     42 290
 5  66  45  56   3   9   0 0.00  0.0    0  5.7 17 310   M    M   8        21 340
 6  71  40  56   3   9   0 0.00  0.0    0  4.5 15 290   M    M   6        20 280
 7  65  39  52  -1  13   0 0.00  0.0    0  9.4 23 330   M    M   2        32 320
 8  40  27  34 -19  31   0    T    T    0 11.0 23 350   M    M   6        31 340
 9  55  35  45  -8  20   0 0.00  0.0    0  7.4 15 270   M    M   9        21 310
10  56  38  47  -6  18   0 0.00  0.0    0  9.3 17  30   M    M   6        22  50
11  63  48  56   3   9   0 0.07  0.0    0  7.3 15  20   M    M   9 12     18  20
12  66  57  62   9   3   0 1.07  0.0    0  3.1 13 310   M    M  10 12     15 320
13  64  52  58   5   7   0    T  0.0    0  6.4 17  30   M    M  10 12     22 360
14  53  47  50  -3  15   0 0.00  0.0    0  8.1 16  20   M    M  10 1      24  40
15  48  42  45  -8  20   0 0.19  0.0    0  5.5 12 340   M    M  10 1      15 300
16  60  38  49  -4  16   0    T  0.0    0  5.6 17 320   M    M   4        21 320
17  66  35  51  -2  14   0 0.00  0.0    0  4.2 14  60   M    M   5        16  70
18  69  42  56   3   9   0 0.00  0.0    0  7.9 24 280   M    M   5 1      32 290
19  68  33  51  -2  14   0 0.00  0.0    0  2.6 10 220   M    M   2        13 240
20  71  36  54   1  11   0 0.00  0.0    0  2.3 13 190   M    M   3        16 190
21  75  48  62   9   3   0    T  0.0    0  3.0 14 260   M    M   4 18     18 270
22  72  45  59   6   6   0 0.00  0.0    0  3.8 13  70   M    M   5 1      15  70
23  67  52  60   7   5   0 1.34  0.0    0 10.8 23 170   M    M  10 13     31 150
24  69  40  55   2  10   0 0.12  0.0    0 16.2 28 280   M    M   6 1      36 280
25  63  35  49  -5  16   0 0.00  0.0    0  6.9 14 220   M    M   4        18 230
26  60  44  52  -2  13   0 0.02  0.0    0 13.5 25 270   M    M   6        36 280
27  63  36  50  -4  15   0 0.00  0.0    0  9.0 22 280   M    M   1        32 280
28  55  34  45  -9  20   0 0.00  0.0    0  6.1 14  50   M    M   0        19  30
29  67  31  49  -5  16   0 0.00  0.0    0  3.8 16 190   M    M   5        20 210
================================================================================
SM 1862 1246       335  13  3.08    T    202.2          M      183
================================================================================
AV 64.2 43.0                               7.0 FASTST   M    M   6    MAX(MPH)
                                 MISC ---->  # 31 300               # 42  290
================================================================================
NOTES:
# LAST OF SEVERAL OCCURRENCES

COLUMN 17 PEAK WIND IN M.P.H.

PRELIMINARY LOCAL CLIMATOLOGICAL DATA (WS FORM: F-6) , PAGE 2

                                          STATION:  JACKSONVILLE FL
                                          MONTH:    JANUARY
                                          YEAR:     2015
                                          LATITUDE:   30 30 N
                                          LONGITUDE:  81 42 W

[TEMPERATURE DATA]      [PRECIPITATION DATA]       SYMBOLS USED IN COLUMN 16

AVERAGE MONTHLY: 53.6   TOTAL FOR MONTH:   3.08    1 = FOG OR MIST
DPTR FM NORMAL:   0.4   DPTR FM NORMAL:    0.01    2 = FOG REDUCING VISIBILITY
HIGHEST:    81 ON  3    GRTST 24HR  1.46 ON 23-24      TO 1/4 MILE OR LESS
LOWEST:     27 ON  8                               3 = THUNDER
                        SNOW, ICE PELLETS, HAIL    4 = ICE PELLETS
                        TOTAL MONTH:    T          5 = HAIL
                        GRTST 24HR    T  ON  8- 8  6 = FREEZING RAIN OR DRIZZLE
                        GRTST DEPTH:   0           7 = DUSTSTORM OR SANDSTORM:
                                                       VSBY 1/2 MILE OR LESS
                                                   8 = SMOKE OR HAZE
[NO. OF DAYS WITH]      [WEATHER - DAYS WITH]      9 = BLOWING SNOW
                                                   X = TORNADO
MAX 32 OR BELOW:   0    0.01 INCH OR MORE:   7
MAX 90 OR ABOVE:   0    0.10 INCH OR MORE:   5
MIN 32 OR BELOW:   2    0.50 INCH OR MORE:   2
MIN  0 OR BELOW:   0    1.00 INCH OR MORE:   2

[HDD (BASE 65) ]
TOTAL THIS MO.   335    CLEAR  (SCALE 0-3)   5
DPTR FM NORMAL   -25    PTCLDY (SCALE 4-7)  13
TOTAL FM JUL 1   847    CLOUDY (SCALE 8-10) 11
DPTR FM NORMAL    -9

[CDD (BASE 65) ]
TOTAL THIS MO.    13
DPTR FM NORMAL    13    [PRESSURE DATA]
TOTAL FM JAN 1    13    HIGHEST SLP M ON M
DPTR FM NORMAL    13    LOWEST  SLP 29.68 ON 24

[REMARKS]




U.S. Dept. of Commerce
NOAA National Weather Service
1325 East West Highway
Silver Spring, MD 20910
E-mail: w-nws.webmaster@noaa.gov
Page last modified: May 16, 2007
NATIONAL WEATHER SERVICE: for Safety, for Work, for Fun - FOR LIFE