290
CXUS54 KJAN 011200
CF6JAN
PRELIMINARY LOCAL CLIMATOLOGICAL DATA (WS FORM: F-6)

                                          STATION:   JACKSON
                                          MONTH:     JANUARY
                                          YEAR:      2015
                                          LATITUDE:   32 19 N
                                          LONGITUDE:  90  5 W

  TEMPERATURE IN F:       :PCPN:    SNOW:  WIND      :SUNSHINE: SKY     :PK WND
================================================================================
1   2   3   4   5  6A  6B    7    8   9   10  11  12  13   14  15   16   17  18
                                     12Z  AVG MX 2MIN
DY MAX MIN AVG DEP HDD CDD  WTR  SNW DPTH SPD SPD DIR MIN PSBL S-S WX    SPD DR
================================================================================

 1  48  33  41  -5  24   0 0.27  0.0    0  5.8 15  30   M    M   8 1      19  30
 2  58  45  52   6  13   0 0.29  0.0    0  5.8 14 150   M    M  10 1      19 150
 3  72  58  65  19   0   0 1.79  0.0    0 10.2 22 140   M    M   9 13     29 140
 4  60  35  48   2  17   0    T  0.0    0  9.6 18 360   M    M   7 1      23 330
 5  47  29  38  -8  27   0 0.00  0.0    0  8.1 17 360   M    M   1        23  10
 6  61  25  43  -3  22   0 0.00  0.0    0  3.7 14 330   M    M   1        17 330
 7  47  20  34 -11  31   0 0.00  0.0    0 15.5 29 340   M    M   2        37 340
 8  35  13  24 -21  41   0 0.00  0.0    0  6.4 18  20   M    M   1        23  50
 9  40  24  32 -13  33   0 0.00  0.0    0  7.1 16  10   M    M   8        21  10
10  46  25  36  -9  29   0 0.00  0.0    0  5.6 16  20   M    M   3        19  40
11  61  36  49   4  16   0 0.16  0.0    0  7.6 16 140   M    M   8 1      19 150
12  60  42  51   6  14   0 0.46  0.0    0  9.2 16 350   M    M  10 13     20 340
13  42  35  39  -6  26   0    T  0.0    0  9.6 17 360   M    M  10 1      21  20
14  39  33  36  -9  29   0 0.00  0.0    0  5.7 13 360   M    M   8 1      14  10
15  44  28  36  -9  29   0 0.09  0.0    0  3.9 10  10   M    M   7 1      13 350
16  57  24  41  -5  24   0 0.00  0.0    0  0.8  7  50   M    M   2 1      11  60
17  62  29  46   0  19   0 0.00  0.0    0  6.6 17 170   M    M   0        22 190
18  68  32  50   4  15   0 0.00  0.0    0  3.7 14 290   M    M   0 1      16 280
19  70  28  49   3  16   0 0.00  0.0    0  6.0 15 220   M    M   1        18 240
20  69  36  53   7  12   0 0.00  0.0    0  2.9 10 220   M    M   3        13 230
21  65  37  51   5  14   0 0.00  0.0    0  5.9 14 360   M    M   1 1      17 360
22  54  41  48   2  17   0 1.16  0.0    0  9.9 21  20   M    M   9 1      28  20
23  44  37  41  -5  24   0 0.50  0.0    0  9.9 17 340   M    M  10 1      22 350
24  56  32  44  -2  21   0 0.00  0.0    0  5.8 14 250   M    M   1 1      22 240
25  68  35  52   6  13   0 0.00  0.0    0 11.3 26 220   M    M   2        34 260
26  56  41  49   3  16   0 0.00  0.0    0  8.1 18 320   M    M   4        25 330
27  69  35  52   6  13   0 0.00  0.0    0  6.8 17 340   M    M   0        23 340
28  68  35  52   6  13   0 0.00  0.0    0  7.0 14 150   M    M   0        17 150
29  77  44  61  15   4   0 0.00  0.0    0 10.9 24 340   M    M   3        31 340
30  58  39  49   3  16   0 0.00  0.0    0  9.1 18 360   M    M   2        24 340
31  61  31  46  -1  19   0 0.00  0.0    0  6.0 15 140   M    M   5        20 140
================================================================================
SM 1762 1037       607   0  4.72     0.0 224.5          M      136
================================================================================
AV 56.8 33.5                               7.2 FASTST   M    M   4    MAX(MPH)
                                 MISC ---->  # 29 340               # 37  340
================================================================================
NOTES:
# LAST OF SEVERAL OCCURRENCES

COLUMN 17 PEAK WIND IN M.P.H.

PRELIMINARY LOCAL CLIMATOLOGICAL DATA (WS FORM: F-6) , PAGE 2

                                          STATION:  JACKSON
                                          MONTH:    JANUARY
                                          YEAR:     2015
                                          LATITUDE:   32 19 N
                                          LONGITUDE:  90  5 W

[TEMPERATURE DATA]      [PRECIPITATION DATA]       SYMBOLS USED IN COLUMN 16

AVERAGE MONTHLY: 45.1   TOTAL FOR MONTH:   4.72    1 = FOG OR MIST
DPTR FM NORMAL:  -0.6   DPTR FM NORMAL:   -0.25    2 = FOG REDUCING VISIBILITY
HIGHEST:    77 ON 29    GRTST 24HR  1.79 ON  3- 3      TO 1/4 MILE OR LESS
LOWEST:     13 ON  8                               3 = THUNDER
                        SNOW, ICE PELLETS, HAIL    4 = ICE PELLETS
                        TOTAL MONTH:   0.0 INCH    5 = HAIL
                        GRTST 24HR     0.0         6 = FREEZING RAIN OR DRIZZLE
                        GRTST DEPTH:   0           7 = DUSTSTORM OR SANDSTORM:
                                                       VSBY 1/2 MILE OR LESS
                                                   8 = SMOKE OR HAZE
[NO. OF DAYS WITH]      [WEATHER - DAYS WITH]      9 = BLOWING SNOW
                                                   X = TORNADO
MAX 32 OR BELOW:   0    0.01 INCH OR MORE:   8
MAX 90 OR ABOVE:   0    0.10 INCH OR MORE:   7
MIN 32 OR BELOW:  13    0.50 INCH OR MORE:   3
MIN  0 OR BELOW:   0    1.00 INCH OR MORE:   2

[HDD (BASE 65) ]
TOTAL THIS MO.   607    CLEAR  (SCALE 0-3)  15
DPTR FM NORMAL     5    PTCLDY (SCALE 4-7)   9
TOTAL FM JUL 1  1535    CLOUDY (SCALE 8-10)  7
DPTR FM NORMAL   -17

[CDD (BASE 65) ]
TOTAL THIS MO.     0
DPTR FM NORMAL    -4    [PRESSURE DATA]
TOTAL FM JAN 1     0    HIGHEST SLP 30.76 ON  7
DPTR FM NORMAL     0    LOWEST  SLP 29.74 ON 25

[REMARKS]
#FINAL-01-15#




U.S. Dept. of Commerce
NOAA National Weather Service
1325 East West Highway
Silver Spring, MD 20910
E-mail: w-nws.webmaster@noaa.gov
Page last modified: May 16, 2007
NATIONAL WEATHER SERVICE: for Safety, for Work, for Fun - FOR LIFE