903
CXUS54 KJAN 281200
CF6JAN
PRELIMINARY LOCAL CLIMATOLOGICAL DATA (WS FORM: F-6)

                                          STATION:   JACKSON
                                          MONTH:     NOVEMBER
                                          YEAR:      2014
                                          LATITUDE:   32 19 N
                                          LONGITUDE:  90  5 W

  TEMPERATURE IN F:       :PCPN:    SNOW:  WIND      :SUNSHINE: SKY     :PK WND
================================================================================
1   2   3   4   5  6A  6B    7    8   9   10  11  12  13   14  15   16   17  18
                                     12Z  AVG MX 2MIN
DY MAX MIN AVG DEP HDD CDD  WTR  SNW DPTH SPD SPD DIR MIN PSBL S-S WX    SPD DR
================================================================================

 1  57  36  47 -13  18   0 0.00  0.0    0  9.8 20  10   M    M   0        27  10
 2  65  28  47 -13  18   0 0.00  0.0    0  2.9 10  80   M    M   0        16  80
 3  72  38  55  -5  10   0 0.00  0.0    0  6.0 13 150   M    M   0        17 150
 4  79  45  62   3   3   0 0.00  0.0    0  7.8 16 180   M    M   4        22 150
 5  74  60  67   8   0   2 0.02  0.0    0  4.8 14 180   M    M   6 1      18 180
 6  68  49  59   0   6   0 0.11    M    0  7.3 16 330   M    M   7 1       M  M
 7  60  37  49  -9  16   0 0.00  0.0    0  6.5 18  10   M    M   0        23  10
 8  70  33  52  -6  13   0 0.00  0.0    0  3.4 12 310   M    M   3        16 300
 9  67  37  52  -6  13   0 0.00  0.0    0  2.4 12 340   M    M   0 1      15 320
10  76  35  56  -2   9   0 0.00  0.0    0  8.0 17 180   M    M   1 8      23 170
11  81  47  64   7   1   0    T  0.0    0 10.2 20 180   M    M   9        25 330
12  47  36  42 -15  23   0 0.00  0.0    0 11.7 18 340   M    M   9         M 330
13  41  29  35 -21  30   0 0.00  0.0    0 13.9 24 360   M    M   5        32  80
14  45  28  37 -19  28   0 0.00  0.0    0  9.7 17  20   M    M   0        24  30
15  53  24  39 -17  26   0 0.00  0.0    0  3.6 12 160   M    M   4        16 160
16  61  43  52  -4  13   0 3.20  0.0    0  7.7 17 310   M    M  10 1      23 310
17  45  28  37 -18  28   0 0.21  0.0    0 11.0 23 340   M    M   5 1      31 340
18  45  25  35 -20  30   0 0.00  0.0    0  5.5 14 350   M    M   2        19 300
19  61  24  43 -12  22   0 0.00  0.0    0  7.5 17 230   M    M   1        22 210
20  67  40  54   0  11   0 0.00  0.0    0  5.3 13  10   M    M   6 1      14  20
21  71  39  55   1  10   0 0.00  0.0    0  6.2 17 120   M    M   3 1      23 120
22  71  45  58   4   7   0 0.00  0.0    0  7.9 20 150   M    M   5        24 140
23  70  61  66  13   0   1 0.34  0.0    0 13.1 25 220   M    M   7 1      37 200
24  64  44  54   1  11   0 0.00  0.0    0  7.2 17 300   M    M   2        26 320
25  53  30  42 -11  23   0 0.00  0.0    0  4.7 17 360   M    M   3 1      23  20
26  67  27  47  -5  18   0 0.00  0.0    0  7.6 25 230   M    M   1         M  M
27  52  31  42 -10  23   0 0.00  0.0    0  7.5 21 350   M    M   0        27 350
================================================================================
SM 1682  999       410   3  3.88     0.0 199.2          M       93
================================================================================
AV 62.3 37.0                               7.4 FASTST   M    M   3    MAX(MPH)
                                 MISC ---->  # 25 220               # 37  200
================================================================================
NOTES:
# LAST OF SEVERAL OCCURRENCES

COLUMN 17 PEAK WIND IN M.P.H.

PRELIMINARY LOCAL CLIMATOLOGICAL DATA (WS FORM: F-6) , PAGE 2

                                          STATION:  JACKSON
                                          MONTH:    NOVEMBER
                                          YEAR:     2014
                                          LATITUDE:   32 19 N
                                          LONGITUDE:  90  5 W

[TEMPERATURE DATA]      [PRECIPITATION DATA]       SYMBOLS USED IN COLUMN 16

AVERAGE MONTHLY: 49.6   TOTAL FOR MONTH:   3.88    1 = FOG OR MIST
DPTR FM NORMAL:  -6.5   DPTR FM NORMAL:   -0.31    2 = FOG REDUCING VISIBILITY
HIGHEST:    81 ON 11    GRTST 24HR  3.41 ON 16-17      TO 1/4 MILE OR LESS
LOWEST:     24 ON 19,15                            3 = THUNDER
                        SNOW, ICE PELLETS, HAIL    4 = ICE PELLETS
                        TOTAL MONTH:   0.0 INCH    5 = HAIL
                        GRTST 24HR     0.0         6 = FREEZING RAIN OR DRIZZLE
                        GRTST DEPTH:   0           7 = DUSTSTORM OR SANDSTORM:
                                                       VSBY 1/2 MILE OR LESS
                                                   8 = SMOKE OR HAZE
[NO. OF DAYS WITH]      [WEATHER - DAYS WITH]      9 = BLOWING SNOW
                                                   X = TORNADO
MAX 32 OR BELOW:   0    0.01 INCH OR MORE:   5
MAX 90 OR ABOVE:   0    0.10 INCH OR MORE:   4
MIN 32 OR BELOW:  10    0.50 INCH OR MORE:   1
MIN  0 OR BELOW:   0    1.00 INCH OR MORE:   1

[HDD (BASE 65) ]
TOTAL THIS MO.   410    CLEAR  (SCALE 0-3)  14
DPTR FM NORMAL   150    PTCLDY (SCALE 4-7)  10
TOTAL FM JUL 1   473    CLOUDY (SCALE 8-10)  3
DPTR FM NORMAL   106

[CDD (BASE 65) ]
TOTAL THIS MO.     3
DPTR FM NORMAL   -18    [PRESSURE DATA]
TOTAL FM JAN 1  2281    HIGHEST SLP M ON M
DPTR FM NORMAL    29    LOWEST  SLP 29.47 ON 23

[REMARKS]




U.S. Dept. of Commerce
NOAA National Weather Service
1325 East West Highway
Silver Spring, MD 20910
E-mail: w-nws.webmaster@noaa.gov
Page last modified: May 16, 2007
NATIONAL WEATHER SERVICE: for Safety, for Work, for Fun - FOR LIFE