454
CXUS54 KJAN 010800
CF6JAN
PRELIMINARY LOCAL CLIMATOLOGICAL DATA (WS FORM: F-6)

                                          STATION:   JACKSON
                                          MONTH:     JULY
                                          YEAR:      2014
                                          LATITUDE:   32 19 N
                                          LONGITUDE:  90  5 W

  TEMPERATURE IN F:       :PCPN:    SNOW:  WIND      :SUNSHINE: SKY     :PK WND
================================================================================
1   2   3   4   5  6A  6B    7    8   9   10  11  12  13   14  15   16   17  18
                                     12Z  AVG MX 2MIN
DY MAX MIN AVG DEP HDD CDD  WTR  SNW DPTH SPD SPD DIR MIN PSBL S-S WX    SPD DR
================================================================================

 1  92  74  83   2   0  18 0.00  0.0    0  3.6 12 200   M    M   2        14 200
 2  94  73  84   3   0  19    T  0.0    0  2.9 26 320   M    M   4 13     36 330
 3  90  70  80  -1   0  15 0.00  0.0    0  6.5 14 340   M    M   3        16 320
 4  86  67  77  -4   0  12 0.00  0.0    0  6.7 13 350   M    M   3        17  10
 5  88  60  74  -7   0   9 0.00  0.0    0  1.9 10  20   M    M   1 1      15  30
 6  92  62  77  -4   0  12 0.00  0.0    0  1.0  7  70   M    M   2 1      10  20
 7  92  67  80  -2   0  15 0.00  0.0    0  4.0 12 230   M    M   3        15 230
 8  92  72  82   0   0  17 0.00  0.0    0  5.9 14 180   M    M   3        17 210
 9  84  72  78  -4   0  13 0.08  0.0    0  4.6 13 230   M    M   6 18     17 230
10  91  71  81  -1   0  16 0.36  0.0    0  4.4 20 350   M    M   7 13     24 340
11  89  71  80  -2   0  15 0.79  0.0    0  1.6 22 170   M    M   5 13     28 170
12  92  71  82   0   0  17 0.02  0.0    0  1.8 15 170   M    M   4 1      20 160
13  93  74  84   2   0  19 0.02  0.0    0  2.6 15 200   M    M   2 1      17 200
14  92  74  83   1   0  18 0.00  0.0    0  5.5 12 190   M    M   2 1      16 180
15  86  69  78  -4   0  13 0.16  0.0    0  6.0 15 350   M    M   7 13      M  M
16  82  62  72 -10   0   7 0.00  0.0    0  6.0 14 360   M    M   3        18 360
17  84  66  75  -7   0  10 0.00  0.0    0  4.6 10 360   M    M   5        15 110
18  81  67  74  -8   0   9 0.70  0.0    0  7.3 23 180   M    M  10 1      32 180
19  79  69  74  -8   0   9    T  0.0    0  2.3  8  10   M    M  10 1       9  10
20  86  70  78  -4   0  13 0.00  0.0    0  2.3  8 350   M    M   7        12 260
21  90  67  79  -3   0  14 0.00  0.0    0  2.3  9  40   M    M   4 1      13 360
22  89  70  80  -2   0  15 0.01  0.0    0  2.8 15 180   M    M   3 13     17 170
23  90  72  81  -1   0  16 0.00  0.0    0  2.7 12 210   M    M   6 13     15 210
24  92  71  82   0   0  17 0.00  0.0    0  4.4 15 350   M    M   3        18 360
25  91  69  80  -2   0  15 0.00  0.0    0  3.5 14 340   M    M   3        16 340
26  95  72  84   2   0  19 0.00  0.0    0  2.5  9 260   M    M   1 1      16 250
27  94  75  85   3   0  20 0.00  0.0    0  5.3 12 240   M    M   2 1      17 240
28  93  71  82   0   0  17 0.00  0.0    0  6.7 14 330   M    M   3        17 320
29  89  64  77  -5   0  12 0.00  0.0    0  6.0 17 360   M    M   2         M  M
30  85  59  72 -10   0   7 0.00  0.0    0  3.7 12 350   M    M   3        16 340
31  85  69  77  -5   0  12    T  0.0    0  2.6  9  10   M    M   7        12 360
================================================================================
SM 2758 2140         0 440  2.14     0.0 124.0          M      126
================================================================================
AV 89.0 69.0                               4.0 FASTST   M    M   4    MAX(MPH)
                                 MISC ---->  # 26 320               # 36  330
================================================================================
NOTES:
# LAST OF SEVERAL OCCURRENCES

COLUMN 17 PEAK WIND IN M.P.H.

PRELIMINARY LOCAL CLIMATOLOGICAL DATA (WS FORM: F-6) , PAGE 2

                                          STATION:  JACKSON
                                          MONTH:    JULY
                                          YEAR:     2014
                                          LATITUDE:   32 19 N
                                          LONGITUDE:  90  5 W

[TEMPERATURE DATA]      [PRECIPITATION DATA]       SYMBOLS USED IN COLUMN 16

AVERAGE MONTHLY: 79.0   TOTAL FOR MONTH:   2.14    1 = FOG OR MIST
DPTR FM NORMAL:  -2.6   DPTR FM NORMAL:   -2.67    2 = FOG REDUCING VISIBILITY
HIGHEST:    95 ON 26    GRTST 24HR  0.79 ON 11-11      TO 1/4 MILE OR LESS
LOWEST:     59 ON 30                               3 = THUNDER
                        SNOW, ICE PELLETS, HAIL    4 = ICE PELLETS
                        TOTAL MONTH:   0.0 INCH    5 = HAIL
                        GRTST 24HR     0.0         6 = FREEZING RAIN OR DRIZZLE
                        GRTST DEPTH:   0           7 = DUSTSTORM OR SANDSTORM:
                                                       VSBY 1/2 MILE OR LESS
                                                   8 = SMOKE OR HAZE
[NO. OF DAYS WITH]      [WEATHER - DAYS WITH]      9 = BLOWING SNOW
                                                   X = TORNADO
MAX 32 OR BELOW:   0    0.01 INCH OR MORE:   8
MAX 90 OR ABOVE:  17    0.10 INCH OR MORE:   4
MIN 32 OR BELOW:   0    0.50 INCH OR MORE:   2
MIN  0 OR BELOW:   0    1.00 INCH OR MORE:   0

[HDD (BASE 65) ]
TOTAL THIS MO.     0    CLEAR  (SCALE 0-3)  18
DPTR FM NORMAL     0    PTCLDY (SCALE 4-7)  11
TOTAL FM JUL 1     0    CLOUDY (SCALE 8-10)  2
DPTR FM NORMAL     0

[CDD (BASE 65) ]
TOTAL THIS MO.   440
DPTR FM NORMAL   -75    [PRESSURE DATA]
TOTAL FM JAN 1  1214    HIGHEST SLP M ON M
DPTR FM NORMAL   -81    LOWEST  SLP 29.88 ON M

[REMARKS]
#FINAL-07-14#




U.S. Dept. of Commerce
NOAA National Weather Service
1325 East West Highway
Silver Spring, MD 20910
E-mail: w-nws.webmaster@noaa.gov
Page last modified: May 16, 2007
NATIONAL WEATHER SERVICE: for Safety, for Work, for Fun - FOR LIFE