940
CXUS55 KRIW 300901
CF6JAC
PRELIMINARY LOCAL CLIMATOLOGICAL DATA (WS FORM: F-6)

                                          STATION:   JACKSON  WY
                                          MONTH:     SEPTEMBER
                                          YEAR:      2014
                                          LATITUDE:   43 35 N
                                          LONGITUDE: 110 44 W

  TEMPERATURE IN F:       :PCPN:    SNOW:  WIND      :SUNSHINE: SKY     :PK WND
================================================================================
1   2   3   4   5  6A  6B    7    8   9   10  11  12  13   14  15   16   17  18
                                     12Z  AVG MX 2MIN
DY MAX MIN AVG DEP HDD CDD  WTR  SNW DPTH SPD SPD DIR MIN PSBL S-S WX    SPD DR
================================================================================

 1  64  34  49  -7  16   0    M    M    M  4.3 16 170   M    M   3        22 170
 2  75  32  54  -2  11   0    M    M    M  5.8 17 200   M    M   0        25 200
 3  72  37  55  -1  10   0    M    M    M  7.0 22 180   M    M   0 8      32 200
 4  64  28  46 -10  19   0    M    M    M  4.4 14 360   M    M   0         M  M
 5  72  34  53  -2  12   0    M    M    M  4.8 14 360   M    M   0        17 320
 6  73  36  55   0  10   0    M    M    M  5.7 14 200   M    M   1        21 180
 7  73  36  55   0  10   0    M    M    M  5.2 14 160   M    M   3         M  M
 8  73  34  54   0  11   0    M    M    M  4.5 24 190   M    M   1        32 190
 9  72  39  56   2   9   0    M    M    M  5.3 16 160   M    M   4 3      27 240
10  64  32  48  -6  17   0    M    M    M  5.0 15 200   M    M   2        23 200
11  48  30  39 -14  26   0    M    M    M  7.2 18  10   M    M   4        18 350
12  63  18  41 -12  24   0    M    M    M  3.6 12 160   M    M   0         M  M
13  72  25  49  -3  16   0    M    M    M  6.0 16 260   M    M   0        25 180
14  73  30  52   0  13   0    M    M    M  6.3 14 260   M    M   0 8      21 260
15  79  34  57   5   8   0    M    M    M  5.2 16 270   M    M   2        29 270
16  75  36  56   5   9   0    M    M    M  3.0  7 170   M    M   2         M  M
17  79  41  60   9   5   0    M    M    M  3.8 12 200   M    M   2 3       M  M
18  70  43  57   6   8   0    M    M    M  4.0 12 360   M    M   5 3       M  M
19  72  41  57   7   8   0    M    M    M  3.3 14 270   M    M   3 1       M  M
20  75  36  56   6   9   0    M    M    M  5.1 17 360   M    M   0         M  M
21  73  45  59  10   6   0    M    M    M  5.3 16 360   M    M   4        20 160
22  64  48  56   7   9   0    M    M    M  6.2 15 170   M    M   9        24 170
23  72  46  59  10   6   0    M    M    M  2.3  7 240   M    M   5 1       M  M
24  77  41  59  11   6   0    M    M    M  2.7 12 200   M    M   1        17 190
25  81  39  60  12   5   0    M    M    M  2.0  9 170   M    M   0         M  M
26  75  41  58  11   7   0    M    M    M  4.6 15 190   M    M   2         M  M
27  57  52  55   8  10   0    M    M    M  4.8 15  10   M    M   9 1       M  M
28  54  39  47   0  18   0    M    M    M  8.4 20 360   M    M   9        23  10
29  52  37  45  -1  20   0    M    M    M  5.9 16 180   M    M   9 1      16 180
================================================================================
SM 2013 1064       338   0    M     M    141.7          M       80
================================================================================
AV 69.4 36.7                               4.9 FASTST   M    M   3    MAX(MPH)
                                 MISC ---->    24   M                 32    M
================================================================================
NOTES:
# LAST OF SEVERAL OCCURRENCES

COLUMN 17 PEAK WIND IN M.P.H.

PRELIMINARY LOCAL CLIMATOLOGICAL DATA (WS FORM: F-6) , PAGE 2

                                          STATION:  JACKSON  WY
                                          MONTH:    SEPTEMBER
                                          YEAR:     2014
                                          LATITUDE:   43 35 N
                                          LONGITUDE: 110 44 W

[TEMPERATURE DATA]      [PRECIPITATION DATA]       SYMBOLS USED IN COLUMN 16

AVERAGE MONTHLY: 53.1   TOTAL FOR MONTH:      M    1 = FOG OR MIST
DPTR FM NORMAL:   1.5   DPTR FM NORMAL:       M    2 = FOG REDUCING VISIBILITY
HIGHEST:    81 ON 25    GRTST 24HR    M  ON   M        TO 1/4 MILE OR LESS
LOWEST:     18 ON 12                               3 = THUNDER
                        SNOW, ICE PELLETS, HAIL    4 = ICE PELLETS
                        TOTAL MONTH:    M          5 = HAIL
                        GRTST 24HR    M  ON   M    6 = FREEZING RAIN OR DRIZZLE
                        GRTST DEPTH:  M  ON   M    7 = DUSTSTORM OR SANDSTORM:
                                                       VSBY 1/2 MILE OR LESS
                                                   8 = SMOKE OR HAZE
[NO. OF DAYS WITH]      [WEATHER - DAYS WITH]      9 = BLOWING SNOW
                                                   X = TORNADO
MAX 32 OR BELOW:   0    0.01 INCH OR MORE:   0
MAX 90 OR ABOVE:   0    0.10 INCH OR MORE:   0
MIN 32 OR BELOW:   7    0.50 INCH OR MORE:   0
MIN  0 OR BELOW:   0    1.00 INCH OR MORE:   0

[HDD (BASE 65) ]
TOTAL THIS MO.   338    CLEAR  (SCALE 0-3)  20
DPTR FM NORMAL   -51    PTCLDY (SCALE 4-7)   5
TOTAL FM JUL 1   610    CLOUDY (SCALE 8-10)  4
DPTR FM NORMAL   -62

[CDD (BASE 65) ]
TOTAL THIS MO.     0
DPTR FM NORMAL     0    [PRESSURE DATA]
TOTAL FM JAN 1     9    HIGHEST SLP M ON M
DPTR FM NORMAL   -34    LOWEST  SLP M ON M

[REMARKS]




U.S. Dept. of Commerce
NOAA National Weather Service
1325 East West Highway
Silver Spring, MD 20910
E-mail: w-nws.webmaster@noaa.gov
Page last modified: May 16, 2007
NATIONAL WEATHER SERVICE: for Safety, for Work, for Fun - FOR LIFE