056
CXUS55 KRIW 230901
CF6JAC
PRELIMINARY LOCAL CLIMATOLOGICAL DATA (WS FORM: F-6)

                                          STATION:   JACKSON WY
                                          MONTH:     APRIL
                                          YEAR:      2014
                                          LATITUDE:   43 35 N
                                          LONGITUDE: 110 44 W

  TEMPERATURE IN F:       :PCPN:    SNOW:  WIND      :SUNSHINE: SKY     :PK WND
================================================================================
1   2   3   4   5  6A  6B    7    8   9   10  11  12  13   14  15   16   17  18
                                     12Z  AVG MX 2MIN
DY MAX MIN AVG DEP HDD CDD  WTR  SNW DPTH SPD SPD DIR MIN PSBL S-S WX    SPD DR
================================================================================

 1  43  16  30  -2  35   0    M    M    M  8.5 14 360   M    M   5         M  M
 2  34  18  26  -7  39   0    M    M    M  6.4 13 150   M    M   6         M  M
 3  37  12  25  -8  40   0    M    M    M  3.6  8 360   M    M   2         M  M
 4  36  12  24  -9  41   0    M    M    M  7.4 14 200   M    M   6         M  M
 5  41  21  31  -3  34   0    M    M    M  5.0 13 360   M    M   7         M  M
 6  37  21  29  -5  36   0    M    M    M  7.6 15 220   M    M   8        23 280
 7  48  19  34   0  31   0    M    M    M  6.1 14 290   M    M   3        20 290
 8  54  23  39   4  26   0    M    M    M  5.7 18 170   M    M   1         M  M
 9  52  37  45  10  20   0    M    M    M 15.5 25 210   M    M   3        38 210
10  50  28  39   4  26   0    M    M    M  6.9 14 200   M    M   1        20 190
11  54  25  40   4  25   0    M    M    M  6.2 20 170   M    M   0        27 220
12  52  27  40   4  25   0    M    M    M 10.5 18 170   M    M   1        22 200
13  36  19  28  -8  37   0    M    M    M 18.2 23 340   M    M   7        32 360
14  45   7  26 -10  39   0    M    M    M  7.3 17  10   M    M   0        21 210
15  46  21  34  -3  31   0    M    M    M  8.3 29 220   M    M   5 1      41 220
16  43  18  31  -6  34   0    M    M    M  3.3  8 360   M    M   2         M  M
17  54  18  36  -1  29   0    M    M    M  6.4 14 180   M    M   0        25 190
18  46  34  40   2  25   0    M    M    M 10.7 23 170   M    M   5 1      31 170
19  59  28  44   6  21   0    M    M    M  5.6 18 190   M    M   2        25 260
20  55  28  42   4  23   0    M    M    M  6.1 15 240   M    M   1        21 240
21  63  25  44   5  21   0    M    M    M  4.7 13 160   M    M   2        16 160
22  61  34  48   9  17   0    M    M    M  8.4 22 150   M    M   7        31 220
================================================================================
SM 1046  491       655   0    M     M    168.4          M       74
================================================================================
AV 47.5 22.3                               7.7 FASTST   M    M   3    MAX(MPH)
                                 MISC ---->    29   M                 41    M
================================================================================
NOTES:
# LAST OF SEVERAL OCCURRENCES

COLUMN 17 PEAK WIND IN M.P.H.

PRELIMINARY LOCAL CLIMATOLOGICAL DATA (WS FORM: F-6) , PAGE 2

                                          STATION:  JACKSON WY
                                          MONTH:    APRIL
                                          YEAR:     2014
                                          LATITUDE:   43 35 N
                                          LONGITUDE: 110 44 W

[TEMPERATURE DATA]      [PRECIPITATION DATA]       SYMBOLS USED IN COLUMN 16

AVERAGE MONTHLY: 34.9   TOTAL FOR MONTH:      M    1 = FOG OR MIST
DPTR FM NORMAL:  -0.8   DPTR FM NORMAL:       M    2 = FOG REDUCING VISIBILITY
HIGHEST:    63 ON 21    GRTST 24HR    M  ON   M        TO 1/4 MILE OR LESS
LOWEST:      7 ON 14                               3 = THUNDER
                        SNOW, ICE PELLETS, HAIL    4 = ICE PELLETS
                        TOTAL MONTH:    M          5 = HAIL
                        GRTST 24HR    M  ON   M    6 = FREEZING RAIN OR DRIZZLE
                        GRTST DEPTH:  M  ON   M    7 = DUSTSTORM OR SANDSTORM:
                                                       VSBY 1/2 MILE OR LESS
                                                   8 = SMOKE OR HAZE
[NO. OF DAYS WITH]      [WEATHER - DAYS WITH]      9 = BLOWING SNOW
                                                   X = TORNADO
MAX 32 OR BELOW:   0    0.01 INCH OR MORE:   0
MAX 90 OR ABOVE:   0    0.10 INCH OR MORE:   0
MIN 32 OR BELOW:  19    0.50 INCH OR MORE:   0
MIN  0 OR BELOW:   0    1.00 INCH OR MORE:   0

[HDD (BASE 65) ]
TOTAL THIS MO.   655    CLEAR  (SCALE 0-3)  13
DPTR FM NORMAL    11    PTCLDY (SCALE 4-7)   9
TOTAL FM JUL 1  8397    CLOUDY (SCALE 8-10)  0
DPTR FM NORMAL  -538

[CDD (BASE 65) ]
TOTAL THIS MO.     0
DPTR FM NORMAL     0    [PRESSURE DATA]
TOTAL FM JAN 1     0    HIGHEST SLP M ON M
DPTR FM NORMAL     0    LOWEST  SLP M ON M

[REMARKS]




U.S. Dept. of Commerce
NOAA National Weather Service
1325 East West Highway
Silver Spring, MD 20910
E-mail: w-nws.webmaster@noaa.gov
Page last modified: May 16, 2007
NATIONAL WEATHER SERVICE: for Safety, for Work, for Fun - FOR LIFE