485
CXUS55 KEAX 300736
CF6IXD
PRELIMINARY LOCAL CLIMATOLOGICAL DATA (WS FORM: F-6)

                                          STATION:   New Century Air Center KS
                                          MONTH:     JULY
                                          YEAR:      2014
                                          LATITUDE:   38 49 N
                                          LONGITUDE:  94 54 W

  TEMPERATURE IN F:       :PCPN:    SNOW:  WIND      :SUNSHINE: SKY     :PK WND
================================================================================
1   2   3   4   5  6A  6B    7    8   9   10  11  12  13   14  15   16   17  18
                                     12Z  AVG MX 2MIN
DY MAX MIN AVG DEP HDD CDD  WTR  SNW DPTH SPD SPD DIR MIN PSBL S-S WX    SPD DR
================================================================================

 1  84  66  75  -2   0  10 0.01    M    M  9.0 21 350   M    M   2        26 340
 2  75  56  66 -11   0   1 0.00    M    M  9.2 24 330   M    M   4        30 310
 3  81  53  67 -10   0   2 0.00    M    M  4.3 12  10   M    M   0        14  10
 4  83  57  70  -7   0   5 0.00    M    M  8.2 17 140   M    M   0        23 150
 5  84  68  76  -1   0  11    T    M    M 12.6 22 150   M    M   2 3      27 180
 6  90  71  81   4   0  16 0.00    M    M 13.7 25 180   M    M   3        34 190
 7  91  68  80   2   0  15 0.84    M    M 10.8 38 340   M    M   1 13     47 360
 8  83  67  75  -3   0  10 0.02    M    M  8.1 17 290   M    M   2 3      25 290
 9  85  61  73  -5   0   8 0.00    M    M  4.8 12 310   M    M   0 1      16 330
10  85  67  76  -2   0  11 0.00    M    M 10.3 18 130   M    M   2        23 140
11  90  67  79   1   0  14 0.00    M    M 11.3 20 200   M    M   3        24 200
12  96  70  83   5   0  18 0.00    M    M 11.7 22 200   M    M   0        28 220
13  87  70  79   1   0  14 0.11    M    M  7.5 21 300   M    M   3 13     25 300
14  80  59  70  -8   0   5 0.16    M    M  9.8 24 350   M    M   2 1      29 350
15  74  53  64 -14   1   0 0.00    M    M  9.0 18 360   M    M   2        26 360
16  76  51  64 -14   1   0 0.00    M    M  2.6  9 310   M    M   3        12  10
17  77  57  67 -12   0   2 0.00    M    M  5.5 12 160   M    M   3        16 140
18  79  60  70  -9   0   5 0.00    M    M  5.2 14 150   M    M   5 8      19 150
19  82  57  70  -9   0   5 0.00    M    M  7.4 15 170   M    M   2 1      20 190
20  86  59  73  -6   0   8 0.00    M    M 11.3 22 160   M    M   0 1      28 150
21  94  69  82   3   0  17 0.00    M    M 12.3 20 180   M    M   0        26 160
22  99  74  87   8   0  22 0.00    M    M  9.0 17 210   M    M   0 18     22 210
23  90  71  81   2   0  16 0.00    M    M 10.1 18 340   M    M   0 8      23 360
24  85  65  75  -4   0  10 0.00    M    M  9.0 18 140   M    M   0        23 140
25  98  69  84   5   0  19 0.00    M    M 16.0 26 210   M    M   0        33 200
26  96  78  87   8   0  22    T    M    M 11.9 21 210   M    M   1        29 210
27  90  63  77  -2   0  12 0.00    M    M 10.2 24 340   M    M   0 1      31 340
28  82  59  71  -8   0   6 0.00    M    M  8.6 16 330   M    M   1        20 330
29  84  58  71  -8   0   6 0.00    M    M  4.3 15 330   M    M   2        19 290
================================================================================
SM 2486 1843         2 290  1.14    M    263.7          M       43
================================================================================
AV 85.7 63.6                               9.1 FASTST   M    M   1    MAX(MPH)
                                 MISC ---->  # 38 340               # 47  360
================================================================================
NOTES:
# LAST OF SEVERAL OCCURRENCES

COLUMN 17 PEAK WIND IN M.P.H.

PRELIMINARY LOCAL CLIMATOLOGICAL DATA (WS FORM: F-6) , PAGE 2

                                          STATION:  New Century Air Center KS
                                          MONTH:    JULY
                                          YEAR:     2014
                                          LATITUDE:   38 49 N
                                          LONGITUDE:  94 54 W

[TEMPERATURE DATA]      [PRECIPITATION DATA]       SYMBOLS USED IN COLUMN 16

AVERAGE MONTHLY: 74.6   TOTAL FOR MONTH:   1.14    1 = FOG OR MIST
DPTR FM NORMAL:  -3.6   DPTR FM NORMAL:   -2.91    2 = FOG REDUCING VISIBILITY
HIGHEST:    99 ON 22    GRTST 24HR  0.86 ON  7- 8      TO 1/4 MILE OR LESS
LOWEST:     51 ON 16                               3 = THUNDER
                        SNOW, ICE PELLETS, HAIL    4 = ICE PELLETS
                        TOTAL MONTH:    M          5 = HAIL
                        GRTST 24HR    M  ON   M    6 = FREEZING RAIN OR DRIZZLE
                        GRTST DEPTH:  M  ON   M    7 = DUSTSTORM OR SANDSTORM:
                                                       VSBY 1/2 MILE OR LESS
                                                   8 = SMOKE OR HAZE
[NO. OF DAYS WITH]      [WEATHER - DAYS WITH]      9 = BLOWING SNOW
                                                   X = TORNADO
MAX 32 OR BELOW:   0    0.01 INCH OR MORE:   5
MAX 90 OR ABOVE:  10    0.10 INCH OR MORE:   3
MIN 32 OR BELOW:   0    0.50 INCH OR MORE:   1
MIN  0 OR BELOW:   0    1.00 INCH OR MORE:   0

[HDD (BASE 65) ]
TOTAL THIS MO.     2    CLEAR  (SCALE 0-3)  26
DPTR FM NORMAL     2    PTCLDY (SCALE 4-7)   3
TOTAL FM JUL 1     2    CLOUDY (SCALE 8-10)  0
DPTR FM NORMAL     2

[CDD (BASE 65) ]
TOTAL THIS MO.   290
DPTR FM NORMAL   -93    [PRESSURE DATA]
TOTAL FM JAN 1   729    HIGHEST SLP  0.00 ON M
DPTR FM NORMAL   -32    LOWEST  SLP  0.00 ON M

[REMARKS]




U.S. Dept. of Commerce
NOAA National Weather Service
1325 East West Highway
Silver Spring, MD 20910
E-mail: w-nws.webmaster@noaa.gov
Page last modified: May 16, 2007
NATIONAL WEATHER SERVICE: for Safety, for Work, for Fun - FOR LIFE