558
CXUS55 KEAX 230736
CF6IXD
PRELIMINARY LOCAL CLIMATOLOGICAL DATA (WS FORM: F-6)

                                          STATION:   New Century Air Center KS
                                          MONTH:     APRIL
                                          YEAR:      2014
                                          LATITUDE:   38 49 N
                                          LONGITUDE:  94 54 W

  TEMPERATURE IN F:       :PCPN:    SNOW:  WIND      :SUNSHINE: SKY     :PK WND
================================================================================
1   2   3   4   5  6A  6B    7    8   9   10  11  12  13   14  15   16   17  18
                                     12Z  AVG MX 2MIN
DY MAX MIN AVG DEP HDD CDD  WTR  SNW DPTH SPD SPD DIR MIN PSBL S-S WX    SPD DR
================================================================================

 1  54  27  41  -9  24   0 0.00    M    M  8.2 17 310   M    M   4        22 310
 2  55  43  49  -1  16   0    M    M    M 11.5 26 300   M    M  10 13     31 300
 3  76  38  57   6   8   0 0.01    M    M 13.7 29 300   M    M   9 138    38 300
 4  47  30  39 -12  26   0 0.00    M    M 12.8 31 320   M    M   8        38 320
 5  57  27  42  -9  23   0 0.00    M    M  7.0 14 150   M    M   0        18 160
 6  61  43  52   0  13   0 0.00    M    M  5.1 14 140   M    M   8        19 130
 7  66  42  54   2  11   0 0.00    M    M  7.4 22 310   M    M   6        27 320
 8  60  38  49  -3  16   0    T    M    M 11.8 28 320   M    M   3        35 320
 9  75  32  54   2  11   0    T    M    M 14.8 28 190   M    M   0        35 190
10  69  42  56   3   9   0 0.00    M    M 12.8 25 200   M    M   0        32 200
11  76  39  58   5   7   0 0.00    M    M  7.8 18 120   M    M   0 8      21 120
12  82  57  70  17   0   5 0.00    M    M 17.6 29 170   M    M   1        39 190
13  70  36  53  -1  12   0 0.95    M    M 16.1 31 300   M    M   6 13     38 320
14  44  30  37 -17  28   0    T    M    M 17.6 30 340   M    M   6 18     38 330
15  55  25  40 -14  25   0 0.00    M    M  6.7 21 160   M    M   0 8      30 160
16  64  42  53  -2  12   0 0.00    M    M 20.0 32 190   M    M   0        45 190
17  48  36  42 -13  23   0    T    M    M  6.3 17 340   M    M   5 18     21 340
18  68  29  49  -6  16   0 0.00    M    M  4.7 14 150   M    M   0 18     20 130
19  76  48  62   6   3   0 0.00    M    M 11.4 24 190   M    M   0        33 150
20  77  51  64   8   1   0    T    M    M 10.7 23 190   M    M   2        29 160
21  73  51  62   6   3   0 0.01    M    M  8.3 18 350   M    M   7 1      23 350
22  71  38  55  -2  10   0 0.00    M    M  7.3 15  30   M    M   0 8      20  20
================================================================================
SM 1424  844       297   5  0.97    M    239.6          M       75
================================================================================
AV 64.7 38.4                              10.9 FASTST   M    M   3    MAX(MPH)
                                 MISC ---->  # 32 190               # 45  190
================================================================================
NOTES:
# LAST OF SEVERAL OCCURRENCES

COLUMN 17 PEAK WIND IN M.P.H.

PRELIMINARY LOCAL CLIMATOLOGICAL DATA (WS FORM: F-6) , PAGE 2

                                          STATION:  New Century Air Center KS
                                          MONTH:    APRIL
                                          YEAR:     2014
                                          LATITUDE:   38 49 N
                                          LONGITUDE:  94 54 W

[TEMPERATURE DATA]      [PRECIPITATION DATA]       SYMBOLS USED IN COLUMN 16

AVERAGE MONTHLY: 51.5   TOTAL FOR MONTH:   0.97    1 = FOG OR MIST
DPTR FM NORMAL:  -1.7   DPTR FM NORMAL:   -1.54    2 = FOG REDUCING VISIBILITY
HIGHEST:    82 ON 12    GRTST 24HR  0.95 ON 13-13      TO 1/4 MILE OR LESS
LOWEST:     25 ON 15                               3 = THUNDER
                        SNOW, ICE PELLETS, HAIL    4 = ICE PELLETS
                        TOTAL MONTH:    M          5 = HAIL
                        GRTST 24HR    M  ON   M    6 = FREEZING RAIN OR DRIZZLE
                        GRTST DEPTH:  M  ON   M    7 = DUSTSTORM OR SANDSTORM:
                                                       VSBY 1/2 MILE OR LESS
                                                   8 = SMOKE OR HAZE
[NO. OF DAYS WITH]      [WEATHER - DAYS WITH]      9 = BLOWING SNOW
                                                   X = TORNADO
MAX 32 OR BELOW:   0    0.01 INCH OR MORE:   3
MAX 90 OR ABOVE:   0    0.10 INCH OR MORE:   1
MIN 32 OR BELOW:   7    0.50 INCH OR MORE:   1
MIN  0 OR BELOW:   0    1.00 INCH OR MORE:   0

[HDD (BASE 65) ]
TOTAL THIS MO.   297    CLEAR  (SCALE 0-3)  12
DPTR FM NORMAL    30    PTCLDY (SCALE 4-7)   8
TOTAL FM JUL 1  5567    CLOUDY (SCALE 8-10)  2
DPTR FM NORMAL   670

[CDD (BASE 65) ]
TOTAL THIS MO.     5
DPTR FM NORMAL    -6    [PRESSURE DATA]
TOTAL FM JAN 1     5    HIGHEST SLP  0.00 ON M
DPTR FM NORMAL    -8    LOWEST  SLP  0.00 ON M

[REMARKS]




U.S. Dept. of Commerce
NOAA National Weather Service
1325 East West Highway
Silver Spring, MD 20910
E-mail: w-nws.webmaster@noaa.gov
Page last modified: May 16, 2007
NATIONAL WEATHER SERVICE: for Safety, for Work, for Fun - FOR LIFE