668
CXUS55 KEAX 300736
CF6IXD
PRELIMINARY LOCAL CLIMATOLOGICAL DATA (WS FORM: F-6)

                                          STATION:   New Century Air Center KS
                                          MONTH:     JANUARY
                                          YEAR:      2015
                                          LATITUDE:   38 49 N
                                          LONGITUDE:  94 54 W

  TEMPERATURE IN F:       :PCPN:    SNOW:  WIND      :SUNSHINE: SKY     :PK WND
================================================================================
1   2   3   4   5  6A  6B    7    8   9   10  11  12  13   14  15   16   17  18
                                     12Z  AVG MX 2MIN
DY MAX MIN AVG DEP HDD CDD  WTR  SNW DPTH SPD SPD DIR MIN PSBL S-S WX    SPD DR
================================================================================

 1  34  15  25  -4  40   0 0.00    M    M 10.5 18 210   M    M   4        23 210
 2  35  24  30   1  35   0    T    M    M  5.2 12 190   M    M  10 128    15 200
 3  40  19  30   1  35   0 0.05    M    M  6.6 26 310   M    M  10 128    33 300
 4  19   7  13 -16  52   0    T    M    M 14.2 28 320   M    M   4 18     39 310
 5  27   5  16 -13  49   0 0.00    M    M  7.9 18 140   M    M   2        22 150
 6  29  15  22  -7  43   0    T    M    M 11.8 24 340   M    M   1 1      30 320
 7  19  -2   9 -20  56   0    T    M    M 14.9 30 340   M    M   3 1      35 350
 8  33  -2  16 -13  49   0 0.00    M    M 15.9 31 340   M    M   3        40 350
 9  22   5  14 -15  51   0 0.00    M    M 11.5 25 330   M    M   0        32 330
10  38   2  20  -9  45   0 0.00    M    M 12.5 24 190   M    M   1        29 190
11  38  24  31   2  34   0    T    M    M  7.7 15 160   M    M   7 1      18 160
12  32  13  23  -6  42   0    T    M    M 14.2 22  10   M    M   3 1      27 360
13  28   3  16 -13  49   0 0.00    M    M  6.1 12  70   M    M   2 8      16  40
14  39  18  29   0  36   0 0.00    M    M  5.6 12 220   M    M   7 8      15 220
15  51  17  34   5  31   0 0.00    M    M  6.3 15 300   M    M   0        19 280
16  60  19  40  11  25   0 0.00    M    M 11.5 24 210   M    M   0        30 200
17  57  35  46  17  19   0 0.00    M    M 14.5 32 330   M    M   0        40 340
18  61  28  45  16  20   0 0.00    M    M  7.0 18 210   M    M   0        23 210
19  65  28  47  18  18   0 0.00    M    M  7.1 23 310   M    M   0        29 320
20  51  31  41  11  24   0 0.00    M    M  6.6 14 280   M    M   1 8      17 300
21  49  27  38   8  27   0 0.00    M    M  8.1 21 280   M    M   0        25 280
22  38  24  31   1  34   0 0.00    M    M  4.9 10 330   M    M   6        14  20
23  47  16  32   2  33   0 0.00    M    M  7.4 16 220   M    M   1 1      21 230
24  61  28  45  15  20   0 0.06    M    M 10.9 25 260   M    M   2        35 260
25  47  26  37   7  28   0 0.02    M    M 16.1 30 310   M    M   9 1      39 340
26  62  23  43  13  22   0 0.00    M    M  8.2 20 290   M    M   0 1      24 220
27  58  30  44  14  21   0 0.00    M    M  7.0 14 120   M    M   0        17 130
28  74  41  58  28   7   0 0.00    M    M 13.8 26 190   M    M   0        34 190
29  54  22  38   8  27   0 0.00    M    M 18.2 33 330   M    M   6        42 320
================================================================================
SM 1268  541       972   0  0.13    M    292.2          M       82
================================================================================
AV 43.7 18.7                              10.1 FASTST   M    M   3    MAX(MPH)
                                 MISC ---->  # 33 330               # 42  320
================================================================================
NOTES:
# LAST OF SEVERAL OCCURRENCES

COLUMN 17 PEAK WIND IN M.P.H.

PRELIMINARY LOCAL CLIMATOLOGICAL DATA (WS FORM: F-6) , PAGE 2

                                          STATION:  New Century Air Center KS
                                          MONTH:    JANUARY
                                          YEAR:     2015
                                          LATITUDE:   38 49 N
                                          LONGITUDE:  94 54 W

[TEMPERATURE DATA]      [PRECIPITATION DATA]       SYMBOLS USED IN COLUMN 16

AVERAGE MONTHLY: 31.2   TOTAL FOR MONTH:   0.13    1 = FOG OR MIST
DPTR FM NORMAL:   1.8   DPTR FM NORMAL:   -0.89    2 = FOG REDUCING VISIBILITY
HIGHEST:    74 ON 28    GRTST 24HR  0.08 ON 24-25      TO 1/4 MILE OR LESS
LOWEST:     -2 ON  8, 7                            3 = THUNDER
                        SNOW, ICE PELLETS, HAIL    4 = ICE PELLETS
                        TOTAL MONTH:    M          5 = HAIL
                        GRTST 24HR    M  ON   M    6 = FREEZING RAIN OR DRIZZLE
                        GRTST DEPTH:  M  ON   M    7 = DUSTSTORM OR SANDSTORM:
                                                       VSBY 1/2 MILE OR LESS
                                                   8 = SMOKE OR HAZE
[NO. OF DAYS WITH]      [WEATHER - DAYS WITH]      9 = BLOWING SNOW
                                                   X = TORNADO
MAX 32 OR BELOW:   7    0.01 INCH OR MORE:   3
MAX 90 OR ABOVE:   0    0.10 INCH OR MORE:   0
MIN 32 OR BELOW:  27    0.50 INCH OR MORE:   0
MIN  0 OR BELOW:   2    1.00 INCH OR MORE:   0

[HDD (BASE 65) ]
TOTAL THIS MO.   972    CLEAR  (SCALE 0-3)  18
DPTR FM NORMAL   -62    PTCLDY (SCALE 4-7)   8
TOTAL FM JUL 1  3007    CLOUDY (SCALE 8-10)  3
DPTR FM NORMAL   -55

[CDD (BASE 65) ]
TOTAL THIS MO.     0
DPTR FM NORMAL     0    [PRESSURE DATA]
TOTAL FM JAN 1     0    HIGHEST SLP  0.00 ON M
DPTR FM NORMAL     0    LOWEST  SLP  0.00 ON M

[REMARKS]




U.S. Dept. of Commerce
NOAA National Weather Service
1325 East West Highway
Silver Spring, MD 20910
E-mail: w-nws.webmaster@noaa.gov
Page last modified: May 16, 2007
NATIONAL WEATHER SERVICE: for Safety, for Work, for Fun - FOR LIFE