546
CXUS55 KEAX 030204
CF6IXD
PRELIMINARY LOCAL CLIMATOLOGICAL DATA (WS FORM: F-6)

                                          STATION:   New Century Air Center KS
                                          MONTH:     NOVEMBER
                                          YEAR:      2014
                                          LATITUDE:   38 49 N
                                          LONGITUDE:  94 54 W

  TEMPERATURE IN F:       :PCPN:    SNOW:  WIND      :SUNSHINE: SKY     :PK WND
================================================================================
1   2   3   4   5  6A  6B    7    8   9   10  11  12  13   14  15   16   17  18
                                     12Z  AVG MX 2MIN
DY MAX MIN AVG DEP HDD CDD  WTR  SNW DPTH SPD SPD DIR MIN PSBL S-S WX    SPD DR
================================================================================

 1  51  26  39 -11  26   0 0.00    M    M 10.0 17 140   M    M   2        22 140
 2  63  45  54   4  11   0 0.00    M    M 18.3 30 190   M    M   3        39 170
 3  67  48  58   8   7   0 0.13    M    M 16.1 28 190   M    M   5 1      36 190
 4  52  40  46  -3  19   0 0.00    M    M  7.2 17 300   M    M   0        22 300
 5  65  34  50   1  15   0 0.00    M    M  9.2 23 210   M    M   0 8      29 210
 6  50  30  40  -8  25   0 0.00    M    M 10.3 23 330   M    M   0        32 300
 7  62  28  45  -3  20   0 0.00    M    M 11.9 25 180   M    M   0        33 190
 8  56  31  44  -3  21   0 0.00    M    M 13.2 31 340   M    M   1        37 340
 9  64  29  47   0  18   0 0.00    M    M 11.9 26 210   M    M   0        33 200
10  70  32  51   5  14   0 0.00    M    M 17.4 35 330   M    M   3        40 340
11  34  22  28 -18  37   0    T    M    M 17.3 32 330   M    M   6        39 330
12  28  17  23 -22  42   0 0.00    M    M 14.2 23 350   M    M   2        27 350
13  30  13  22 -23  43   0 0.00    M    M  9.1 17 320   M    M   2 8      21 320
14  32  13  23 -21  42   0 0.00    M    M  2.0  8 140   M    M   2        11 140
15  32  22  27 -17  38   0    T    M    M  6.6 14 130   M    M   7        18 170
16  29  17  23 -20  42   0    T    M    M  9.5 20 320   M    M   5 1      24 330
17  25  11  18 -25  47   0    T    M    M 14.1 30 310   M    M   2        37 300
18  37  10  24 -18  41   0 0.00    M    M 11.1 23 210   M    M   0        30 200
19  41  17  29 -13  36   0 0.00    M    M  8.7 23 340   M    M   3        27 330
20  41  15  28 -13  37   0 0.00    M    M  3.9 10  70   M    M   0 8      14  40
21  49  24  37  -4  28   0 0.05    M    M 10.3 17 120   M    M   6 18     22 130
22  59  49  54  14  11   0    T    M    M 13.0 23 180   M    M  10 1      30 180
23  57  39  48   8  17   0 0.36    M    M 12.5 33 330   M    M  10 1      46 320
24  40  29  35  -4  30   0 0.00    M    M 13.7 24 290   M    M   3        33 280
25  43  20  32  -7  33   0 0.00    M    M  8.7 18 160   M    M   1        23 170
26  44  28  36  -2  29   0 0.07    M    M 16.3 31 260   M    M   9 18     39 260
27  38  20  29  -9  36   0 0.00    M    M  7.8 17 310   M    M   4 1      21 340
28  60  29  45   7  20   0 0.00    M    M 13.6 26 200   M    M   0        30 200
29  66  43  55  18  10   0 0.00    M    M 11.3 22 200   M    M   0        27 200
30  58  21  40   3  25   0 0.00    M    M 16.2 24 360   M    M   3 1      30 360
================================================================================
SM 1443  802       820   0  0.61    M    345.4          M       89
================================================================================
AV 48.1 26.7                              11.5 FASTST   M    M   3    MAX(MPH)
                                 MISC ---->  # 35 330               # 46  320
================================================================================
NOTES:
# LAST OF SEVERAL OCCURRENCES

COLUMN 17 PEAK WIND IN M.P.H.

PRELIMINARY LOCAL CLIMATOLOGICAL DATA (WS FORM: F-6) , PAGE 2

                                          STATION:  New Century Air Center KS
                                          MONTH:    NOVEMBER
                                          YEAR:     2014
                                          LATITUDE:   38 49 N
                                          LONGITUDE:  94 54 W

[TEMPERATURE DATA]      [PRECIPITATION DATA]       SYMBOLS USED IN COLUMN 16

AVERAGE MONTHLY: 37.4   TOTAL FOR MONTH:   0.61    1 = FOG OR MIST
DPTR FM NORMAL:  -6.2   DPTR FM NORMAL:   -1.79    2 = FOG REDUCING VISIBILITY
HIGHEST:    70 ON 10    GRTST 24HR  0.36 ON 23-23      TO 1/4 MILE OR LESS
LOWEST:     10 ON 18                               3 = THUNDER
                        SNOW, ICE PELLETS, HAIL    4 = ICE PELLETS
                        TOTAL MONTH:    M          5 = HAIL
                        GRTST 24HR    M  ON   M    6 = FREEZING RAIN OR DRIZZLE
                        GRTST DEPTH:  M  ON   M    7 = DUSTSTORM OR SANDSTORM:
                                                       VSBY 1/2 MILE OR LESS
                                                   8 = SMOKE OR HAZE
[NO. OF DAYS WITH]      [WEATHER - DAYS WITH]      9 = BLOWING SNOW
                                                   X = TORNADO
MAX 32 OR BELOW:   6    0.01 INCH OR MORE:   4
MAX 90 OR ABOVE:   0    0.10 INCH OR MORE:   2
MIN 32 OR BELOW:  23    0.50 INCH OR MORE:   0
MIN  0 OR BELOW:   0    1.00 INCH OR MORE:   0

[HDD (BASE 65) ]
TOTAL THIS MO.   820    CLEAR  (SCALE 0-3)  20
DPTR FM NORMAL   176    PTCLDY (SCALE 4-7)   7
TOTAL FM JUL 1  1112    CLOUDY (SCALE 8-10)  3
DPTR FM NORMAL   114

[CDD (BASE 65) ]
TOTAL THIS MO.     0
DPTR FM NORMAL     0    [PRESSURE DATA]
TOTAL FM JAN 1  1313    HIGHEST SLP 30.63 ON 13
DPTR FM NORMAL   -39    LOWEST  SLP 29.31 ON 23

[REMARKS]
#FINAL-11-14#




U.S. Dept. of Commerce
NOAA National Weather Service
1325 East West Highway
Silver Spring, MD 20910
E-mail: w-nws.webmaster@noaa.gov
Page last modified: May 16, 2007
NATIONAL WEATHER SERVICE: for Safety, for Work, for Fun - FOR LIFE