311
CXUS55 KGLD 010800
CF6ITR
PRELIMINARY LOCAL CLIMATOLOGICAL DATA (WS FORM: F-6)

                                          STATION:   BURLINGTON CO
                                          MONTH:     SEPTEMBER
                                          YEAR:      2014
                                          LATITUDE:   39 15 N
                                          LONGITUDE: 102 17 W

  TEMPERATURE IN F:       :PCPN:    SNOW:  WIND      :SUNSHINE: SKY     :PK WND
================================================================================
1   2   3   4   5  6A  6B    7    8   9   10  11  12  13   14  15   16   17  18
                                     12Z  AVG MX 2MIN
DY MAX MIN AVG DEP HDD CDD  WTR  SNW DPTH SPD SPD DIR MIN PSBL S-S WX    SPD DR
================================================================================

 1  82  49  66  -2   0   1 0.00    M    M  6.0 14 120   M    M   1        18 120
 2  87  52  70   2   0   5 0.00    M    M 12.8 22 150   M    M   1        31 190
 3 100  64  82  14   0  17 0.00    M    M 12.0 23 190   M    M   2 1      30 190
 4  79  57  68   0   0   3    T    M    M 15.4 25 360   M    M   1 3      33 350
 5  63  50  57 -10   8   0 0.04    M    M  6.6 15  10   M    M   9 1      20 360
 6  74  44  59  -8   6   0 0.00    M    M  7.8 14 150   M    M   0        19 180
 7  85  52  69   2   0   4 0.00    M    M 13.6 23 200   M    M   0        29 180
 8  92  57  75   9   0  10 0.00    M    M  6.2 15  20   M    M   2        20 340
 9  87  60  74   8   0   9 0.06    M    M  8.1 38 320   M    M   4 3      43 320
10  69  49  59  -7   6   0    T    M    M 12.4 22 330   M    M   5        29 320
11  50  38  44 -21  21   0 0.25    M    M 12.9 22  20   M    M  10 13     29  20
12  44  34  39 -26  26   0 0.01    M    M  9.9 23  20   M    M   8 1      30  10
13  69  35  52 -12  13   0 0.00    M    M 13.1 22 200   M    M   4        28 190
14  82  41  62  -2   3   0 0.00    M    M  8.2 20 160   M    M   1 12     25 150
15  66  51  59  -5   6   0 0.01    M    M 10.0 21 360   M    M   7 12     26 360
16  91  54  73  10   0   8 0.00    M    M 10.1 22 200   M    M   2        27 210
17  94  50  72   9   0   7 0.00    M    M  7.5 25 220   M    M   1 3      30 220
18  91  49  70   8   0   5 0.00    M    M  8.5 18 200   M    M   3 12     24 200
19  89  60  75  13   0  10 0.00    M    M 13.8 23 190   M    M   0        30 180
20  84  56  70   8   0   5 0.00    M    M 10.1 23  20   M    M   0        28  10
21  76  50  63   2   2   0 0.00    M    M  7.7 17 100   M    M   4        23  90
22  77  55  66   5   0   1 0.34    M    M 18.3 30 180   M    M   3 13     40 180
23  83  52  68   8   0   3 0.00    M    M  4.8 18  20   M    M   2 13     25  10
24  86  53  70  10   0   5 0.00    M    M  8.4 16 330   M    M   0        19 320
25  86  53  70  10   0   5 0.00    M    M  8.9 17 150   M    M   0        24 170
26  87  51  69  10   0   4 0.00    M    M 12.4 22 150   M    M   0        29 160
27  85  52  69  10   0   4 0.00    M    M 15.6 26 150   M    M   0        36 150
28  84  52  68  10   0   3 0.00    M    M 16.4 30 160   M    M   0        37 180
29  82  52  67   9   0   2 0.36    M    M 19.0 39 180   M    M   1 138    58 180
30  72  43  58   1   7   0 0.00    M    M  6.5 20 290   M    M   1        25 290
================================================================================
SM 2396 1515        98 111  1.07    M    323.0          M       72
================================================================================
AV 79.9 50.5                              10.8 FASTST   M    M   2    MAX(MPH)
                                 MISC ---->  # 39 180               # 58  180
================================================================================
NOTES:
# LAST OF SEVERAL OCCURRENCES

COLUMN 17 PEAK WIND IN M.P.H.

PRELIMINARY LOCAL CLIMATOLOGICAL DATA (WS FORM: F-6) , PAGE 2

                                          STATION:  BURLINGTON CO
                                          MONTH:    SEPTEMBER
                                          YEAR:     2014
                                          LATITUDE:   39 15 N
                                          LONGITUDE: 102 17 W

[TEMPERATURE DATA]      [PRECIPITATION DATA]       SYMBOLS USED IN COLUMN 16

AVERAGE MONTHLY: 65.2   TOTAL FOR MONTH:   1.07    1 = FOG OR MIST
DPTR FM NORMAL:   1.9   DPTR FM NORMAL:   -0.07    2 = FOG REDUCING VISIBILITY
HIGHEST:   100 ON  3    GRTST 24HR  0.36 ON 29-29      TO 1/4 MILE OR LESS
LOWEST:     34 ON 12                               3 = THUNDER
                        SNOW, ICE PELLETS, HAIL    4 = ICE PELLETS
                        TOTAL MONTH:    M          5 = HAIL
                        GRTST 24HR    M  ON   M    6 = FREEZING RAIN OR DRIZZLE
                        GRTST DEPTH:  M  ON   M    7 = DUSTSTORM OR SANDSTORM:
                                                       VSBY 1/2 MILE OR LESS
                                                   8 = SMOKE OR HAZE
[NO. OF DAYS WITH]      [WEATHER - DAYS WITH]      9 = BLOWING SNOW
                                                   X = TORNADO
MAX 32 OR BELOW:   0    0.01 INCH OR MORE:   7
MAX 90 OR ABOVE:   5    0.10 INCH OR MORE:   3
MIN 32 OR BELOW:   0    0.50 INCH OR MORE:   0
MIN  0 OR BELOW:   0    1.00 INCH OR MORE:   0

[HDD (BASE 65) ]
TOTAL THIS MO.    98    CLEAR  (SCALE 0-3)  21
DPTR FM NORMAL   -32    PTCLDY (SCALE 4-7)   7
TOTAL FM JUL 1   110    CLOUDY (SCALE 8-10)  2
DPTR FM NORMAL   -36

[CDD (BASE 65) ]
TOTAL THIS MO.   111
DPTR FM NORMAL    34    [PRESSURE DATA]
TOTAL FM JAN 1   882    HIGHEST SLP M ON M
DPTR FM NORMAL    99    LOWEST  SLP 29.56 ON  9

[REMARKS]
#FINAL-09-14#




U.S. Dept. of Commerce
NOAA National Weather Service
1325 East West Highway
Silver Spring, MD 20910
E-mail: w-nws.webmaster@noaa.gov
Page last modified: May 16, 2007
NATIONAL WEATHER SERVICE: for Safety, for Work, for Fun - FOR LIFE