715
CXUS55 KGLD 290800
CF6ITR
PRELIMINARY LOCAL CLIMATOLOGICAL DATA (WS FORM: F-6)

                                          STATION:   BURLINGTON CO
                                          MONTH:     JULY
                                          YEAR:      2014
                                          LATITUDE:   39 15 N
                                          LONGITUDE: 102 17 W

  TEMPERATURE IN F:       :PCPN:    SNOW:  WIND      :SUNSHINE: SKY     :PK WND
================================================================================
1   2   3   4   5  6A  6B    7    8   9   10  11  12  13   14  15   16   17  18
                                     12Z  AVG MX 2MIN
DY MAX MIN AVG DEP HDD CDD  WTR  SNW DPTH SPD SPD DIR MIN PSBL S-S WX    SPD DR
================================================================================

 1  80  58  69  -4   0   4 0.01    M    M 10.6 22 320   M    M   4 3      30 330
 2  78  56  67  -6   0   2 0.03    M    M  8.7 18 120   M    M   6        22 190
 3  87  58  73   0   0   8 0.00    M    M 18.3 28 150   M    M   1        37 140
 4  98  63  81   8   0  16    T    M    M 13.3 28 150   M    M   2 3      33 150
 5  95  59  77   3   0  12 0.00    M    M  8.5 15 300   M    M   0        19  60
 6 101  62  82   8   0  17    T    M    M  8.1 23 230   M    M   0 3      27 230
 7 102  57  80   6   0  15 0.99    M    M 10.5 39 300   M    M   0 13     56 310
 8  80  61  71  -3   0   6 0.23    M    M  6.9 25  50   M    M   4 13     30  50
 9  89  60  75   1   0  10 0.55    M    M 16.7 46 350   M    M   0 38     63 360
10  92  61  77   3   0  12 0.00    M    M 13.5 22 110   M    M   1 1      32 120
11  97  63  80   6   0  15 0.03    M    M 10.1 32 320   M    M   0        39 330
12  85  64  75   0   0  10 0.00    M    M  9.6 20  20   M    M   3 1      26 360
13  85  60  73  -2   0   8 0.25    M    M 11.2 45  10   M    M   3 13     55  20
14  80  59  70  -5   0   5 0.00    M    M 11.4 22  60   M    M   1        29  30
15  65  55  60 -15   5   0    T    M    M 13.2 22 150   M    M   9        28 160
16  69  55  62 -13   3   0 0.02    M    M  9.3 18 140   M    M   7 12     24 150
17  69  55  62 -13   3   0 0.00    M    M  7.5 18 180   M    M   8 1      23 190
18  87  55  71  -4   0   6 0.26    M    M 15.0 28 200   M    M   5 13     35 200
19  91  60  76   1   0  11 0.00    M    M  8.6 15 130   M    M   0 1      21 140
20  99  69  84   9   0  19 0.00    M    M  9.6 17 270   M    M   0        23 280
21  97  67  82   7   0  17 0.00    M    M  8.5 25 130   M    M   0        34 130
22  96  64  80   5   0  15 0.00    M    M  9.3 22 360   M    M   0        28 360
23  89  64  77   2   0  12 0.00    M  100 13.1 25  60   M    M   4 128    32  60
24 100  66  83   8   0  18 0.00    M  100 13.6 29 200   M    M   0 1      37 190
25  96  64  80   5   0  15    T    M    M  9.5 24 190   M    M   0 38     29 190
26  97  66  82   7   0  17 0.00    M    M 10.3 21 360   M    M   0        26 350
27  86  63  75   0   0  10 0.00    M    M  8.4 20  90   M    M   0 1      25  90
28  82  62  72  -3   0   7 0.01    M    M  9.9 22 190   M    M   3 1      27 180
================================================================================
SM 2472 1706        11 287  2.38    M    303.2          M       61
================================================================================
AV 88.3 60.9                              10.8 FASTST   M    M   2    MAX(MPH)
                                 MISC ---->  # 46 350               # 63  360
================================================================================
NOTES:
# LAST OF SEVERAL OCCURRENCES

COLUMN 17 PEAK WIND IN M.P.H.

PRELIMINARY LOCAL CLIMATOLOGICAL DATA (WS FORM: F-6) , PAGE 2

                                          STATION:  BURLINGTON CO
                                          MONTH:    JULY
                                          YEAR:     2014
                                          LATITUDE:   39 15 N
                                          LONGITUDE: 102 17 W

[TEMPERATURE DATA]      [PRECIPITATION DATA]       SYMBOLS USED IN COLUMN 16

AVERAGE MONTHLY: 74.6   TOTAL FOR MONTH:   2.38    1 = FOG OR MIST
DPTR FM NORMAL:   0.1   DPTR FM NORMAL:   -0.51    2 = FOG REDUCING VISIBILITY
HIGHEST:   102 ON  7    GRTST 24HR  0.99 ON  7- 7      TO 1/4 MILE OR LESS
LOWEST:     55 ON 18,17                            3 = THUNDER
                        SNOW, ICE PELLETS, HAIL    4 = ICE PELLETS
                        TOTAL MONTH:    M          5 = HAIL
                        GRTST 24HR    M  ON   M    6 = FREEZING RAIN OR DRIZZLE
                        GRTST DEPTH:  99 ON M      7 = DUSTSTORM OR SANDSTORM:
                                                       VSBY 1/2 MILE OR LESS
                                                   8 = SMOKE OR HAZE
[NO. OF DAYS WITH]      [WEATHER - DAYS WITH]      9 = BLOWING SNOW
                                                   X = TORNADO
MAX 32 OR BELOW:   0    0.01 INCH OR MORE:  10
MAX 90 OR ABOVE:  13    0.10 INCH OR MORE:   5
MIN 32 OR BELOW:   0    0.50 INCH OR MORE:   2
MIN  0 OR BELOW:   0    1.00 INCH OR MORE:   0

[HDD (BASE 65) ]
TOTAL THIS MO.    11    CLEAR  (SCALE 0-3)  19
DPTR FM NORMAL    11    PTCLDY (SCALE 4-7)   8
TOTAL FM JUL 1    11    CLOUDY (SCALE 8-10)  1
DPTR FM NORMAL    11

[CDD (BASE 65) ]
TOTAL THIS MO.   287
DPTR FM NORMAL    22    [PRESSURE DATA]
TOTAL FM JAN 1   491    HIGHEST SLP M ON M
DPTR FM NORMAL    46    LOWEST  SLP 29.69 ON  7

[REMARKS]




U.S. Dept. of Commerce
NOAA National Weather Service
1325 East West Highway
Silver Spring, MD 20910
E-mail: w-nws.webmaster@noaa.gov
Page last modified: May 16, 2007
NATIONAL WEATHER SERVICE: for Safety, for Work, for Fun - FOR LIFE