946
CXUS55 KGLD 250800
CF6ITR
PRELIMINARY LOCAL CLIMATOLOGICAL DATA (WS FORM: F-6)

                                          STATION:   BURLINGTON CO
                                          MONTH:     NOVEMBER
                                          YEAR:      2014
                                          LATITUDE:   39 15 N
                                          LONGITUDE: 102 17 W

  TEMPERATURE IN F:       :PCPN:    SNOW:  WIND      :SUNSHINE: SKY     :PK WND
================================================================================
1   2   3   4   5  6A  6B    7    8   9   10  11  12  13   14  15   16   17  18
                                     12Z  AVG MX 2MIN
DY MAX MIN AVG DEP HDD CDD  WTR  SNW DPTH SPD SPD DIR MIN PSBL S-S WX    SPD DR
================================================================================

 1  72  33  53   8  12   0 0.00    M    M 18.5 26 170   M    M   0        31 170
 2  75  44  60  16   5   0    T    M    M 14.0 32 260   M    M   1        41 320
 3  55  29  42  -2  23   0 0.00    M    M 15.8 35 330   M    M   2        41 330
 4  59  26  43   0  22   0 0.00    M    M 10.4 15 300   M    M   0        20 300
 5  66  29  48   5  17   0 0.00  0.0    0 11.3 28 350   M    M   0        35 350
 6  64  27  46   4  19   0 0.00  0.0    0 11.3 18 220   M    M   0        30 260
 7  73  33  53  11  12   0 0.00    M    M 17.0 37 330   M    M   0        45  10
 8  63  32  48   6  17   0 0.00    M    M 11.1 23 220   M    M   0        28 220
 9  71  34  53  12  12   0 0.00    M    M 10.5 24 220   M    M   0        29 220
10  68  14  41   0  24   0    T    M    M 20.2 39 360   M    M   3 8      50 360
11  20  10  15 -25  50   0 0.00    M    M 12.7 21  30   M    M   8        25  10
12  11  -4   4 -36  61   0    T    M    M 14.5 22 340   M    M   9 8      27 340
13  19 -10   5 -34  60   0 0.00    M    M  8.9 17 160   M    M   2        22 170
14  33   9  21 -18  44   0 0.00    M    M 17.7 26 170   M    M   3        33 170
15  30  11  21 -17  44   0    T    M    M 14.8 29 350   M    M   4 8      38  10
16  35   6  21 -17  44   0 0.00    M    M 15.6 32 330   M    M   1        38 330
17  36   5  21 -17  44   0 0.00    M    M  9.1 22 320   M    M   0        27 320
18  56   9  33  -4  32   0 0.00    M    M 11.1 24 320   M    M   0        30 300
19   M  22   M   M   M   M 0.00    M    M  9.0 16 190   M    M   0        19 180
20  56  15  36   0  29   0 0.00    M    M  9.3 17 200   M    M   2        20 200
21  54  22  38   2  27   0 0.00    M    M 11.6 21 200   M    M   2        26 200
22  66  29  48  13  17   0 0.00    M    M 12.7 28 230   M    M   0        35 240
23  50  24  37   2  28   0 0.00    M    M 20.9 37 360   M    M   3 8      47 360
24  47  18  33  -1  32   0 0.00    M    M 17.1 35 330   M    M   2        42 330
================================================================================
SM 1179  467       675   0    T      0.0 325.1          M       42
================================================================================
AV 51.3 19.5                              13.5 FASTST   M    M   2    MAX(MPH)
                                 MISC ---->  # 39 360               # 50  360
================================================================================
NOTES:
# LAST OF SEVERAL OCCURRENCES

COLUMN 17 PEAK WIND IN M.P.H.

PRELIMINARY LOCAL CLIMATOLOGICAL DATA (WS FORM: F-6) , PAGE 2

                                          STATION:  BURLINGTON CO
                                          MONTH:    NOVEMBER
                                          YEAR:     2014
                                          LATITUDE:   39 15 N
                                          LONGITUDE: 102 17 W

[TEMPERATURE DATA]      [PRECIPITATION DATA]       SYMBOLS USED IN COLUMN 16

AVERAGE MONTHLY: 35.4   TOTAL FOR MONTH:      T    1 = FOG OR MIST
DPTR FM NORMAL:  -4.2   DPTR FM NORMAL:   -0.53    2 = FOG REDUCING VISIBILITY
HIGHEST:    75 ON  2    GRTST 24HR    T  ON 15-15      TO 1/4 MILE OR LESS
LOWEST:    -10 ON 13                               3 = THUNDER
                        SNOW, ICE PELLETS, HAIL    4 = ICE PELLETS
                        TOTAL MONTH:   0.0 INCH    5 = HAIL
                        GRTST 24HR     0.0         6 = FREEZING RAIN OR DRIZZLE
                        GRTST DEPTH:   0           7 = DUSTSTORM OR SANDSTORM:
                                                       VSBY 1/2 MILE OR LESS
                                                   8 = SMOKE OR HAZE
[NO. OF DAYS WITH]      [WEATHER - DAYS WITH]      9 = BLOWING SNOW
                                                   X = TORNADO
MAX 32 OR BELOW:   4    0.01 INCH OR MORE:   0
MAX 90 OR ABOVE:   0    0.10 INCH OR MORE:   0
MIN 32 OR BELOW:  20    0.50 INCH OR MORE:   0
MIN  0 OR BELOW:   2    1.00 INCH OR MORE:   0

[HDD (BASE 65) ]
TOTAL THIS MO.   675    CLEAR  (SCALE 0-3)  21
DPTR FM NORMAL    64    PTCLDY (SCALE 4-7)   1
TOTAL FM JUL 1  1103    CLOUDY (SCALE 8-10)  2
DPTR FM NORMAL   -97

[CDD (BASE 65) ]
TOTAL THIS MO.     0
DPTR FM NORMAL     0    [PRESSURE DATA]
TOTAL FM JAN 1   883    HIGHEST SLP M ON M
DPTR FM NORMAL    94    LOWEST  SLP 29.32 ON 10

[REMARKS]




U.S. Dept. of Commerce
NOAA National Weather Service
1325 East West Highway
Silver Spring, MD 20910
E-mail: w-nws.webmaster@noaa.gov
Page last modified: May 16, 2007
NATIONAL WEATHER SERVICE: for Safety, for Work, for Fun - FOR LIFE