569
CXUS55 KGLD 300800
CF6ITR
PRELIMINARY LOCAL CLIMATOLOGICAL DATA (WS FORM: F-6)

                                          STATION:   BURLINGTON CO
                                          MONTH:     AUGUST
                                          YEAR:      2014
                                          LATITUDE:   39 15 N
                                          LONGITUDE: 102 17 W

  TEMPERATURE IN F:       :PCPN:    SNOW:  WIND      :SUNSHINE: SKY     :PK WND
================================================================================
1   2   3   4   5  6A  6B    7    8   9   10  11  12  13   14  15   16   17  18
                                     12Z  AVG MX 2MIN
DY MAX MIN AVG DEP HDD CDD  WTR  SNW DPTH SPD SPD DIR MIN PSBL S-S WX    SPD DR
================================================================================

 1  87  55  71  -3   0   6 0.00    M    M  6.6 17 110   M    M   2        21 110
 2  88  54  71  -3   0   6 0.00    M    M  8.7 17 190   M    M   0        21 190
 3  90  57  74   0   0   9 0.00  0.0    0 11.0 21 190   M    M   0        27 180
 4  92  58  75   1   0  10 0.00  0.0    0 13.6 24 180   M    M   0        33 180
 5  89  61  75   1   0  10 0.24  0.0    0  9.1 29 260   M    M   3 13     40 270
 6  91  60  76   2   0  11 0.00  0.0    0  9.1 17 340   M    M   1        23 320
 7  88  60  74   0   0   9 0.35  0.0    0  9.5 39 330   M    M   3 13     48 330
 8  86  60  73  -1   0   8 0.00    M    M  7.0 23 340   M    M   1 3      29 340
 9  92  62  77   3   0  12 0.06    M    M  9.5 37 310   M    M   2 123    46 310
10  85  56  71  -2   0   6 0.00    M    M  9.2 20 360   M    M   1 3      26 360
11  84  55  70  -3   0   5 0.00    M    M  5.8 12 110   M    M   1 1      16 130
12  91  60  76   3   0  11 0.00    M    M  9.0 16 130   M    M   1        21 130
13  93  58  76   3   0  11 0.00    M    M 10.9 21 140   M    M   0 18     29 140
14  94  61  78   5   0  13 0.34    M    M 11.4 28 320   M    M   2 13     35 320
15  90  60  75   3   0  10 0.00    M    M  8.5 20 330   M    M   0        27 340
16  96  62  79   7   0  14 0.00    M    M  7.6 21 320   M    M   0 3      25 310
17  95  60  78   6   0  13 0.00    M    M  8.4 21 190   M    M   0        25 210
18  97  59  78   6   0  13 0.02    M    M  9.9 26  60   M    M   1 38     33  60
19  96  58  77   5   0  12 0.00    M    M 10.0 32 210   M    M   0 8      48 220
20  92  65  79   7   0  14 0.00    M    M  8.5 18 330   M    M   1        23 180
21  92  61  77   6   0  12 0.00    M    M  8.2 17 360   M    M   0        23 360
22  87  62  75   4   0  10 0.44    M    M 12.1 36 280   M    M   5 13     49 290
23  86  60  73   2   0   8 0.00    M    M  6.9 23 330   M    M   3 12     31 340
24  85  55  70  -1   0   5 0.03    M    M  8.2 14 140   M    M   1 3      21 160
25  84  58  71   1   0   6 0.17    M    M 10.7 29 350   M    M   2 13     41 350
26  84  57  71   1   0   6 0.22  0.0    0  8.9 33 190   M    M   4 13     43 190
27  80  60  70   0   0   5 0.01    M    M 11.5 25 330   M    M   4 123    32 330
28  80  55  68  -2   0   3 0.00    M    M 12.0 24 310   M    M   3 13     30 320
29  85  52  69   0   0   4    T    M    M  7.8 20  10   M    M   1 3      27 360
================================================================================
SM 2579 1701         0 262  1.88     0.0 269.6          M       42
================================================================================
AV 88.9 58.7                               9.3 FASTST   M    M   1    MAX(MPH)
                                 MISC ---->  # 39 330               # 49  290
================================================================================
NOTES:
# LAST OF SEVERAL OCCURRENCES

COLUMN 17 PEAK WIND IN M.P.H.

PRELIMINARY LOCAL CLIMATOLOGICAL DATA (WS FORM: F-6) , PAGE 2

                                          STATION:  BURLINGTON CO
                                          MONTH:    AUGUST
                                          YEAR:     2014
                                          LATITUDE:   39 15 N
                                          LONGITUDE: 102 17 W

[TEMPERATURE DATA]      [PRECIPITATION DATA]       SYMBOLS USED IN COLUMN 16

AVERAGE MONTHLY: 73.8   TOTAL FOR MONTH:   1.88    1 = FOG OR MIST
DPTR FM NORMAL:   1.5   DPTR FM NORMAL:   -0.38    2 = FOG REDUCING VISIBILITY
HIGHEST:    97 ON 18    GRTST 24HR  0.44 ON 22-22      TO 1/4 MILE OR LESS
LOWEST:     52 ON 29                               3 = THUNDER
                        SNOW, ICE PELLETS, HAIL    4 = ICE PELLETS
                        TOTAL MONTH:   0.0 INCH    5 = HAIL
                        GRTST 24HR     0.0         6 = FREEZING RAIN OR DRIZZLE
                        GRTST DEPTH:   0           7 = DUSTSTORM OR SANDSTORM:
                                                       VSBY 1/2 MILE OR LESS
                                                   8 = SMOKE OR HAZE
[NO. OF DAYS WITH]      [WEATHER - DAYS WITH]      9 = BLOWING SNOW
                                                   X = TORNADO
MAX 32 OR BELOW:   0    0.01 INCH OR MORE:  10
MAX 90 OR ABOVE:  14    0.10 INCH OR MORE:   6
MIN 32 OR BELOW:   0    0.50 INCH OR MORE:   0
MIN  0 OR BELOW:   0    1.00 INCH OR MORE:   0

[HDD (BASE 65) ]
TOTAL THIS MO.     0    CLEAR  (SCALE 0-3)  25
DPTR FM NORMAL    -4    PTCLDY (SCALE 4-7)   4
TOTAL FM JUL 1    12    CLOUDY (SCALE 8-10)  0
DPTR FM NORMAL     3

[CDD (BASE 65) ]
TOTAL THIS MO.   262
DPTR FM NORMAL    44    [PRESSURE DATA]
TOTAL FM JAN 1   762    HIGHEST SLP M ON M
DPTR FM NORMAL    67    LOWEST  SLP 29.61 ON M

[REMARKS]




U.S. Dept. of Commerce
NOAA National Weather Service
1325 East West Highway
Silver Spring, MD 20910
E-mail: w-nws.webmaster@noaa.gov
Page last modified: May 16, 2007
NATIONAL WEATHER SERVICE: for Safety, for Work, for Fun - FOR LIFE