965
CXHW53 PHFO 011250
CF6ITO
PRELIMINARY LOCAL CLIMATOLOGICAL DATA (WS FORM: F-6)

                                          STATION:   HILO HI
                                          MONTH:     NOVEMBER
                                          YEAR:      2014
                                          LATITUDE:   19 43 N
                                          LONGITUDE: 155  4 W

  TEMPERATURE IN F:       :PCPN:    SNOW:  WIND      :SUNSHINE: SKY     :PK WND
================================================================================
1   2   3   4   5  6A  6B    7    8   9   10  11  12  13   14  15   16   17  18
                                     12Z  AVG MX 2MIN
DY MAX MIN AVG DEP HDD CDD  WTR  SNW DPTH SPD SPD DIR MIN PSBL S-S WX    SPD DR
================================================================================

 1  84  72  78   3   0  13 1.33  0.0    0  6.8 20 110   M    M   9 1      23 100
 2  77  72  75   0   0  10 0.60  0.0    0  5.5 14 250   M    M   9 1      17 240
 3  76  70  73  -2   0   8 1.54  0.0    0  6.6 12 260   M    M  10 1      14 260
 4  78  69  74  -1   0   9 0.03  0.0    0  4.9  9 210   M    M  10 1      12 210
 5  79  64  72  -3   0   7    T  0.0    0  5.1 10  60   M    M   5        14 110
 6  81  67  74  -1   0   9 0.01  0.0    0  7.1 17 130   M    M   9 1      21 130
 7  83  69  76   1   0  11 0.02  0.0    0  6.7 13  70   M    M   7 18     16  80
 8  84  66  75   0   0  10 0.36  0.0    0  8.0 16 350   M    M   7 1      20 350
 9  79  69  74  -1   0   9    T  0.0    0  6.2 13 350   M    M  10 1      15  30
10  82  66  74   0   0   9    T  0.0    0  4.9 10 110   M    M   7        13  60
11  82  66  74   0   0   9 0.00  0.0    0  5.7 12  40   M    M   6        16  50
12  80  68  74   0   0   9    T  0.0    0  4.3 10 150   M    M   7        14 150
13  85  72  79   5   0  14 0.01  0.0    0  5.7 18 150   M    M   8        24 140
14  85  71  78   4   0  13 0.04  0.0    0  4.4 14 350   M    M   6 1      17  20
15  85  69  77   3   0  12 0.09  0.0    0  4.8 10 350   M    M   5 13     13 340
16  85  70  78   4   0  13 0.45  0.0    0  8.7 17 330   M    M   6 1      23  10
17  83  73  78   4   0  13    T  0.0    0  9.6 15  40   M    M   6        19  20
18  80  69  75   1   0  10 0.77  0.0    0  6.7 16  60   M    M   9 1      20  40
19  81  69  75   1   0  10 0.47  0.0    0  6.8 20  40   M    M   9 1      24  40
20  79  67  73  -1   0   8 0.97  0.0    0  5.6 12 250   M    M   8 1      14 250
21  77  65  71  -3   0   6 0.24  0.0    0  7.1 16  80   M    M   9 1      19 100
22  81  66  74   0   0   9 0.08  0.0    0  5.6 16 120   M    M   7 1      19 120
23  81  63  72  -2   0   7 0.00  0.0    0  7.4 18 120   M    M   3        22 110
24  82  62  72  -2   0   7 0.03  0.0    0  9.0 18 340   M    M   3 1      23  20
25  76  65  71  -2   0   6 0.36  0.0    0  8.7 17 340   M    M  10 1      22 350
26  77  63  70  -3   0   5 0.27  0.0    0  8.7 16 340   M    M  10 1      20 340
27  79  69  74   1   0   9 0.38  0.0    0  7.8 17 320   M    M   9 1      23 320
28  81  69  75   2   0  10 0.36  0.0    0  7.5 17  30   M    M  10 1      22  60
29  78  69  74   1   0   9 0.61  0.0    0  6.9 20  60   M    M  10 18     24  60
30  81  68  75   2   0  10 0.01  0.0    0  8.8 16  50   M    M   8        22  20
================================================================================
SM 2421 2037         0 284  9.03     0.0 201.6          M      232
================================================================================
AV 80.7 67.9                               6.7 FASTST   M    M   8    MAX(MPH)
                                 MISC ---->  # 20 110               # 24  140
================================================================================
NOTES:
# LAST OF SEVERAL OCCURRENCES

COLUMN 17 PEAK WIND IN M.P.H.

PRELIMINARY LOCAL CLIMATOLOGICAL DATA (WS FORM: F-6) , PAGE 2

                                          STATION:  HILO HI
                                          MONTH:    NOVEMBER
                                          YEAR:     2014
                                          LATITUDE:   19 43 N
                                          LONGITUDE: 155  4 W

[TEMPERATURE DATA]      [PRECIPITATION DATA]       SYMBOLS USED IN COLUMN 16

AVERAGE MONTHLY: 74.3   TOTAL FOR MONTH:   9.03    1 = FOG OR MIST
DPTR FM NORMAL:   0.2   DPTR FM NORMAL:   -6.47    2 = FOG REDUCING VISIBILITY
HIGHEST:    85 ON 16,15 GRTST 24HR  2.35 ON 31- 1      TO 1/4 MILE OR LESS
LOWEST:     62 ON 24                               3 = THUNDER
                        SNOW, ICE PELLETS, HAIL    4 = ICE PELLETS
                        TOTAL MONTH:   0.0 INCH    5 = HAIL
                        GRTST 24HR     0.0         6 = FREEZING RAIN OR DRIZZLE
                        GRTST DEPTH:   0           7 = DUSTSTORM OR SANDSTORM:
                                                       VSBY 1/2 MILE OR LESS
                                                   8 = SMOKE OR HAZE
[NO. OF DAYS WITH]      [WEATHER - DAYS WITH]      9 = BLOWING SNOW
                                                   X = TORNADO
MAX 32 OR BELOW:   0    0.01 INCH OR MORE:  23
MAX 90 OR ABOVE:   0    0.10 INCH OR MORE:  14
MIN 32 OR BELOW:   0    0.50 INCH OR MORE:   6
MIN  0 OR BELOW:   0    1.00 INCH OR MORE:   2

[HDD (BASE 65) ]
TOTAL THIS MO.     0    CLEAR  (SCALE 0-3)   2
DPTR FM NORMAL     0    PTCLDY (SCALE 4-7)  14
TOTAL FM JUL 1     0    CLOUDY (SCALE 8-10) 14
DPTR FM NORMAL     0

[CDD (BASE 65) ]
TOTAL THIS MO.   284
DPTR FM NORMAL    12    [PRESSURE DATA]
TOTAL FM JAN 1  3410    HIGHEST SLP 30.17 ON 19
DPTR FM NORMAL   403    LOWEST  SLP 29.79 ON 14

[REMARKS]
#FINAL-11-14#




U.S. Dept. of Commerce
NOAA National Weather Service
1325 East West Highway
Silver Spring, MD 20910
E-mail: w-nws.webmaster@noaa.gov
Page last modified: May 16, 2007
NATIONAL WEATHER SERVICE: for Safety, for Work, for Fun - FOR LIFE