018
CXUS53 KGRB 010639
CF6ISW
PRELIMINARY LOCAL CLIMATOLOGICAL DATA (WS FORM: F-6)

                                          STATION:   WISCONSIN RAPIDS ASOS
                                          MONTH:     JANUARY
                                          YEAR:      2015
                                          LATITUDE:   44 22 N
                                          LONGITUDE:  89 50 W

  TEMPERATURE IN F:       :PCPN:    SNOW:  WIND      :SUNSHINE: SKY     :PK WND
================================================================================
1   2   3   4   5  6A  6B    7    8   9   10  11  12  13   14  15   16   17  18
                                     12Z  AVG MX 2MIN
DY MAX MIN AVG DEP HDD CDD  WTR  SNW DPTH SPD SPD DIR MIN PSBL S-S WX    SPD DR
================================================================================

 1  24  11  18   2  47   0    T    T    T  9.4 18 240   M    M   6        24 230
 2  26   1  14  -2  51   0 0.00  0.0    T  3.6 14 180   M    M   1        15 180
 3  31  20  26  10  39   0 0.09  1.2    1  3.3 12 130   M    M  10 18     13 150
 4  28 -10   9  -7  56   0 0.10  3.0    4 15.0 25 320   M    M   6 18     30 350
 5   0 -15  -7 -23  72   0    T    T    4  7.4 14 260   M    M   3 8      17 290
 6  10  -8   1 -15  64   0    T    T    4 10.5 24 320   M    M   3 8      33 320
 7   0 -10  -5 -21  70   0 0.00  0.0    4 13.7 23 320   M    M   0        31 310
 8   8 -10  -1 -17  66   0 0.19  3.0    7 11.8 23 310   M    M   6 8      33 310
 9   6  -4   1 -15  64   0    T    T    7 13.8 25 310   M    M   2 89     33 310
10  18  -9   5 -11  60   0 0.00  0.0    6  8.5 15 220   M    M   5 8      19 220
11  22   8  15  -1  50   0    T    T    6  3.8 14 330   M    M   7        18 350
12  13  -7   3 -13  62   0 0.00  0.0    6  6.5 17 330   M    M   1        23 330
13  16 -16   0 -16  65   0 0.00  0.0    6  3.3 15 220   M    M   1 8      17 210
14  21  -2  10  -6  55   0    T    T    6  5.4 10 210   M    M   8 18     14 200
15  36  19  28  12  37   0    T    T    6  9.3 20 300   M    M   5 18     24 280
16  28  19  24   8  41   0    T    T    6  9.4 18 110   M    M  10 8      25 110
17  40  24  32  16  33   0 0.00  0.0    5 10.0 23 300   M    M   7 18     30 290
18  38  32  35  19  30   0    T    T    4  9.0 22 290   M    M  10        27 300
19  32  22  27  11  38   0 0.10  0.5    3  6.9 14 110   M    M   8 18     17  80
20  27  23  25   9  40   0 0.01    T    3  6.9 12  90   M    M  10 18     15  60
21  26  22  24   8  41   0    T    T    3  3.8 10 100   M    M  10 18     14 110
22  31  24  28  12  37   0 0.00  0.0    3  9.0 20 220   M    M   7 1      26 220
23  34  25  30  14  35   0    T    T    3 11.7 20 210   M    M   8 8      28 210
24  36  30  33  17  32   0    T    T    3  5.3 17  80   M    M  10 18     23  80
25  30  10  20   4  45   0    T    T    3  8.0 18  80   M    M   8        26 100
26  23   8  16   0  49   0    M    M    M  4.7 10 160   M    M   8 16     14 140
27  26  22  24   8  41   0 0.00  0.0    M  4.1  8 120   M    M  10 18     10  90
28  30  24  27  11  38   0 0.00  0.0    M  7.3 16 170   M    M   8 18     21 170
29  34  20  27  11  38   0 0.00  0.0    M 13.8 31 330   M    M  10 18     37 320
30  21   8  15  -1  50   0    M    M    M  5.2 13 330   M    M   5        17  10
31  28  13  21   5  44   0    M    M    M  5.4 18  90   M    M  10        23 100
================================================================================
SM  743  294      1490   0  0.49     7.7 245.8          M      203
================================================================================
AV 24.0  9.5                               7.9 FASTST   M    M   7    MAX(MPH)
                                 MISC ---->  # 31 330               # 37  320
================================================================================
NOTES:
# LAST OF SEVERAL OCCURRENCES

COLUMN 17 PEAK WIND IN M.P.H.

PRELIMINARY LOCAL CLIMATOLOGICAL DATA (WS FORM: F-6) , PAGE 2

                                          STATION:  WISCONSIN RAPIDS ASOS
                                          MONTH:    JANUARY
                                          YEAR:     2015
                                          LATITUDE:   44 22 N
                                          LONGITUDE:  89 50 W

[TEMPERATURE DATA]      [PRECIPITATION DATA]       SYMBOLS USED IN COLUMN 16

AVERAGE MONTHLY: 16.7   TOTAL FOR MONTH:   0.49    1 = FOG OR MIST
DPTR FM NORMAL:   0.9   DPTR FM NORMAL:   -0.39    2 = FOG REDUCING VISIBILITY
HIGHEST:    40 ON 17    GRTST 24HR  0.19 ON  8- 8      TO 1/4 MILE OR LESS
LOWEST:    -16 ON 13                               3 = THUNDER
                        SNOW, ICE PELLETS, HAIL    4 = ICE PELLETS
                        TOTAL MONTH:   7.7 INCHES  5 = HAIL
                        GRTST 24HR   3.0 ON  8- 8  6 = FREEZING RAIN OR DRIZZLE
                        GRTST DEPTH:   7 ON  9, 8  7 = DUSTSTORM OR SANDSTORM:
                                                       VSBY 1/2 MILE OR LESS
                                                   8 = SMOKE OR HAZE
[NO. OF DAYS WITH]      [WEATHER - DAYS WITH]      9 = BLOWING SNOW
                                                   X = TORNADO
MAX 32 OR BELOW:  25    0.01 INCH OR MORE:   5
MAX 90 OR ABOVE:   0    0.10 INCH OR MORE:   3
MIN 32 OR BELOW:  31    0.50 INCH OR MORE:   0
MIN  0 OR BELOW:  10    1.00 INCH OR MORE:   0

[HDD (BASE 65) ]
TOTAL THIS MO.  1490    CLEAR  (SCALE 0-3)   7
DPTR FM NORMAL   -35    PTCLDY (SCALE 4-7)  11
TOTAL FM JUL 1  4729    CLOUDY (SCALE 8-10) 13
DPTR FM NORMAL    28

[CDD (BASE 65) ]
TOTAL THIS MO.     0
DPTR FM NORMAL     0    [PRESSURE DATA]
TOTAL FM JAN 1     0    HIGHEST SLP M ON M
DPTR FM NORMAL     0    LOWEST  SLP 29.44 ON 17

[REMARKS]
#FINAL-01-15#




U.S. Dept. of Commerce
NOAA National Weather Service
1325 East West Highway
Silver Spring, MD 20910
E-mail: w-nws.webmaster@noaa.gov
Page last modified: May 16, 2007
NATIONAL WEATHER SERVICE: for Safety, for Work, for Fun - FOR LIFE