690
CXUS52 TJSJ 290429
CF6IST
PRELIMINARY LOCAL CLIMATOLOGICAL DATA (WS FORM: F-6)

                                          STATION:   CYRIL E. KING AIRPORT/USVI
                                          MONTH:     JULY
                                          YEAR:      2014
                                          LATITUDE:   18 19 N
                                          LONGITUDE:  64 58 W

  TEMPERATURE IN F:       :PCPN:    SNOW:  WIND      :SUNSHINE: SKY     :PK WND
================================================================================
1   2   3   4   5  6A  6B    7    8   9   10  11  12  13   14  15   16   17  18
                                     12Z  AVG MX 2MIN
DY MAX MIN AVG DEP HDD CDD  WTR  SNW DPTH SPD SPD DIR MIN PSBL S-S WX    SPD DR
================================================================================

 1  88  81  85   1   0  20 0.00  0.0    0 10.9 20 140   M    M   7        23 150
 2  90  79  85   1   0  20    T  0.0    0  9.8 17  90   M    M   8        24  40
 3  89  77  83  -1   0  18 0.08  0.0    0 12.3 23  90   M    M   3 1      31 110
 4  91  79  85   1   0  20    T  0.0    M 11.7 18 100   M    M   5        23  90
 5  90  78  84   0   0  19 0.04  0.0    0 11.3 21 130   M    M   7 1      26 120
 6  89  80  85   1   0  20 0.06  0.0    0 12.8 22 130   M    M   8 18     29 120
 7  89  81  85   1   0  20 0.01  0.0    0 11.3 20 150   M    M  10        28 150
 8  91  79  85   1   0  20    T  0.0    0 10.4 18  70   M    M   9        24  40
 9  89  79  84   0   0  19 0.03  0.0    M 11.0 20 140   M    M   4        24 100
10  89  78  84   0   0  19 0.06  0.0    0 11.7 18 100   M    M   6        24 100
11  89  78  84   0   0  19 0.12  0.0    0 12.9 18 100   M    M   7 1      24  90
12  90  80  85   1   0  20 0.00  0.0    0  9.7 17 140   M    M   9        26 110
13  87  79  83  -1   0  18 0.08  0.0    0  7.1 17 100   M    M   5 1      20  90
14  88  79  84   0   0  19    T  0.0    0  9.5 16 150   M    M   1        20 150
15  88  79  84   0   0  19 0.10  0.0    0 11.7 21 140   M    M   6 1      25 140
16  88  80  84   0   0  19    T  0.0    0 11.2 20 140   M    M   3        26 150
17  89  80  85   1   0  20    T  0.0    0 11.6 18  90   M    M   3        23 140
18  89  77  83  -1   0  18 0.09  0.0    0 12.3 21 130   M    M   2 1      28 140
19  89  79  84   0   0  19 0.04  0.0    0 11.5 20 130   M    M   3 1      25 120
20  88  81  85   1   0  20 0.00  0.0    0 11.4 17 150   M    M   1        22 150
21  88  78  83  -1   0  18 0.01  0.0    0 10.8 21 140   M    M   3        25 110
22  89  79  84   0   0  19 0.02  0.0    0 12.1 20 140   M    M   3        24 140
23  92  81  87   3   0  22    T  0.0    0 12.0 22 100   M    M   2        30  80
24  93  82  88   4   0  23 0.00  0.0    0 15.2 25 100   M    M   7        32 100
25  91  81  86   2   0  21    T  0.0    0 13.7 21 100   M    M   7        26  70
26  90  82  86   2   0  21 0.00  0.0    0 13.4 22 130   M    M   7        28 130
27  89  81  85   1   0  20 0.00  0.0    0 10.9 17 140   M    M   6        22 150
28  90  80  85   1   0  20    T  0.0    0  8.5 18 150   M    M   1        23 140
================================================================================
SM 2502 2227         0 550  0.74     0.0 318.7          M      143
================================================================================
AV 89.4 79.5                              11.4 FASTST   M    M   5    MAX(MPH)
                                 MISC ---->  # 25 100               # 32  100
================================================================================
NOTES:
# LAST OF SEVERAL OCCURRENCES

COLUMN 17 PEAK WIND IN M.P.H.

PRELIMINARY LOCAL CLIMATOLOGICAL DATA (WS FORM: F-6) , PAGE 2

                                          STATION:  CYRIL E. KING AIRPORT/USVI
                                          MONTH:    JULY
                                          YEAR:     2014
                                          LATITUDE:   18 19 N
                                          LONGITUDE:  64 58 W

[TEMPERATURE DATA]      [PRECIPITATION DATA]       SYMBOLS USED IN COLUMN 16

AVERAGE MONTHLY: 84.4   TOTAL FOR MONTH:   0.74    1 = FOG OR MIST
DPTR FM NORMAL:   0.4   DPTR FM NORMAL:   -1.82    2 = FOG REDUCING VISIBILITY
HIGHEST:    93 ON 24    GRTST 24HR  0.13 ON 10-11      TO 1/4 MILE OR LESS
LOWEST:     77 ON 18, 3                            3 = THUNDER
                        SNOW, ICE PELLETS, HAIL    4 = ICE PELLETS
                        TOTAL MONTH:   0.0 INCH    5 = HAIL
                        GRTST 24HR     0.0         6 = FREEZING RAIN OR DRIZZLE
                        GRTST DEPTH:   0           7 = DUSTSTORM OR SANDSTORM:
                                                       VSBY 1/2 MILE OR LESS
                                                   8 = SMOKE OR HAZE
[NO. OF DAYS WITH]      [WEATHER - DAYS WITH]      9 = BLOWING SNOW
                                                   X = TORNADO
MAX 32 OR BELOW:   0    0.01 INCH OR MORE:  13
MAX 90 OR ABOVE:  10    0.10 INCH OR MORE:   2
MIN 32 OR BELOW:   0    0.50 INCH OR MORE:   0
MIN  0 OR BELOW:   0    1.00 INCH OR MORE:   0

[HDD (BASE 65) ]
TOTAL THIS MO.     0    CLEAR  (SCALE 0-3)   9
DPTR FM NORMAL     0    PTCLDY (SCALE 4-7)  15
TOTAL FM JUL 1     0    CLOUDY (SCALE 8-10)  4
DPTR FM NORMAL     0

[CDD (BASE 65) ]
TOTAL THIS MO.   550
DPTR FM NORMAL    18    [PRESSURE DATA]
TOTAL FM JAN 1  3348    HIGHEST SLP M ON M
DPTR FM NORMAL     9    LOWEST  SLP 29.99 ON  1

[REMARKS]




U.S. Dept. of Commerce
NOAA National Weather Service
1325 East West Highway
Silver Spring, MD 20910
E-mail: w-nws.webmaster@noaa.gov
Page last modified: May 16, 2007
NATIONAL WEATHER SERVICE: for Safety, for Work, for Fun - FOR LIFE