210
CXUS51 KOKX 280701
CF6ISP
PRELIMINARY LOCAL CLIMATOLOGICAL DATA (WS FORM: F-6)

                                          STATION:   ISLIP NY
                                          MONTH:     NOVEMBER
                                          YEAR:      2014
                                          LATITUDE:   40 47 N
                                          LONGITUDE:  73  6 W

  TEMPERATURE IN F:       :PCPN:    SNOW:  WIND      :SUNSHINE: SKY     :PK WND
================================================================================
1   2   3   4   5  6A  6B    7    8   9   10  11  12  13   14  15   16   17  18
                                     12Z  AVG MX 2MIN
DY MAX MIN AVG DEP HDD CDD  WTR  SNW DPTH SPD SPD DIR MIN PSBL S-S WX    SPD DR
================================================================================

 1  49  43  46  -3  19   0 0.57  0.0    0 18.2 26  20   M    M  10 1      35  10
 2  50  41  46  -3  19   0 0.01  0.0    0 24.6 37 340   M    M   6        52 330
 3  60  36  48  -1  17   0 0.00  0.0    0 11.9 22 320   M    M   2        29 320
 4  66  42  54   6  11   0    T  0.0    0  6.2 15 210   M    M   8        21 210
 5  67  49  58  10   7   0 0.00  0.0    0  7.9 20 260   M    M   8        23 250
 6  58  48  53   5  12   0 0.57  0.0    0  6.5 15 270   M    M  10 1      20 220
 7  53  39  46  -2  19   0    T  0.0    0 12.7 24 290   M    M   8 1      31 300
 8  47  31  39  -8  26   0 0.00  0.0    0  7.3 16 230   M    M   5        20 230
 9  58  40  49   2  16   0 0.00  0.0    0  4.7 12 200   M    M   8        17 250
10  60  35  48   1  17   0 0.00  0.0    0  2.8 13 160   M    M   3        15 160
11  64  41  53   6  12   0 0.00  0.0    0  4.2 14 160   M    M   5 12     18 160
12  67  44  56  10   9   0    T  0.0    0  6.4 21 330   M    M   7 128    25 350
13  51  38  45  -1  20   0 0.10  0.0    0  8.2 17  20   M    M   6 1      22  20
14  44  32  38  -8  27   0 0.15    T    0 10.8 20 300   M    M   7        26 340
15  43  27  35 -10  30   0 0.00  0.0    0  6.2 16 320   M    M   4        22 310
16  44  26  35 -10  30   0 0.01  0.0    0  2.6  9 250   M    M   7        14 230
17  59  38  49   4  16   0 1.59  0.0    0  8.9 25 260   M    M  10 1      35 250
18  47  24  36  -8  29   0 0.00  0.0    0 16.1 29 260   M    M   3        36 250
19  35  22  29 -15  36   0 0.00  0.0    0 10.9 21 270   M    M   2        26 270
20  50  32  41  -3  24   0 0.00  0.0    0 14.2 26 250   M    M   6        34 260
21  37  26  32 -12  33   0 0.00  0.0    0 14.3 25 300   M    M   2        35 300
22  44  22  33 -10  32   0    T  0.0    0 10.7 22 220   M    M   5        28 210
23  54  41  48   5  17   0 0.00  0.0    0  8.7 18 230   M    M   8 1      25 210
24  61  52  57  14   8   0 0.57  0.0    0 16.4 31 170   M    M   9 12     45 170
25  60  46  53  11  12   0    T  0.0    0  6.8 16 270   M    M   9 1      24 280
26  49  36  43   1  22   0 1.20    T    0 14.1 29  30   M    M  10 14     36  20
27  38  35  37  -5  28   0 0.03    T    0  9.4 23 330   M    M  10 1      29 330
================================================================================
SM 1415  986       548   0  4.80    T    271.7          M      178
================================================================================
AV 52.4 36.5                              10.1 FASTST   M    M   7    MAX(MPH)
                                 MISC ---->  # 37 340               # 52  330
================================================================================
NOTES:
# LAST OF SEVERAL OCCURRENCES

COLUMN 17 PEAK WIND IN M.P.H.

PRELIMINARY LOCAL CLIMATOLOGICAL DATA (WS FORM: F-6) , PAGE 2

                                          STATION:  ISLIP NY
                                          MONTH:    NOVEMBER
                                          YEAR:     2014
                                          LATITUDE:   40 47 N
                                          LONGITUDE:  73  6 W

[TEMPERATURE DATA]      [PRECIPITATION DATA]       SYMBOLS USED IN COLUMN 16

AVERAGE MONTHLY: 44.5   TOTAL FOR MONTH:   4.80    1 = FOG OR MIST
DPTR FM NORMAL:  -1.1   DPTR FM NORMAL:    1.54    2 = FOG REDUCING VISIBILITY
HIGHEST:    67 ON 12, 5 GRTST 24HR  1.60 ON 16-17      TO 1/4 MILE OR LESS
LOWEST:     22 ON 22,19                            3 = THUNDER
                        SNOW, ICE PELLETS, HAIL    4 = ICE PELLETS
                        TOTAL MONTH:    T          5 = HAIL
                        GRTST 24HR    T  ON 27-27  6 = FREEZING RAIN OR DRIZZLE
                        GRTST DEPTH:   0           7 = DUSTSTORM OR SANDSTORM:
                                                       VSBY 1/2 MILE OR LESS
                                                   8 = SMOKE OR HAZE
[NO. OF DAYS WITH]      [WEATHER - DAYS WITH]      9 = BLOWING SNOW
                                                   X = TORNADO
MAX 32 OR BELOW:   0    0.01 INCH OR MORE:  10
MAX 90 OR ABOVE:   0    0.10 INCH OR MORE:   7
MIN 32 OR BELOW:   9    0.50 INCH OR MORE:   5
MIN  0 OR BELOW:   0    1.00 INCH OR MORE:   2

[HDD (BASE 65) ]
TOTAL THIS MO.   548    CLEAR  (SCALE 0-3)   4
DPTR FM NORMAL    26    PTCLDY (SCALE 4-7)  15
TOTAL FM JUL 1   836    CLOUDY (SCALE 8-10)  8
DPTR FM NORMAL  -106

[CDD (BASE 65) ]
TOTAL THIS MO.     0
DPTR FM NORMAL     0    [PRESSURE DATA]
TOTAL FM JAN 1   887    HIGHEST SLP M ON M
DPTR FM NORMAL   100    LOWEST  SLP 29.50 ON 17

[REMARKS]




U.S. Dept. of Commerce
NOAA National Weather Service
1325 East West Highway
Silver Spring, MD 20910
E-mail: w-nws.webmaster@noaa.gov
Page last modified: May 16, 2007
NATIONAL WEATHER SERVICE: for Safety, for Work, for Fun - FOR LIFE