527
CXUS51 KOKX 240701
CF6ISP
PRELIMINARY LOCAL CLIMATOLOGICAL DATA (WS FORM: F-6)

                                          STATION:   ISLIP NY
                                          MONTH:     APRIL
                                          YEAR:      2014
                                          LATITUDE:   40 47 N
                                          LONGITUDE:  73  6 W

  TEMPERATURE IN F:       :PCPN:    SNOW:  WIND      :SUNSHINE: SKY     :PK WND
================================================================================
1   2   3   4   5  6A  6B    7    8   9   10  11  12  13   14  15   16   17  18
                                     12Z  AVG MX 2MIN
DY MAX MIN AVG DEP HDD CDD  WTR  SNW DPTH SPD SPD DIR MIN PSBL S-S WX    SPD DR
================================================================================

 1  56  33  45   1  20   0 0.00  0.0    1  7.8 15 340   M    M   4        22 350
 2  50  36  43  -2  22   0    T  0.0    0  4.3 12 180   M    M   6        14 180
 3  63  38  51   6  14   0 0.03  0.0    0  6.5 14 350   M    M   6 1      18 350
 4  45  40  43  -2  22   0 0.04  0.0    0 12.2 24 100   M    M  10 1      32 110
 5  57  39  48   2  17   0 0.01  0.0    0 13.9 29 300   M    M   5 1      37 270
 6  56  31  44  -2  21   0 0.00  0.0    0  7.5 15 230   M    M   2        21 240
 7  50  34  42  -4  23   0 0.46  0.0    0 10.5 25 100   M    M   8 18     33 100
 8  65  47  56   9   9   0 0.56  0.0    0 11.4 25 280   M    M   8 123    32 290
 9  62  38  50   3  15   0 0.00  0.0    0 10.8 26 330   M    M   2        33 330
10  53  29  41  -6  24   0 0.00  0.0    0 10.4 22 210   M    M   2        32 210
11  68  49  59  11   6   0 0.01  0.0    0  8.2 21 210   M    M   7        28 230
12  69  47  58  10   7   0 0.00  0.0    0  7.7 17 210   M    M   4 1      22 220
13  65  42  54   6  11   0 0.00  0.0    0 12.6 24 210   M    M   5        36 210
14  65  54  60  11   5   0 0.00  0.0    0 18.5 28 200   M    M   7 1      43 200
15  60  36  48  -1  17   0 0.75    T    0 19.3 31 180   M    M  10 12     41 180
16  46  32  39 -10  26   0 0.22  0.2    T 15.3 25 330   M    M   4 14     38 330
17  48  33  41  -9  24   0 0.00  0.0    0  9.6 20 140   M    M   4        25 130
18  48  34  41  -9  24   0 0.00  0.0    0  5.8 15  40   M    M   9        17  40
19  65  38  52   2  13   0 0.00  0.0    0  8.9 20 340   M    M   5        25 320
20  54  38  46  -5  19   0 0.00  0.0    0  8.9 21 130   M    M   5        26 130
21  60  33  47  -4  18   0 0.00  0.0    0  4.8 14 160   M    M   4        16 170
22  63  44  54   3  11   0 0.02  0.0    0  6.9 20 210   M    M   7 1      25 200
23  61  47  54   2  11   0    T  0.0    0 16.4 32 320   M    M   7 1      40 330
================================================================================
SM 1329  892       379   0  2.10     0.2 238.2          M      131
================================================================================
AV 57.8 38.8                              10.4 FASTST   M    M   6    MAX(MPH)
                                 MISC ---->  # 32 320               # 43  200
================================================================================
NOTES:
# LAST OF SEVERAL OCCURRENCES

COLUMN 17 PEAK WIND IN M.P.H.

PRELIMINARY LOCAL CLIMATOLOGICAL DATA (WS FORM: F-6) , PAGE 2

                                          STATION:  ISLIP NY
                                          MONTH:    APRIL
                                          YEAR:     2014
                                          LATITUDE:   40 47 N
                                          LONGITUDE:  73  6 W

[TEMPERATURE DATA]      [PRECIPITATION DATA]       SYMBOLS USED IN COLUMN 16

AVERAGE MONTHLY: 48.3   TOTAL FOR MONTH:   2.10    1 = FOG OR MIST
DPTR FM NORMAL:   0.3   DPTR FM NORMAL:   -1.28    2 = FOG REDUCING VISIBILITY
HIGHEST:    69 ON 12    GRTST 24HR  1.02 ON  7- 8      TO 1/4 MILE OR LESS
LOWEST:     29 ON 10                               3 = THUNDER
                        SNOW, ICE PELLETS, HAIL    4 = ICE PELLETS
                        TOTAL MONTH:   0.2 INCH    5 = HAIL
                        GRTST 24HR   0.2 ON   M    6 = FREEZING RAIN OR DRIZZLE
                        GRTST DEPTH:   1 ON  1     7 = DUSTSTORM OR SANDSTORM:
                                                       VSBY 1/2 MILE OR LESS
                                                   8 = SMOKE OR HAZE
[NO. OF DAYS WITH]      [WEATHER - DAYS WITH]      9 = BLOWING SNOW
                                                   X = TORNADO
MAX 32 OR BELOW:   0    0.01 INCH OR MORE:   9
MAX 90 OR ABOVE:   0    0.10 INCH OR MORE:   4
MIN 32 OR BELOW:   3    0.50 INCH OR MORE:   2
MIN  0 OR BELOW:   0    1.00 INCH OR MORE:   0

[HDD (BASE 65) ]
TOTAL THIS MO.   379    CLEAR  (SCALE 0-3)   3
DPTR FM NORMAL   -13    PTCLDY (SCALE 4-7)  17
TOTAL FM JUL 1  5229    CLOUDY (SCALE 8-10)  3
DPTR FM NORMAL   145

[CDD (BASE 65) ]
TOTAL THIS MO.     0
DPTR FM NORMAL     0    [PRESSURE DATA]
TOTAL FM JAN 1     0    HIGHEST SLP M ON M
DPTR FM NORMAL     0    LOWEST  SLP 29.40 ON  8

[REMARKS]




U.S. Dept. of Commerce
NOAA National Weather Service
1325 East West Highway
Silver Spring, MD 20910
E-mail: w-nws.webmaster@noaa.gov
Page last modified: May 16, 2007
NATIONAL WEATHER SERVICE: for Safety, for Work, for Fun - FOR LIFE