547
CXUS51 KOKX 010701
CF6ISP
PRELIMINARY LOCAL CLIMATOLOGICAL DATA (WS FORM: F-6)

                                          STATION:   ISLIP NY
                                          MONTH:     SEPTEMBER
                                          YEAR:      2014
                                          LATITUDE:   40 47 N
                                          LONGITUDE:  73  6 W

  TEMPERATURE IN F:       :PCPN:    SNOW:  WIND      :SUNSHINE: SKY     :PK WND
================================================================================
1   2   3   4   5  6A  6B    7    8   9   10  11  12  13   14  15   16   17  18
                                     12Z  AVG MX 2MIN
DY MAX MIN AVG DEP HDD CDD  WTR  SNW DPTH SPD SPD DIR MIN PSBL S-S WX    SPD DR
================================================================================

 1  85  73  79   9   0  14 0.00  0.0    0  7.1 13 220   M    M   6        18 210
 2  88  74  81  11   0  16 0.00  0.0    0  9.2 23 230   M    M   6 18     32 220
 3  85  67  76   6   0  11 0.00  0.0    0  6.9 21 240   M    M   5        25 240
 4  84  65  75   5   0  10 0.00  0.0    0  6.1 15 170   M    M   2 1      18 200
 5  82  70  76   7   0  11 0.00  0.0    0  7.4 15 190   M    M   6        21 190
 6  86  67  77   8   0  12 0.31  0.0    0 10.2 17 210   M    M   8 3      23 200
 7  80  65  73   4   0   8    T  0.0    0  7.8 16 350   M    M   6        22 320
 8  76  62  69   1   0   4 0.00  0.0    0  9.3 17 100   M    M   6        23  90
 9  73  62  68   0   0   3 0.00  0.0    0  9.4 16  50   M    M   7        22  60
10  75  62  69   1   0   4 0.00  0.0    0  7.7 15  30   M    M   7        20  30
11  79  66  73   5   0   8 0.01  0.0    0  9.6 23 220   M    M   7        29 200
12  74  60  67   0   0   2 0.00  0.0    0  9.9 18 350   M    M   4        24 350
13  70  59  65  -2   0   0 0.31  0.0    0  8.8 20 110   M    M   9 1      25 110
14  68  52  60  -6   5   0 0.00  0.0    0  7.0 17 360   M    M   4        24 340
15  71  52  62  -4   3   0 0.00  0.0    0  5.3 14  20   M    M   6        17  30
16  65  54  60  -6   5   0 0.11  0.0    0  1.9 12 340   M    M   6 1      24 100
17  72  50  61  -4   4   0 0.00  0.0    0  2.8 13 360   M    M   3        16 340
18  75  52  64  -1   1   0 0.00  0.0    0  4.0 14 340   M    M   2        18 330
19  65  50  58  -6   7   0 0.00  0.0    0  8.7 18  40   M    M   2        23  30
20  73  51  62  -2   3   0 0.03  0.0    0  6.9 18 170   M    M   5 1      24 160
21  76  67  72   8   0   7 0.31  0.0    0  5.8 15 170   M    M   8 13     22 170
22  73  51  62  -1   3   0 0.00  0.0    0 11.1 21 310   M    M   5        26 310
23  70  45  58  -5   7   0 0.00  0.0    0  4.5 17 360   M    M   3        23 360
24  72  53  63   1   2   0 0.00  0.0    0  7.3 18 110   M    M   7        23 120
25  63  59  61  -1   4   0 0.54  0.0    0 13.0 22  30   M    M   9 1      26  30
26  76  56  66   4   0   1 0.00  0.0    0  7.3 20  30   M    M   3        23  30
27  82  56  69   8   0   4 0.00  0.0    0  5.1 14  40   M    M   0 1      20  40
28  79  58  69   8   0   4 0.00  0.0    0  4.8 13 230   M    M   4 1      16 230
29  77  63  70  10   0   5 0.00  0.0    0  4.0 12 170   M    M   8        14 170
30  68  61  65   5   0   0    T  0.0    0  6.9 13  50   M    M  10 1      17  70
================================================================================
SM 2262 1782        44 124  1.62     0.0 215.8          M      164
================================================================================
AV 75.4 59.4                               7.2 FASTST   M    M   5    MAX(MPH)
                                 MISC ---->  # 23 230               # 32  220
================================================================================
NOTES:
# LAST OF SEVERAL OCCURRENCES

COLUMN 17 PEAK WIND IN M.P.H.

PRELIMINARY LOCAL CLIMATOLOGICAL DATA (WS FORM: F-6) , PAGE 2

                                          STATION:  ISLIP NY
                                          MONTH:    SEPTEMBER
                                          YEAR:     2014
                                          LATITUDE:   40 47 N
                                          LONGITUDE:  73  6 W

[TEMPERATURE DATA]      [PRECIPITATION DATA]       SYMBOLS USED IN COLUMN 16

AVERAGE MONTHLY: 67.4   TOTAL FOR MONTH:   1.62    1 = FOG OR MIST
DPTR FM NORMAL:   1.8   DPTR FM NORMAL:   -1.96    2 = FOG REDUCING VISIBILITY
HIGHEST:    88 ON  2    GRTST 24HR  0.54 ON 25-25      TO 1/4 MILE OR LESS
LOWEST:     45 ON 23                               3 = THUNDER
                        SNOW, ICE PELLETS, HAIL    4 = ICE PELLETS
                        TOTAL MONTH:   0.0 INCH    5 = HAIL
                        GRTST 24HR     0.0         6 = FREEZING RAIN OR DRIZZLE
                        GRTST DEPTH:   0           7 = DUSTSTORM OR SANDSTORM:
                                                       VSBY 1/2 MILE OR LESS
                                                   8 = SMOKE OR HAZE
[NO. OF DAYS WITH]      [WEATHER - DAYS WITH]      9 = BLOWING SNOW
                                                   X = TORNADO
MAX 32 OR BELOW:   0    0.01 INCH OR MORE:   7
MAX 90 OR ABOVE:   0    0.10 INCH OR MORE:   5
MIN 32 OR BELOW:   0    0.50 INCH OR MORE:   1
MIN  0 OR BELOW:   0    1.00 INCH OR MORE:   0

[HDD (BASE 65) ]
TOTAL THIS MO.    44    CLEAR  (SCALE 0-3)   7
DPTR FM NORMAL   -28    PTCLDY (SCALE 4-7)  19
TOTAL FM JUL 1    44    CLOUDY (SCALE 8-10)  4
DPTR FM NORMAL   -33

[CDD (BASE 65) ]
TOTAL THIS MO.   124
DPTR FM NORMAL    33    [PRESSURE DATA]
TOTAL FM JAN 1   871    HIGHEST SLP M ON M
DPTR FM NORMAL    94    LOWEST  SLP 29.61 ON 21

[REMARKS]
#FINAL-09-14#




U.S. Dept. of Commerce
NOAA National Weather Service
1325 East West Highway
Silver Spring, MD 20910
E-mail: w-nws.webmaster@noaa.gov
Page last modified: May 16, 2007
NATIONAL WEATHER SERVICE: for Safety, for Work, for Fun - FOR LIFE