455
CXUS53 KBIS 260743
CF6ISN
PRELIMINARY LOCAL CLIMATOLOGICAL DATA (WS FORM: F-6)

                                          STATION:   WILLISTON ND
                                          MONTH:     NOVEMBER
                                          YEAR:      2014
                                          LATITUDE:   48 10 N
                                          LONGITUDE: 103 38 W

  TEMPERATURE IN F:       :PCPN:    SNOW:  WIND      :SUNSHINE: SKY     :PK WND
================================================================================
1   2   3   4   5  6A  6B    7    8   9   10  11  12  13   14  15   16   17  18
                                     12Z  AVG MX 2MIN
DY MAX MIN AVG DEP HDD CDD  WTR  SNW DPTH SPD SPD DIR MIN PSBL S-S WX    SPD DR
================================================================================

 1  51  24  38   3  27   0 0.00    M    M  4.9 13 170   M    M   0        19 180
 2  55  30  43   8  22   0 0.00    M    M  8.6 25 260   M    M   2        33 250
 3  48  28  38   4  27   0    T    M    M 13.4 28 290   M    M   7        34 290
 4  42  25  34   0  31   0 0.08    M    M  6.6 16 300   M    M   5        23 320
 5  48  29  39   6  26   0 0.00    M    M 12.9 36 330   M    M   6        43 330
 6  56  21  39   6  26   0    T    M    M  6.1 16 150   M    M   2        22 140
 7  58  31  45  13  20   0 0.00    M    M 19.0 38 310   M    M   7        45 310
 8  51  25  38   7  27   0    T    M    M  8.5 18  20   M    M   7 1      22  30
 9  30  20  25  -6  40   0 0.10    M    M  8.5 16  10   M    M  10 1      20  10
10  21   8  15 -15  50   0    T    M    M 13.6 23 350   M    M   7 1      29 360
11  17   3  10 -20  55   0 0.01    M    M 13.6 21 320   M    M   8 18     26 320
12  17   5  11 -18  54   0    T    M    M 12.8 21 340   M    M   6        28 310
13  14  -8   3 -25  62   0    T    M    M  4.7 12 280   M    M   5 8      14 310
14  15 -15   0 -28  65   0 0.00    M    M  1.8  8 240   M    M   0 18      9 240
15  11 -10   1 -26  64   0    T    M    M 10.2 20 260   M    M   6 8      24 250
16  22   4  13 -14  52   0 0.01    M    M 18.5 36 330   M    M   8 1      46 320
17  18   3  11 -15  54   0    T    M    M 12.3 24 310   M    M   8 8      29 320
18  33  -3  15 -11  50   0    T    M    M 14.6 32 330   M    M   4        42 330
19  21  14  18  -7  47   0    T    M    M 11.9 25 330   M    M  10        31 340
20  24  10  17  -7  48   0    T    M    0  5.7 13 170   M    M   6        18 180
21  46  16  31   7  34   0 0.00    M    M 10.4 26 260   M    M   0        34 270
22  43  19  31   8  34   0    T    M    M  6.8 29 260   M    M   4        37 260
23  40   7  24   1  41   0 0.01    M    M 17.7 33 300   M    M   8 18     44 290
24  33   1  17  -5  48   0 0.01    M    M  6.1 18 330   M    M   7 18     24 320
25  37  16  27   5  38   0 0.11    M    M  9.4 28  10   M    M   9 18     32  10
================================================================================
SM  851  303      1042   0  0.33    M    258.6          M      142
================================================================================
AV 34.0 12.1                              10.3 FASTST   M    M   6    MAX(MPH)
                                 MISC ---->  # 38 310               # 46  320
================================================================================
NOTES:
# LAST OF SEVERAL OCCURRENCES

COLUMN 17 PEAK WIND IN M.P.H.

PRELIMINARY LOCAL CLIMATOLOGICAL DATA (WS FORM: F-6) , PAGE 2

                                          STATION:  WILLISTON ND
                                          MONTH:    NOVEMBER
                                          YEAR:     2014
                                          LATITUDE:   48 10 N
                                          LONGITUDE: 103 38 W

[TEMPERATURE DATA]      [PRECIPITATION DATA]       SYMBOLS USED IN COLUMN 16

AVERAGE MONTHLY: 23.1   TOTAL FOR MONTH:   0.33    1 = FOG OR MIST
DPTR FM NORMAL:  -5.4   DPTR FM NORMAL:   -0.23    2 = FOG REDUCING VISIBILITY
HIGHEST:    58 ON  7    GRTST 24HR  0.12 ON 24-25      TO 1/4 MILE OR LESS
LOWEST:    -15 ON 14                               3 = THUNDER
                        SNOW, ICE PELLETS, HAIL    4 = ICE PELLETS
                        TOTAL MONTH:    M          5 = HAIL
                        GRTST 24HR    M  ON   M    6 = FREEZING RAIN OR DRIZZLE
                        GRTST DEPTH:   0           7 = DUSTSTORM OR SANDSTORM:
                                                       VSBY 1/2 MILE OR LESS
                                                   8 = SMOKE OR HAZE
[NO. OF DAYS WITH]      [WEATHER - DAYS WITH]      9 = BLOWING SNOW
                                                   X = TORNADO
MAX 32 OR BELOW:  11    0.01 INCH OR MORE:   7
MAX 90 OR ABOVE:   0    0.10 INCH OR MORE:   2
MIN 32 OR BELOW:  25    0.50 INCH OR MORE:   0
MIN  0 OR BELOW:   4    1.00 INCH OR MORE:   0

[HDD (BASE 65) ]
TOTAL THIS MO.  1042    CLEAR  (SCALE 0-3)   5
DPTR FM NORMAL   130    PTCLDY (SCALE 4-7)  16
TOTAL FM JUL 1  1910    CLOUDY (SCALE 8-10)  4
DPTR FM NORMAL   -29

[CDD (BASE 65) ]
TOTAL THIS MO.     0
DPTR FM NORMAL     0    [PRESSURE DATA]
TOTAL FM JAN 1   425    HIGHEST SLP M ON M
DPTR FM NORMAL   -31    LOWEST  SLP 29.37 ON 22

[REMARKS]




U.S. Dept. of Commerce
NOAA National Weather Service
1325 East West Highway
Silver Spring, MD 20910
E-mail: w-nws.webmaster@noaa.gov
Page last modified: May 16, 2007
NATIONAL WEATHER SERVICE: for Safety, for Work, for Fun - FOR LIFE