287
CXUS53 KBIS 171118
CF6ISN
PRELIMINARY LOCAL CLIMATOLOGICAL DATA (WS FORM: F-6)

                                          STATION:   WILLISTON ND
                                          MONTH:     APRIL
                                          YEAR:      2014
                                          LATITUDE:   48 10 N
                                          LONGITUDE: 103 38 W

  TEMPERATURE IN F:       :PCPN:    SNOW:  WIND      :SUNSHINE: SKY     :PK WND
================================================================================
1   2   3   4   5  6A  6B    7    8   9   10  11  12  13   14  15   16   17  18
                                     12Z  AVG MX 2MIN
DY MAX MIN AVG DEP HDD CDD  WTR  SNW DPTH SPD SPD DIR MIN PSBL S-S WX    SPD DR
================================================================================

 1  34   7  21 -16  44   0 0.00    M    M  6.1 10 160   M    M   0        16 140
 2  35  13  24 -14  41   0 0.12    M    M  7.7 17 140   M    M   8 1      22 130
 3  39  19  29  -9  36   0 0.05    M    M  6.9 16 310   M    M  10 18     19 310
 4  48  21  35  -3  30   0 0.00    M    M  9.7 22 150   M    M   2 18     29 150
 5  59  27  43   4  22   0    T    M    M  4.1 21 220   M    M   3        25 220
 6  60  30  45   6  20   0    T    M    M  7.1 20 360   M    M   6        28 360
 7  58  26  42   2  23   0 0.01    M    M 12.6 30 320   M    M   5        39 340
 8  72  27  50  10  15   0 0.00    M    M  7.3 28 260   M    M   3        33 280
 9  68  37  53  12  12   0 0.00    M    M 13.0 30 320   M    M   1        37 330
10  61  27  44   3  21   0 0.00    M    M 10.0 18 320   M    M   4        30 310
11  58  23  41  -1  24   0    T    M    M  6.8 20 130   M    M   6        29 130
12  46  26  36  -6  29   0 0.00    M    M 14.9 26 340   M    M   8        32 330
13  42  22  32 -10  33   0    T    M    M 12.5 25 350   M    M   8 1      30 360
14  36  17  27 -16  38   0    T    M    M  8.8 21  10   M    M   3 1      27  20
15  49  24  37  -6  28   0 0.00    M    M 17.6 26 120   M    M   8        26 120
16  31  23  27 -17  38   0    T    M    M 14.6 17  80   M    M   8         M  M
================================================================================
SM  796  369       454   0  0.18    M    159.7          M       83
================================================================================
AV 49.8 23.1                              10.0 FASTST   M    M   5    MAX(MPH)
                                 MISC ---->  # 30 320               # 39  340
================================================================================
NOTES:
# LAST OF SEVERAL OCCURRENCES

COLUMN 17 PEAK WIND IN M.P.H.

PRELIMINARY LOCAL CLIMATOLOGICAL DATA (WS FORM: F-6) , PAGE 2

                                          STATION:  WILLISTON ND
                                          MONTH:    APRIL
                                          YEAR:     2014
                                          LATITUDE:   48 10 N
                                          LONGITUDE: 103 38 W

[TEMPERATURE DATA]      [PRECIPITATION DATA]       SYMBOLS USED IN COLUMN 16

AVERAGE MONTHLY: 36.4   TOTAL FOR MONTH:   0.18    1 = FOG OR MIST
DPTR FM NORMAL:  -4.0   DPTR FM NORMAL:   -0.29    2 = FOG REDUCING VISIBILITY
HIGHEST:    72 ON  8    GRTST 24HR  0.17 ON  2- 3      TO 1/4 MILE OR LESS
LOWEST:      7 ON  1                               3 = THUNDER
                        SNOW, ICE PELLETS, HAIL    4 = ICE PELLETS
                        TOTAL MONTH:    M          5 = HAIL
                        GRTST 24HR    M  ON   M    6 = FREEZING RAIN OR DRIZZLE
                        GRTST DEPTH:  M  ON   M    7 = DUSTSTORM OR SANDSTORM:
                                                       VSBY 1/2 MILE OR LESS
                                                   8 = SMOKE OR HAZE
[NO. OF DAYS WITH]      [WEATHER - DAYS WITH]      9 = BLOWING SNOW
                                                   X = TORNADO
MAX 32 OR BELOW:   1    0.01 INCH OR MORE:   3
MAX 90 OR ABOVE:   0    0.10 INCH OR MORE:   1
MIN 32 OR BELOW:  15    0.50 INCH OR MORE:   0
MIN  0 OR BELOW:   0    1.00 INCH OR MORE:   0

[HDD (BASE 65) ]
TOTAL THIS MO.   454    CLEAR  (SCALE 0-3)   5
DPTR FM NORMAL    61    PTCLDY (SCALE 4-7)  10
TOTAL FM JUL 1  8606    CLOUDY (SCALE 8-10)  1
DPTR FM NORMAL   338

[CDD (BASE 65) ]
TOTAL THIS MO.     0
DPTR FM NORMAL     0    [PRESSURE DATA]
TOTAL FM JAN 1     0    HIGHEST SLP M ON M
DPTR FM NORMAL     0    LOWEST  SLP 29.52 ON  9

[REMARKS]




U.S. Dept. of Commerce
NOAA National Weather Service
1325 East West Highway
Silver Spring, MD 20910
E-mail: w-nws.webmaster@noaa.gov
Page last modified: May 16, 2007
NATIONAL WEATHER SERVICE: for Safety, for Work, for Fun - FOR LIFE