272
CXUS53 KBIS 010726
CF6ISN
PRELIMINARY LOCAL CLIMATOLOGICAL DATA (WS FORM: F-6)

                                          STATION:   WILLISTON ND
                                          MONTH:     AUGUST
                                          YEAR:      2014
                                          LATITUDE:   48 10 N
                                          LONGITUDE: 103 38 W

  TEMPERATURE IN F:       :PCPN:    SNOW:  WIND      :SUNSHINE: SKY     :PK WND
================================================================================
1   2   3   4   5  6A  6B    7    8   9   10  11  12  13   14  15   16   17  18
                                     12Z  AVG MX 2MIN
DY MAX MIN AVG DEP HDD CDD  WTR  SNW DPTH SPD SPD DIR MIN PSBL S-S WX    SPD DR
================================================================================

 1  86  64  75   3   0  10 0.04    M    M  6.5 20 290   M    M   1        25 330
 2  86  60  73   1   0   8 0.00    M    M  8.4 16  50   M    M   2        26  80
 3  82  65  74   2   0   9 0.12    M    M  7.8 17 120   M    M   4 1      23  90
 4  83  64  74   3   0   9 0.00    M    M  8.6 15 120   M    M   2        21 160
 5  73  63  68  -3   0   3 0.14    M    M  6.6 16 140   M    M   6 1      21 140
 6  72  61  67  -4   0   2 0.04    M    M  8.1 16 130   M    M   8 1      23 160
 7  88  55  72   1   0   7 0.00    M    M  7.1 14 150   M    M   1 12     20 160
 8  90  64  77   6   0  12    T    M    M  9.4 18 150   M    M   1        24 140
 9  85  58  72   1   0   7 0.01    M    M  9.2 24 360   M    M   1        29  10
10  81  46  64  -7   1   0 0.00    M    M  3.7 16 330   M    M   0        19 330
11  86  51  69  -2   0   4 0.00    M    M  4.8 13 130   M    M   0 18     16 130
12  95  57  76   6   0  11 0.00    M    M  7.7 17 120   M    M   2        24 120
13  92  67  80  10   0  15    T    M    M  9.1 20 360   M    M   1        24 360
14  94  70  82  12   0  17 0.00    M    M  7.3 14  80   M    M   1        18 110
15  86  69  78   8   0  13    T    M    M  4.7 20 330   M    M   1 3      24 340
16  85  65  75   5   0  10 0.03    M    M  7.6 22  70   M    M   6 3      29  70
17  87  62  75   6   0  10    T    M    M  9.2 28 270   M    M   3 1      37 260
18  85  58  72   3   0   7 0.00    M    M  8.2 17 310   M    M   3 8      23 310
19  93  53  73   4   0   8 0.00    M    M  5.8 16 110   M    M   0 18     19 110
20  79  61  70   2   0   5 0.20    M    M  4.4 13 180   M    M   3 138    17 190
21  77  54  66  -2   0   1    T    M    M  5.7 16 360   M    M   6 12     19  10
22  69  60  65  -3   0   0    T    M    M 10.9 17  30   M    M  10        22  20
23  63  55  59  -8   6   0 1.12    M    M 15.4 25  30   M    M  10 1      32  20
24  62  51  57 -10   8   0 0.12    M    M 13.0 24 320   M    M  10 1      29 310
25  61  46  54 -12  11   0 0.01    M    M 12.3 23 330   M    M   9 1      28 340
26  73  39  56 -10   9   0 0.00    M    M  2.6 12 130   M    M   0 1      23 160
27  84  50  67   1   0   2 0.00    M    M  6.6 14 140   M    M   0        18 150
28  91  55  73   8   0   8 0.00    M    M  7.2 15 290   M    M   1        22 290
29  74  50  62  -3   3   0 0.02    M    M  9.1 28 350   M    M   4        35 350
30  75  52  64   0   1   0 0.20    M    M  7.4 22 300   M    M   2 1      26 300
31  76  52  64   0   1   0 0.19    M    M  4.7 30 300   M    M   2 13     37 300
================================================================================
SM 2513 1777        40 178  2.24    M    239.1          M      100
================================================================================
AV 81.1 57.3                               7.7 FASTST   M    M   3    MAX(MPH)
                                 MISC ---->  # 30 300               # 37  260
================================================================================
NOTES:
# LAST OF SEVERAL OCCURRENCES

COLUMN 17 PEAK WIND IN M.P.H.

PRELIMINARY LOCAL CLIMATOLOGICAL DATA (WS FORM: F-6) , PAGE 2

                                          STATION:  WILLISTON ND
                                          MONTH:    AUGUST
                                          YEAR:     2014
                                          LATITUDE:   48 10 N
                                          LONGITUDE: 103 38 W

[TEMPERATURE DATA]      [PRECIPITATION DATA]       SYMBOLS USED IN COLUMN 16

AVERAGE MONTHLY: 69.2   TOTAL FOR MONTH:   2.24    1 = FOG OR MIST
DPTR FM NORMAL:   0.3   DPTR FM NORMAL:    0.79    2 = FOG REDUCING VISIBILITY
HIGHEST:    95 ON 12    GRTST 24HR  1.16 ON 23-24      TO 1/4 MILE OR LESS
LOWEST:     39 ON 26                               3 = THUNDER
                        SNOW, ICE PELLETS, HAIL    4 = ICE PELLETS
                        TOTAL MONTH:    M          5 = HAIL
                        GRTST 24HR    M  ON   M    6 = FREEZING RAIN OR DRIZZLE
                        GRTST DEPTH:  M  ON   M    7 = DUSTSTORM OR SANDSTORM:
                                                       VSBY 1/2 MILE OR LESS
                                                   8 = SMOKE OR HAZE
[NO. OF DAYS WITH]      [WEATHER - DAYS WITH]      9 = BLOWING SNOW
                                                   X = TORNADO
MAX 32 OR BELOW:   0    0.01 INCH OR MORE:  13
MAX 90 OR ABOVE:   6    0.10 INCH OR MORE:   7
MIN 32 OR BELOW:   0    0.50 INCH OR MORE:   1
MIN  0 OR BELOW:   0    1.00 INCH OR MORE:   1

[HDD (BASE 65) ]
TOTAL THIS MO.    40    CLEAR  (SCALE 0-3)  21
DPTR FM NORMAL    -7    PTCLDY (SCALE 4-7)   5
TOTAL FM JUL 1    57    CLOUDY (SCALE 8-10)  5
DPTR FM NORMAL   -14

[CDD (BASE 65) ]
TOTAL THIS MO.   178
DPTR FM NORMAL    12    [PRESSURE DATA]
TOTAL FM JAN 1   391    HIGHEST SLP M ON M
DPTR FM NORMAL   -38    LOWEST  SLP 29.58 ON 31

[REMARKS]
#FINAL-08-14#




U.S. Dept. of Commerce
NOAA National Weather Service
1325 East West Highway
Silver Spring, MD 20910
E-mail: w-nws.webmaster@noaa.gov
Page last modified: May 16, 2007
NATIONAL WEATHER SERVICE: for Safety, for Work, for Fun - FOR LIFE