281
CXUS53 KBIS 280732
CF6ISN
PRELIMINARY LOCAL CLIMATOLOGICAL DATA (WS FORM: F-6)

                                          STATION:   WILLISTON ND
                                          MONTH:     JANUARY
                                          YEAR:      2015
                                          LATITUDE:   48 10 N
                                          LONGITUDE: 103 38 W

  TEMPERATURE IN F:       :PCPN:    SNOW:  WIND      :SUNSHINE: SKY     :PK WND
================================================================================
1   2   3   4   5  6A  6B    7    8   9   10  11  12  13   14  15   16   17  18
                                     12Z  AVG MX 2MIN
DY MAX MIN AVG DEP HDD CDD  WTR  SNW DPTH SPD SPD DIR MIN PSBL S-S WX    SPD DR
================================================================================

 1  29  26  28  17  37   0    T    M    M  8.3 23 260   M    M  10        32 270
 2  40   8  24  13  41   0 0.06    M    M  9.0 29  20   M    M   8 1      34  20
 3   8  -6   1  -9  64   0 0.01    M    M 12.6 28  30   M    M   9 18     33  20
 4  -1 -18  -9 -19  74   0    T    M    M  9.0 18 300   M    M   2 8      24 310
 5   4 -19  -7 -17  72   0 0.11    M    M  7.1 15 350   M    M   4        17 350
 6   4 -14  -5 -15  70   0    T    M    M 12.1 25 330   M    M   4        32 330
 7  13 -19  -3 -13  68   0 0.00    M    M  7.1 15 320   M    M   0        18 320
 8  19  -3   8  -2  57   0 0.02    M    M 23.5 41 320   M    M   6 89     53 330
 9   4 -12  -4 -14  69   0 0.00    M    M  6.6 17 290   M    M   0        21 290
10   9 -11  -1 -11  66   0 0.00    M    M  2.3 12 360   M    M   4        14 360
11   8 -14  -3 -13  68   0    T    M    M  5.8 15 310   M    M   3        17 320
12  12 -21  -4 -14  69   0 0.00    M    M  4.2 12 170   M    M   0        15 180
13  22  -2  10   0  55   0    T    M    M  6.3 20 270   M    M   2 18     24 270
14  32   9  21  11  44   0 0.00    M    M  9.8 24 260   M    M   4        29 260
15  36  15  26  15  39   0 0.00    M    M  5.9 13 210   M    M   0        17 210
16  39   6  23  12  42   0    T    M    M  7.9 29 280   M    M   2 18     38 290
17  38  27  33  22  32   0    T    M    M 16.7 29 310   M    M   2 1      38 310
18  36  11  24  13  41   0 0.00    M    M  4.3 20 260   M    M   2        24 270
19  38  29  34  23  31   0 0.06    M    M 15.5 26 260   M    M   7 16     34 270
20  35  23  29  18  36   0    T    M    M 11.0 22 320   M    M   7 18     29 290
21  30  16  23  12  42   0    T    M    M  6.4 16 350   M    M   7 1      20 350
22  42  14  28  17  37   0 0.00    M    M 10.4 21 220   M    M   2 1      26 210
23  42  27  35  24  30   0 0.00    M    M 10.8 22 260   M    M   1        27 270
24  40  32  36  24  29   0 0.08    M    M 13.8 26 310   M    M   7        33 320
25  43  32  38  26  27   0 0.00    M    M  9.2 21 330   M    M   6        25 330
26  50  28  39  27  26   0 0.00    M    M  5.0 12 250   M    M   2        13 270
27  53  27  40  28  25   0 0.00    M    M  2.3 13 210   M    M   0        14 210
================================================================================
SM  725  191      1291   0  0.34    M    242.9          M      101
================================================================================
AV 26.9  7.1                               9.0 FASTST   M    M   4    MAX(MPH)
                                 MISC ---->  # 41 320               # 53  330
================================================================================
NOTES:
# LAST OF SEVERAL OCCURRENCES

COLUMN 17 PEAK WIND IN M.P.H.

PRELIMINARY LOCAL CLIMATOLOGICAL DATA (WS FORM: F-6) , PAGE 2

                                          STATION:  WILLISTON ND
                                          MONTH:    JANUARY
                                          YEAR:     2015
                                          LATITUDE:   48 10 N
                                          LONGITUDE: 103 38 W

[TEMPERATURE DATA]      [PRECIPITATION DATA]       SYMBOLS USED IN COLUMN 16

AVERAGE MONTHLY: 17.0   TOTAL FOR MONTH:   0.34    1 = FOG OR MIST
DPTR FM NORMAL:   6.3   DPTR FM NORMAL:   -0.19    2 = FOG REDUCING VISIBILITY
HIGHEST:    53 ON 27    GRTST 24HR  0.11 ON  5- 5      TO 1/4 MILE OR LESS
LOWEST:    -21 ON 12                               3 = THUNDER
                        SNOW, ICE PELLETS, HAIL    4 = ICE PELLETS
                        TOTAL MONTH:    M          5 = HAIL
                        GRTST 24HR    M  ON   M    6 = FREEZING RAIN OR DRIZZLE
                        GRTST DEPTH:  M  ON   M    7 = DUSTSTORM OR SANDSTORM:
                                                       VSBY 1/2 MILE OR LESS
                                                   8 = SMOKE OR HAZE
[NO. OF DAYS WITH]      [WEATHER - DAYS WITH]      9 = BLOWING SNOW
                                                   X = TORNADO
MAX 32 OR BELOW:  14    0.01 INCH OR MORE:   6
MAX 90 OR ABOVE:   0    0.10 INCH OR MORE:   1
MIN 32 OR BELOW:  27    0.50 INCH OR MORE:   0
MIN  0 OR BELOW:  11    1.00 INCH OR MORE:   0

[HDD (BASE 65) ]
TOTAL THIS MO.  1291    CLEAR  (SCALE 0-3)  13
DPTR FM NORMAL  -174    PTCLDY (SCALE 4-7)  12
TOTAL FM JUL 1  4885    CLOUDY (SCALE 8-10)  2
DPTR FM NORMAL  -327

[CDD (BASE 65) ]
TOTAL THIS MO.     0
DPTR FM NORMAL     0    [PRESSURE DATA]
TOTAL FM JAN 1     0    HIGHEST SLP M ON M
DPTR FM NORMAL     0    LOWEST  SLP 29.57 ON 17

[REMARKS]




U.S. Dept. of Commerce
NOAA National Weather Service
1325 East West Highway
Silver Spring, MD 20910
E-mail: w-nws.webmaster@noaa.gov
Page last modified: May 16, 2007
NATIONAL WEATHER SERVICE: for Safety, for Work, for Fun - FOR LIFE