584
CXUS55 KEAX 310736
CF6IRK
PRELIMINARY LOCAL CLIMATOLOGICAL DATA (WS FORM: F-6)

                                          STATION:   KIRKSVILLE MO
                                          MONTH:     JANUARY
                                          YEAR:      2015
                                          LATITUDE:   40  5 N
                                          LONGITUDE:  92 33 W

  TEMPERATURE IN F:       :PCPN:    SNOW:  WIND      :SUNSHINE: SKY     :PK WND
================================================================================
1   2   3   4   5  6A  6B    7    8   9   10  11  12  13   14  15   16   17  18
                                     12Z  AVG MX 2MIN
DY MAX MIN AVG DEP HDD CDD  WTR  SNW DPTH SPD SPD DIR MIN PSBL S-S WX    SPD DR
================================================================================

 1  34  15  25  -1  40   0 0.00    M    M  9.1 17 230   M    M   1        24 220
 2  38  17  28   2  37   0    T    M    M  4.2  9 150   M    M   6 18     11 150
 3  37  32  35   9  30   0 0.18    M    M  3.5  8  30   M    M  10 12     10 130
 4  33   7  20  -6  45   0 0.07    M    M 13.1 23 300   M    M   5 18     31 300
 5  21   5  13 -13  52   0 0.01    M    M  8.0 17 160   M    M   7 1      21 130
 6  21   8  15 -11  50   0 0.01    M    M  8.9 20 330   M    M   5        27 300
 7  15  -5   5 -21  60   0    T    M    M 12.4 24 340   M    M   1        33 320
 8  27  -4  12 -14  53   0 0.01    M    M 14.9 26 320   M    M   5        39 310
 9  16   5  11 -15  54   0    T    M    M 12.2 22 290   M    M   1        29 270
10  34   3  19  -7  46   0 0.00    M    M 10.4 23 210   M    M   0        30 200
11  35  22  29   3  36   0 0.12    M    M  6.1 13 200   M    M   7 1      16 210
12  31   2  17  -9  48   0    T    M    M 11.6 21 360   M    M   2 18     25  10
13  22  -3  10 -16  55   0 0.00    M    M  4.6  9  50   M    M   0        11  40
14  33   7  20  -6  45   0 0.00    M    M  6.2 13 210   M    M   5        16 210
15  45  19  32   6  33   0 0.00    M    M  6.9 15 250   M    M   0        20 260
16  54  19  37  11  28   0 0.00    M    M  9.8 18 210   M    M   0 1      26 210
17  52  37  45  19  20   0    T    M    M 14.0 26 300   M    M   1        36 300
18  55  27  41  15  24   0 0.00    M    M  7.6 17 280   M    M   0        24 280
19  53  25  39  13  26   0 0.00    M    M  6.2 14 150   M    M   2        16 150
20  50  27  39  13  26   0 0.00    M    M  6.6 15 270   M    M   2        19 280
21  44  25  35   9  30   0 0.00    M    M 10.2 21 290   M    M   5        31 320
22  32  21  27   1  38   0 0.00    M    M  4.2 12 340   M    M   9        15 310
23  41  18  30   4  35   0 0.00    M    M  6.1 13 230   M    M   3 1      18 210
24  53  26  40  14  25   0 0.00    M    M  7.8 16 230   M    M   2        21 240
25  46  28  37  11  28   0 0.20    M    M 10.5 26  30   M    M  10 1      34  30
26  52  29  41  15  24   0 0.00    M    M  9.0 20 280   M    M   5        28 260
27  45  28  37  11  28   0 0.00    M    M  5.5 13 120   M    M   2 1      16 120
28  54  28  41  15  24   0 0.00    M    M 14.2 23 150   M    M   1 1      29 210
29  51  26  39  12  26   0    T    M    M 16.0 26 310   M    M   8        39 330
30  36  17  27   0  38   0 0.00    M    M  5.2 15  20   M    M   1        19  20
================================================================================
SM 1160  511      1104   0  0.60    M    265.0          M      106
================================================================================
AV 38.7 17.0                               8.8 FASTST   M    M   4    MAX(MPH)
                                 MISC ---->  # 26 320               # 39  310
================================================================================
NOTES:
# LAST OF SEVERAL OCCURRENCES

COLUMN 17 PEAK WIND IN M.P.H.

PRELIMINARY LOCAL CLIMATOLOGICAL DATA (WS FORM: F-6) , PAGE 2

                                          STATION:  KIRKSVILLE MO
                                          MONTH:    JANUARY
                                          YEAR:     2015
                                          LATITUDE:   40  5 N
                                          LONGITUDE:  92 33 W

[TEMPERATURE DATA]      [PRECIPITATION DATA]       SYMBOLS USED IN COLUMN 16

AVERAGE MONTHLY: 27.9   TOTAL FOR MONTH:   0.60    1 = FOG OR MIST
DPTR FM NORMAL:   1.8   DPTR FM NORMAL:   -0.60    2 = FOG REDUCING VISIBILITY
HIGHEST:    55 ON 18    GRTST 24HR  0.24 ON  3- 4      TO 1/4 MILE OR LESS
LOWEST:     -5 ON  7                               3 = THUNDER
                        SNOW, ICE PELLETS, HAIL    4 = ICE PELLETS
                        TOTAL MONTH:    M          5 = HAIL
                        GRTST 24HR    M  ON   M    6 = FREEZING RAIN OR DRIZZLE
                        GRTST DEPTH:  M  ON   M    7 = DUSTSTORM OR SANDSTORM:
                                                       VSBY 1/2 MILE OR LESS
                                                   8 = SMOKE OR HAZE
[NO. OF DAYS WITH]      [WEATHER - DAYS WITH]      9 = BLOWING SNOW
                                                   X = TORNADO
MAX 32 OR BELOW:   8    0.01 INCH OR MORE:   7
MAX 90 OR ABOVE:   0    0.10 INCH OR MORE:   3
MIN 32 OR BELOW:  29    0.50 INCH OR MORE:   0
MIN  0 OR BELOW:   3    1.00 INCH OR MORE:   0

[HDD (BASE 65) ]
TOTAL THIS MO.  1104    CLEAR  (SCALE 0-3)  17
DPTR FM NORMAL   -64    PTCLDY (SCALE 4-7)  10
TOTAL FM JUL 1  3395    CLOUDY (SCALE 8-10)  3
DPTR FM NORMAL  -116

[CDD (BASE 65) ]
TOTAL THIS MO.     0
DPTR FM NORMAL     0    [PRESSURE DATA]
TOTAL FM JAN 1     0    HIGHEST SLP  0.00 ON M
DPTR FM NORMAL     0    LOWEST  SLP  0.00 ON M

[REMARKS]




U.S. Dept. of Commerce
NOAA National Weather Service
1325 East West Highway
Silver Spring, MD 20910
E-mail: w-nws.webmaster@noaa.gov
Page last modified: May 16, 2007
NATIONAL WEATHER SERVICE: for Safety, for Work, for Fun - FOR LIFE