392
CXUS55 KEAX 010736
CF6IRK
PRELIMINARY LOCAL CLIMATOLOGICAL DATA (WS FORM: F-6)

                                          STATION:   KIRKSVILLE MO
                                          MONTH:     NOVEMBER
                                          YEAR:      2014
                                          LATITUDE:   40  5 N
                                          LONGITUDE:  92 33 W

  TEMPERATURE IN F:       :PCPN:    SNOW:  WIND      :SUNSHINE: SKY     :PK WND
================================================================================
1   2   3   4   5  6A  6B    7    8   9   10  11  12  13   14  15   16   17  18
                                     12Z  AVG MX 2MIN
DY MAX MIN AVG DEP HDD CDD  WTR  SNW DPTH SPD SPD DIR MIN PSBL S-S WX    SPD DR
================================================================================

 1  47  20  34 -13  31   0 0.00    M    M  6.0 13 120   M    M   0        16 150
 2  59  37  48   1  17   0 0.00    M    M 14.3 24 170   M    M   6        30 170
 3  70  48  59  13   6   0 0.17    M    M 15.1 23 200   M    M   4 1      33 200
 4  59  42  51   5  14   0 0.05    M    M  8.9 21 300   M    M   2 1      31 290
 5  62  38  50   4  15   0 0.01    M    M 10.2 28 300   M    M   2        42 290
 6  51  27  39  -6  26   0 0.00    M    M 13.0 28 330   M    M   3        38 320
 7  57  25  41  -4  24   0 0.00    M    M  9.5 24 170   M    M   0        32 170
 8  52  30  41  -3  24   0 0.00    M    M 11.8 26 340   M    M   3        36 340
 9  62  30  46   2  19   0 0.00    M    M  9.4 18 250   M    M   1        26 230
10  74  37  56  13   9   0 0.00    M    M 12.1 25 210   M    M   2        33 220
11  37  25  31 -12  34   0 0.03    M    M 14.5 23 310   M    M  10 16     32 320
12  29  19  24 -18  41   0 0.00    M    M 11.3 18 310   M    M   6        24 300
13  28  15  22 -20  43   0    T    M    M  9.1 16 310   M    M   6        21 310
14  33  11  22 -19  43   0 0.00    M    M  3.9 12 300   M    M   1        15 280
15  31  13  22 -19  43   0 0.02    M    M  5.3 10  40   M    M   5 1      13 150
16  28  14  21 -19  44   0 0.03    M    M  8.1 14 290   M    M   6 18     19 280
17  21  11  16 -24  49   0 0.01    M    M 13.8 26 290   M    M   5 18     33 280
18  28   8  18 -21  47   0 0.00    M    M  9.9 20 290   M    M   2        29 300
19  32  25  29 -10  36   0 0.00    M    M 13.5 26 290   M    M   9        36 290
20  35  15  25 -13  40   0 0.00    M    M  5.7 14 280   M    M   4        19 280
21  39  16  28 -10  37   0 0.00    M    M 11.2 20 130   M    M   5 18     23 130
22  59  40  50  13  15   0 0.00    M    M 11.2 17 200   M    M   9 18     24 200
23  55  35  45   8  20   0 0.86    M    M 10.4 28 310   M    M  10 1      39 300
24  35  28  32  -4  33   0 0.12    M    M 16.5 28 280   M    M   9 1      41 280
25  36  20  28  -8  37   0 0.00    M    M  7.3 21 300   M    M   1        27 310
26  34  27  31  -5  34   0 0.13    M    M  8.8 17 360   M    M   9 1      22 360
27  30  19  25 -10  40   0 0.00    M    M  8.7 16 310   M    M   6 1      21 300
28  51  19  35   0  30   0 0.00    M    M 10.4 18 200   M    M   1        24 210
29  66  44  55  21  10   0 0.00    M    M 12.1 20 210   M    M   0        27 230
30  56  17  37   3  28   0 0.00    M    M 12.3 20 360   M    M   3 1      25  10
================================================================================
SM 1356  755       889   0  1.43    M    314.3          M      130
================================================================================
AV 45.2 25.2                              10.5 FASTST   M    M   4    MAX(MPH)
                                 MISC ---->  # 28 300               # 42  290
================================================================================
NOTES:
# LAST OF SEVERAL OCCURRENCES

COLUMN 17 PEAK WIND IN M.P.H.

PRELIMINARY LOCAL CLIMATOLOGICAL DATA (WS FORM: F-6) , PAGE 2

                                          STATION:  KIRKSVILLE MO
                                          MONTH:    NOVEMBER
                                          YEAR:     2014
                                          LATITUDE:   40  5 N
                                          LONGITUDE:  92 33 W

[TEMPERATURE DATA]      [PRECIPITATION DATA]       SYMBOLS USED IN COLUMN 16

AVERAGE MONTHLY: 35.2   TOTAL FOR MONTH:   1.43    1 = FOG OR MIST
DPTR FM NORMAL:  -5.4   DPTR FM NORMAL:   -1.29    2 = FOG REDUCING VISIBILITY
HIGHEST:    74 ON 10    GRTST 24HR  0.98 ON 23-24      TO 1/4 MILE OR LESS
LOWEST:      8 ON 18                               3 = THUNDER
                        SNOW, ICE PELLETS, HAIL    4 = ICE PELLETS
                        TOTAL MONTH:    M          5 = HAIL
                        GRTST 24HR    M  ON   M    6 = FREEZING RAIN OR DRIZZLE
                        GRTST DEPTH:  M  ON   M    7 = DUSTSTORM OR SANDSTORM:
                                                       VSBY 1/2 MILE OR LESS
                                                   8 = SMOKE OR HAZE
[NO. OF DAYS WITH]      [WEATHER - DAYS WITH]      9 = BLOWING SNOW
                                                   X = TORNADO
MAX 32 OR BELOW:   8    0.01 INCH OR MORE:  10
MAX 90 OR ABOVE:   0    0.10 INCH OR MORE:   4
MIN 32 OR BELOW:  22    0.50 INCH OR MORE:   1
MIN  0 OR BELOW:   0    1.00 INCH OR MORE:   0

[HDD (BASE 65) ]
TOTAL THIS MO.   889    CLEAR  (SCALE 0-3)  14
DPTR FM NORMAL   157    PTCLDY (SCALE 4-7)  10
TOTAL FM JUL 1  1321    CLOUDY (SCALE 8-10)  6
DPTR FM NORMAL   100

[CDD (BASE 65) ]
TOTAL THIS MO.     0
DPTR FM NORMAL     0    [PRESSURE DATA]
TOTAL FM JAN 1   958    HIGHEST SLP  0.00 ON M
DPTR FM NORMAL    19    LOWEST  SLP  0.00 ON M

[REMARKS]
#FINAL-11-14#




U.S. Dept. of Commerce
NOAA National Weather Service
1325 East West Highway
Silver Spring, MD 20910
E-mail: w-nws.webmaster@noaa.gov
Page last modified: May 16, 2007
NATIONAL WEATHER SERVICE: for Safety, for Work, for Fun - FOR LIFE