479
CXUS55 KCTP 011510
CF6IPT
PRELIMINARY LOCAL CLIMATOLOGICAL DATA (WS FORM: F-6)

                                          STATION:   WILLIAMSPORT PA
                                          MONTH:     NOVEMBER
                                          YEAR:      2014
                                          LATITUDE:   41 15 N
                                          LONGITUDE:  76 55 W

  TEMPERATURE IN F:       :PCPN:    SNOW:  WIND      :SUNSHINE: SKY     :PK WND
================================================================================
1   2   3   4   5  6A  6B    7    8   9   10  11  12  13   14  15   16   17  18
                                     12Z  AVG MX 2MIN
DY MAX MIN AVG DEP HDD CDD  WTR  SNW DPTH SPD SPD DIR MIN PSBL S-S WX    SPD DR
================================================================================

 1  48  38  43  -3  22   0 0.01  0.0    0  7.6 18 320   M    M  10        28  10
 2  46  37  42  -4  23   0    T  0.0    0 13.2 29 310   M    M   5        37 320
 3  61  35  48   2  17   0    T  0.0    0  9.8 22 250   M    M   4        29 250
 4  69  42  56  10   9   0 0.00  0.0    0  2.6 15 200   M    M   3        22 200
 5  61  43  52   7  13   0    T    M    0  6.5 20 250   M    M   4        25 250
 6  50  43  47   2  18   0 0.10  0.0    0  4.2 12 210   M    M   9 18     17 140
 7  48  31  40  -5  25   0 0.04  0.0    0 10.9 28 310   M    M   7        39 340
 8  49  28  39  -5  26   0    T    M    0  4.7 17 170   M    M   3        26 150
 9  52  37  45   1  20   0    T    M    M  3.5 16 270   M    M   7        20 270
10  61  32  47   3  18   0 0.00  0.0    0  4.0 16 120   M    M   2        25 100
11  63  38  51   8  14   0 0.00  0.0    0  6.6 18 140   M    M   1 1      24 130
12  57  33  45   2  20   0 0.00  0.0    0  8.0 23 240   M    M   4 1      28 280
13  42  28  35  -8  30   0    T    T    0  5.3 15 270   M    M   8        19 270
14  41  26  34  -8  31   0    T    T    0  9.3 21 260   M    M   6        26 260
15  39  26  33  -9  32   0    T    M    T  4.3 15 240   M    M   5        18 240
16  41  24  33  -9  32   0    T    T    0  6.2 23 170   M    M   9        29 170
17  41  32  37  -4  28   0 0.69    T    0 10.4 26 280   M    M   9 1      33 290
18  32  20  26 -15  39   0    T    T    0 20.6 31 270   M    M   3        41 250
19  30  16  23 -17  42   0 0.00  0.0    0 10.7 23 270   M    M   3        34 150
20  36  24  30 -10  35   0 0.00  0.0    0 11.2 26 260   M    M   5        36 250
21  36  20  28 -12  37   0 0.00  0.0    0  8.8 22 290   M    M   1        27 290
22  37  13  25 -14  40   0 0.02  0.0    0  1.6  9 100   M    M   5 1      12 120
23  52  31  42   3  23   0 0.05  0.0    0  4.0 16 100   M    M   6 18     21 100
24  69  48  59  20   6   0 0.73  0.0    0 12.9 26 160   M    M   6 1      40 150
25  60  33  47   9  18   0 0.00  0.0    0  8.5 24 270   M    M   0        34 270
26  37  31  34  -4  31   0 0.49  4.8    0  4.2 12 260   M    M   7 12     13 260
27  36  29  33  -5  32   0 0.03  0.3    4  5.2 10 270   M    M   9 1      12 260
28  34  20  27 -10  38   0    T    T    2  8.1 20 310   M    M   3        28 300
29  35  19  27 -10  38   0    T    T    2  6.5 16  70   M    M   8        31 100
30  45  35  40   4  25   0 0.00  0.0    0  7.9 15  80   M    M  10        21 100
================================================================================
SM 1408  912       782   0  2.16     5.1 227.3          M      162
================================================================================
AV 46.9 30.4                               7.6 FASTST   M    M   5    MAX(MPH)
                                 MISC ---->  # 31 270               # 41  250
================================================================================
NOTES:
# LAST OF SEVERAL OCCURRENCES

COLUMN 17 PEAK WIND IN M.P.H.

PRELIMINARY LOCAL CLIMATOLOGICAL DATA (WS FORM: F-6) , PAGE 2

                                          STATION:  WILLIAMSPORT PA
                                          MONTH:    NOVEMBER
                                          YEAR:     2014
                                          LATITUDE:   41 15 N
                                          LONGITUDE:  76 55 W

[TEMPERATURE DATA]      [PRECIPITATION DATA]       SYMBOLS USED IN COLUMN 16

AVERAGE MONTHLY: 38.7   TOTAL FOR MONTH:   2.16    1 = FOG OR MIST
DPTR FM NORMAL:  -2.9   DPTR FM NORMAL:   -1.58    2 = FOG REDUCING VISIBILITY
HIGHEST:    69 ON 24, 4 GRTST 24HR  0.78 ON 23-24      TO 1/4 MILE OR LESS
LOWEST:     13 ON 22                               3 = THUNDER
                        SNOW, ICE PELLETS, HAIL    4 = ICE PELLETS
                        TOTAL MONTH:   5.1 INCHES  5 = HAIL
                        GRTST 24HR   4.8 ON   M    6 = FREEZING RAIN OR DRIZZLE
                        GRTST DEPTH:   4 ON 27     7 = DUSTSTORM OR SANDSTORM:
                                                       VSBY 1/2 MILE OR LESS
                                                   8 = SMOKE OR HAZE
[NO. OF DAYS WITH]      [WEATHER - DAYS WITH]      9 = BLOWING SNOW
                                                   X = TORNADO
MAX 32 OR BELOW:   2    0.01 INCH OR MORE:   9
MAX 90 OR ABOVE:   0    0.10 INCH OR MORE:   4
MIN 32 OR BELOW:  18    0.50 INCH OR MORE:   2
MIN  0 OR BELOW:   0    1.00 INCH OR MORE:   0

[HDD (BASE 65) ]
TOTAL THIS MO.   782    CLEAR  (SCALE 0-3)   7
DPTR FM NORMAL    80    PTCLDY (SCALE 4-7)  17
TOTAL FM JUL 1  1170    CLOUDY (SCALE 8-10)  6
DPTR FM NORMAL   -75

[CDD (BASE 65) ]
TOTAL THIS MO.     0
DPTR FM NORMAL     0    [PRESSURE DATA]
TOTAL FM JAN 1   713    HIGHEST SLP 30.52 ON 22
DPTR FM NORMAL    11    LOWEST  SLP 29.44 ON 24

[REMARKS]
#FINAL-11-14#




U.S. Dept. of Commerce
NOAA National Weather Service
1325 East West Highway
Silver Spring, MD 20910
E-mail: w-nws.webmaster@noaa.gov
Page last modified: May 16, 2007
NATIONAL WEATHER SERVICE: for Safety, for Work, for Fun - FOR LIFE