325
CXUS55 KPSR 261005
CF6IPL
PRELIMINARY LOCAL CLIMATOLOGICAL DATA (WS FORM: F-6)

                                          STATION:   IMPERIAL CA
                                          MONTH:     AUGUST
                                          YEAR:      2014
                                          LATITUDE:   32 50 N
                                          LONGITUDE: 115 35 W

  TEMPERATURE IN F:       :PCPN:    SNOW:  WIND      :SUNSHINE: SKY     :PK WND
================================================================================
1   2   3   4   5  6A  6B    7    8   9   10  11  12  13   14  15   16   17  18
                                     12Z  AVG MX 2MIN
DY MAX MIN AVG DEP HDD CDD  WTR  SNW DPTH SPD SPD DIR MIN PSBL S-S WX    SPD DR
================================================================================

 1 110  87  99   6   0  34 0.00  0.0    0  9.9 20 150   M    M   0        28 160
 2  93  80  87  -6   0  22 0.05  0.0    0  9.3 32 140   M    M   2 8      40 130
 3  96  77  87  -6   0  22 0.02  0.0    0  5.7 22 190   M    M   3 3      30 190
 4 100  73  87  -6   0  22 0.00  0.0    0  4.6 10 260   M    M   1        16  10
 5 107  69  88  -5   0  23 0.00  0.0    0  7.1 22 260   M    M   0 8      27 260
 6 106  74  90  -3   0  25 0.00  0.0    0  7.9 17 270   M    M   0        24 270
 7 104  71  88  -5   0  23 0.00  0.0    0  7.0 17 150   M    M   0        19 150
 8 104  70  87  -6   0  22 0.00  0.0    0  7.4 16 110   M    M   0        21  80
 9 106  69  88  -5   0  23 0.00  0.0    0  6.2 15 120   M    M   0        25 180
10 107  80  94   1   0  29 0.00  0.0    0  6.2 14 230   M    M   0        17 240
11 107  84  96   3   0  31 0.00  0.0    0  6.9 15 190   M    M   0        19 180
12 103  87  95   2   0  30    T  0.0    0 11.3 23 140   M    M   2 3      32 140
13 103  80  92  -1   0  27 0.00  0.0    0  7.9 20 170   M    M   1        33  60
14 107  84  96   3   0  31 0.00  0.0    0  6.3 15 120   M    M   0        22 140
15 107  84  96   3   0  31 0.00  0.0    0  6.5 16 170   M    M   0        19 170
16 109  85  97   4   0  32 0.00  0.0    0  6.3 15 180   M    M   0        19 140
17 111  82  97   4   0  32 0.00  0.0    0  5.8 12 220   M    M   0         M  M
18 100  82  91  -2   0  26    T  0.0    0 13.6 27 130   M    M   2 38     40 150
19 108  82  95   3   0  30 0.00  0.0    0  9.8 21 260   M    M   0        27 280
20 101  77  89  -3   0  24 0.00  0.0    0  6.3 16 280   M    M   0        21 280
21  97  72  85  -7   0  20 1.46  0.0    0  7.4 39 230   M    M   1 3      59 240
22  95  68  82 -10   0  17 0.00  0.0    0  5.9 14 260   M    M   0        18 260
23 101  73  87  -5   0  22 0.00  0.0    0  6.4 13  50   M    M   0        15  40
24 103  73  88  -4   0  23 0.00  0.0    0  6.6 16 220   M    M   0        21 220
25 104  79  92   0   0  27 0.00  0.0    0  5.5 16 260   M    M   0        20 270
================================================================================
SM 2589 1942         0 648  1.53     0.0 183.8          M       12
================================================================================
AV103.6 77.7                               7.4 FASTST   M    M   0    MAX(MPH)
                                 MISC ---->  # 39 230               # 59  240
================================================================================
NOTES:
# LAST OF SEVERAL OCCURRENCES

COLUMN 17 PEAK WIND IN M.P.H.

PRELIMINARY LOCAL CLIMATOLOGICAL DATA (WS FORM: F-6) , PAGE 2

                                          STATION:  IMPERIAL CA
                                          MONTH:    AUGUST
                                          YEAR:     2014
                                          LATITUDE:   32 50 N
                                          LONGITUDE: 115 35 W

[TEMPERATURE DATA]      [PRECIPITATION DATA]       SYMBOLS USED IN COLUMN 16

AVERAGE MONTHLY: 90.6   TOTAL FOR MONTH:   1.53    1 = FOG OR MIST
DPTR FM NORMAL:  -2.1   DPTR FM NORMAL:    1.20    2 = FOG REDUCING VISIBILITY
HIGHEST:   111 ON 17    GRTST 24HR  1.46 ON 21-21      TO 1/4 MILE OR LESS
LOWEST:     68 ON 22                               3 = THUNDER
                        SNOW, ICE PELLETS, HAIL    4 = ICE PELLETS
                        TOTAL MONTH:   0.0 INCH    5 = HAIL
                        GRTST 24HR     0.0         6 = FREEZING RAIN OR DRIZZLE
                        GRTST DEPTH:   0           7 = DUSTSTORM OR SANDSTORM:
                                                       VSBY 1/2 MILE OR LESS
                                                   8 = SMOKE OR HAZE
[NO. OF DAYS WITH]      [WEATHER - DAYS WITH]      9 = BLOWING SNOW
                                                   X = TORNADO
MAX 32 OR BELOW:   0    0.01 INCH OR MORE:   3
MAX 90 OR ABOVE:  25    0.10 INCH OR MORE:   1
MIN 32 OR BELOW:   0    0.50 INCH OR MORE:   1
MIN  0 OR BELOW:   0    1.00 INCH OR MORE:   1

[HDD (BASE 65) ]
TOTAL THIS MO.     0    CLEAR  (SCALE 0-3)  25
DPTR FM NORMAL     0    PTCLDY (SCALE 4-7)   0
TOTAL FM JUL 1     0    CLOUDY (SCALE 8-10)  0
DPTR FM NORMAL     0

[CDD (BASE 65) ]
TOTAL THIS MO.   648
DPTR FM NORMAL   -46    [PRESSURE DATA]
TOTAL FM JAN 1  3132    HIGHEST SLP M ON M
DPTR FM NORMAL   289    LOWEST  SLP 29.65 ON 17

[REMARKS]




U.S. Dept. of Commerce
NOAA National Weather Service
1325 East West Highway
Silver Spring, MD 20910
E-mail: w-nws.webmaster@noaa.gov
Page last modified: May 16, 2007
NATIONAL WEATHER SERVICE: for Safety, for Work, for Fun - FOR LIFE