457
CXUS55 KPSR 171005
CF6IPL
PRELIMINARY LOCAL CLIMATOLOGICAL DATA (WS FORM: F-6)

                                          STATION:   IMPERIAL CA
                                          MONTH:     SEPTEMBER
                                          YEAR:      2014
                                          LATITUDE:   32 50 N
                                          LONGITUDE: 115 35 W

  TEMPERATURE IN F:       :PCPN:    SNOW:  WIND      :SUNSHINE: SKY     :PK WND
================================================================================
1   2   3   4   5  6A  6B    7    8   9   10  11  12  13   14  15   16   17  18
                                     12Z  AVG MX 2MIN
DY MAX MIN AVG DEP HDD CDD  WTR  SNW DPTH SPD SPD DIR MIN PSBL S-S WX    SPD DR
================================================================================

 1 108  76  92   1   0  27 0.00  0.0    0  5.5 13 240   M    M   0        16 240
 2 109  72  91   1   0  26 0.00  0.0    0  4.9 16 270   M    M   0        22 260
 3 107  77  92   2   0  27 0.00  0.0    0  5.2 14 280   M    M   0        17 280
 4 107  77  92   2   0  27 0.00  0.0    0  6.7 22 150   M    M   0        28 150
 5 102  84  93   3   0  28 0.00  0.0    0 11.6 21 130   M    M   2        33 150
 6 103  82  93   4   0  28 0.00  0.0    0  8.4 18 160   M    M   0        25 130
 7  98  85  92   3   0  27 0.07  0.0    0  8.1 22 200   M    M   2 3      26 210
 8  99  81  90   1   0  25    T  0.0    0  9.0 21 120   M    M   2        24 130
 9 100  81  91   3   0  26 0.00  0.0    0  6.2 14 150   M    M   1         M  M
10 100  79  90   2   0  25 0.00  0.0    0  3.8  7 270   M    M   0         M  M
11 105  77  91   3   0  26 0.00  0.0    0  3.9  7  80   M    M   0         M  M
12 109  77  93   5   0  28 0.00  0.0    0  4.1  9  70   M    M   0        12  50
13 108  79  94   7   0  29 0.00  0.0    0  5.3 16 100   M    M   0        21 110
14 108  80  94   7   0  29 0.00  0.0    0  3.9 13 100   M    M   0        17  70
15 109  82  96  10   0  31 0.00  0.0    0  5.9 17 130   M    M   0        23 120
16 102  85  94   8   0  29 0.00  0.0    0 10.0 21 140   M    M   1        25 150
================================================================================
SM 1674 1274         0 438  0.07     0.0 102.5          M        8
================================================================================
AV104.6 79.6                               6.4 FASTST   M    M   1    MAX(MPH)
                                 MISC ---->  # 22 150               # 33  150
================================================================================
NOTES:
# LAST OF SEVERAL OCCURRENCES

COLUMN 17 PEAK WIND IN M.P.H.

PRELIMINARY LOCAL CLIMATOLOGICAL DATA (WS FORM: F-6) , PAGE 2

                                          STATION:  IMPERIAL CA
                                          MONTH:    SEPTEMBER
                                          YEAR:     2014
                                          LATITUDE:   32 50 N
                                          LONGITUDE: 115 35 W

[TEMPERATURE DATA]      [PRECIPITATION DATA]       SYMBOLS USED IN COLUMN 16

AVERAGE MONTHLY: 92.1   TOTAL FOR MONTH:   0.07    1 = FOG OR MIST
DPTR FM NORMAL:   3.6   DPTR FM NORMAL:   -0.07    2 = FOG REDUCING VISIBILITY
HIGHEST:   109 ON 15,12 GRTST 24HR  0.07 ON  7- 7      TO 1/4 MILE OR LESS
LOWEST:     72 ON  2                               3 = THUNDER
                        SNOW, ICE PELLETS, HAIL    4 = ICE PELLETS
                        TOTAL MONTH:   0.0 INCH    5 = HAIL
                        GRTST 24HR     0.0         6 = FREEZING RAIN OR DRIZZLE
                        GRTST DEPTH:   0           7 = DUSTSTORM OR SANDSTORM:
                                                       VSBY 1/2 MILE OR LESS
                                                   8 = SMOKE OR HAZE
[NO. OF DAYS WITH]      [WEATHER - DAYS WITH]      9 = BLOWING SNOW
                                                   X = TORNADO
MAX 32 OR BELOW:   0    0.01 INCH OR MORE:   1
MAX 90 OR ABOVE:  16    0.10 INCH OR MORE:   0
MIN 32 OR BELOW:   0    0.50 INCH OR MORE:   0
MIN  0 OR BELOW:   0    1.00 INCH OR MORE:   0

[HDD (BASE 65) ]
TOTAL THIS MO.     0    CLEAR  (SCALE 0-3)  16
DPTR FM NORMAL     0    PTCLDY (SCALE 4-7)   0
TOTAL FM JUL 1     0    CLOUDY (SCALE 8-10)  0
DPTR FM NORMAL     0

[CDD (BASE 65) ]
TOTAL THIS MO.   438
DPTR FM NORMAL    61    [PRESSURE DATA]
TOTAL FM JAN 1  3744    HIGHEST SLP M ON M
DPTR FM NORMAL   366    LOWEST  SLP 29.53 ON  3

[REMARKS]




U.S. Dept. of Commerce
NOAA National Weather Service
1325 East West Highway
Silver Spring, MD 20910
E-mail: w-nws.webmaster@noaa.gov
Page last modified: May 16, 2007
NATIONAL WEATHER SERVICE: for Safety, for Work, for Fun - FOR LIFE