758
CXUS55 KPSR 011005
CF6IPL
PRELIMINARY LOCAL CLIMATOLOGICAL DATA (WS FORM: F-6)

                                          STATION:   IMPERIAL CA
                                          MONTH:     JULY
                                          YEAR:      2014
                                          LATITUDE:   32 50 N
                                          LONGITUDE: 115 35 W

  TEMPERATURE IN F:       :PCPN:    SNOW:  WIND      :SUNSHINE: SKY     :PK WND
================================================================================
1   2   3   4   5  6A  6B    7    8   9   10  11  12  13   14  15   16   17  18
                                     12Z  AVG MX 2MIN
DY MAX MIN AVG DEP HDD CDD  WTR  SNW DPTH SPD SPD DIR MIN PSBL S-S WX    SPD DR
================================================================================

 1 108  78  93   3   0  28 0.00  0.0    0  9.5 15 120   M    M   0        17 140
 2 107  77  92   2   0  27 0.00  0.0    0  8.7 16 130   M    M   0        20 130
 3 107  80  94   3   0  29 0.00  0.0    0 12.1 24 130   M    M   1        30 130
 4 103  84  94   3   0  29 0.00  0.0    0 10.9 22 110   M    M   0        31 130
 5 106  84  95   4   0  30 0.00  0.0    0  8.1 18 150   M    M   0        22 150
 6 110  83  97   6   0  32 0.00  0.0    0  6.7 17 260   M    M   0        22 250
 7 113  81  97   6   0  32 0.00  0.0    0  7.0 17 260   M    M   0        22 250
 8 106  84  95   3   0  30    T  0.0    0 10.3 21 130   M    M   0        25 120
 9 106  84  95   3   0  30 0.00  0.0    0 12.0 22 140   M    M   0        27 140
10 108  81  95   3   0  30 0.00  0.0    0  8.1 20 260   M    M   0 8      26 260
11 106  78  92   0   0  27 0.00  0.0    0 10.1 24 270   M    M   0        32 260
12 108  74  91  -1   0  26 0.00  0.0    0  6.2 12  20   M    M   0        14 130
13 111  81  96   4   0  31    T  0.0    0 11.1 29 150   M    M   0        38 140
14 101  84  93   1   0  28 0.00  0.0    0 10.5 31 150   M    M   0        38 150
15 105  81  93   1   0  28 0.00  0.0    0  6.7 16 120   M    M   0        20 130
16 107  73  90  -3   0  25 0.00  0.0    0 11.5 24 260   M    M   0        31 260
17 106  80  93   0   0  28 0.00  0.0    0 13.4 22 260   M    M   0        28 260
18 104  76  90  -3   0  25 0.00  0.0    0  7.0 20 150   M    M   0        24 150
19 105  80  93   0   0  28    T  0.0    0  8.0 16 130   M    M   0 8      21 120
20 105  76  91  -2   0  26 0.00  0.0    0  5.4 14 140   M    M   0        18 110
21 107  75  91  -2   0  26 0.00  0.0    0  5.5 12 290   M    M   0        16  90
22 112  73  93   0   0  28 0.00  0.0    0  5.7 15 250   M    M   0        20 250
23 116  77  97   4   0  32 0.00  0.0    0  5.8 14 260   M    M   1        16 250
24 117  86 102   9   0  37 0.00  0.0    0  8.6 18 150   M    M   1         M  M
25 109  87  98   5   0  33 0.00  0.0    0 11.6 15 120   M    M   0        20  99
26 108  86  97   4   0  32 0.00  0.0    0  7.9 15 130   M    M   0        18 110
27 100  85  93   0   0  28 0.00  0.0    0  9.4 28 130   M    M   0 38     34 140
28 108  84  96   3   0  31 0.00  0.0    0  6.9 15 240   M    M   0        18 240
29 110  82  96   3   0  31 0.00  0.0    0  6.3 15 240   M    M   1        17 260
30 115  81  98   5   0  33 0.00  0.0    0  5.9 12 300   M    M   2        14 240
31 110  85  98   5   0  33 0.00  0.0    0  8.6 18 140   M    M   0        22 140
================================================================================
SM 3344 2500         0 913    T      0.0 265.5          M        6
================================================================================
AV107.9 80.6                               8.6 FASTST   M    M   0    MAX(MPH)
                                 MISC ---->  # 31 150               # 38  140
================================================================================
NOTES:
# LAST OF SEVERAL OCCURRENCES

COLUMN 17 PEAK WIND IN M.P.H.

PRELIMINARY LOCAL CLIMATOLOGICAL DATA (WS FORM: F-6) , PAGE 2

                                          STATION:  IMPERIAL CA
                                          MONTH:    JULY
                                          YEAR:     2014
                                          LATITUDE:   32 50 N
                                          LONGITUDE: 115 35 W

[TEMPERATURE DATA]      [PRECIPITATION DATA]       SYMBOLS USED IN COLUMN 16

AVERAGE MONTHLY: 94.3   TOTAL FOR MONTH:      T    1 = FOG OR MIST
DPTR FM NORMAL:   2.1   DPTR FM NORMAL:   -0.19    2 = FOG REDUCING VISIBILITY
HIGHEST:   117 ON 24    GRTST 24HR    T  ON 19-19      TO 1/4 MILE OR LESS
LOWEST:     73 ON 22,16                            3 = THUNDER
                        SNOW, ICE PELLETS, HAIL    4 = ICE PELLETS
                        TOTAL MONTH:   0.0 INCH    5 = HAIL
                        GRTST 24HR     0.0         6 = FREEZING RAIN OR DRIZZLE
                        GRTST DEPTH:   0           7 = DUSTSTORM OR SANDSTORM:
                                                       VSBY 1/2 MILE OR LESS
                                                   8 = SMOKE OR HAZE
[NO. OF DAYS WITH]      [WEATHER - DAYS WITH]      9 = BLOWING SNOW
                                                   X = TORNADO
MAX 32 OR BELOW:   0    0.01 INCH OR MORE:   0
MAX 90 OR ABOVE:  31    0.10 INCH OR MORE:   0
MIN 32 OR BELOW:   0    0.50 INCH OR MORE:   0
MIN  0 OR BELOW:   0    1.00 INCH OR MORE:   0

[HDD (BASE 65) ]
TOTAL THIS MO.     0    CLEAR  (SCALE 0-3)  31
DPTR FM NORMAL     0    PTCLDY (SCALE 4-7)   0
TOTAL FM JUL 1     0    CLOUDY (SCALE 8-10)  0
DPTR FM NORMAL     0

[CDD (BASE 65) ]
TOTAL THIS MO.   913
DPTR FM NORMAL    68    [PRESSURE DATA]
TOTAL FM JAN 1  2484    HIGHEST SLP 29.98 ON  5
DPTR FM NORMAL   335    LOWEST  SLP 29.61 ON 24

[REMARKS]
#FINAL-07-14#




U.S. Dept. of Commerce
NOAA National Weather Service
1325 East West Highway
Silver Spring, MD 20910
E-mail: w-nws.webmaster@noaa.gov
Page last modified: May 16, 2007
NATIONAL WEATHER SERVICE: for Safety, for Work, for Fun - FOR LIFE