306
CXUS55 KDVN 291100
CF6IOW
PRELIMINARY LOCAL CLIMATOLOGICAL DATA (WS FORM: F-6)

                                          STATION:   IOWA CITY IA
                                          MONTH:     JULY
                                          YEAR:      2014
                                          LATITUDE:   41 37 N
                                          LONGITUDE:  91 33 W

  TEMPERATURE IN F:       :PCPN:    SNOW:  WIND      :SUNSHINE: SKY     :PK WND
================================================================================
1   2   3   4   5  6A  6B    7    8   9   10  11  12  13   14  15   16   17  18
                                     12Z  AVG MX 2MIN
DY MAX MIN AVG DEP HDD CDD  WTR  SNW DPTH SPD SPD DIR MIN PSBL S-S WX    SPD DR
================================================================================

 1  79  64  72  -2   0   7 0.03    M    M 12.7 25 280   M    M   5 1      36 280
 2  65  55  60 -14   5   0 0.02    M    M  7.9 16 310   M    M   8 1      21 310
 3  77  53  65 -10   0   0 0.00    M    M  4.1 14 340   M    M   3        18  20
 4  78  53  66  -9   0   1 0.00    M    M  4.5 14 150   M    M   1        17 150
 5  67  59  63 -12   2   0 0.57    M    M  8.0 15 150   M    M   6 1      21 140
 6  86  65  76   1   0  11 0.03    M    M  9.0 20 220   M    M   6 3      27 200
 7  86  68  77   2   0  12 0.00    M    M  6.7 15 290   M    M   0        20 290
 8  80  65  73  -2   0   8 0.00    M    M 12.4 25 280   M    M   2        31 290
 9  79  59  69  -6   0   4 0.00    M    M  5.8 15 310   M    M   1        18 310
10  81  57  69  -6   0   4 0.00    M    M  5.8 13 160   M    M   0 1      17 200
11  81  60  71  -4   0   6    T    M    M  7.4 21 140   M    M   2        25 150
12  87  67  77   2   0  12 1.82    M    M  6.3 28 300   M    M   4 13     37 300
13  84  66  75   0   0  10 0.02    M    M  5.7 17 330   M    M   5        23 320
14  77  55  66  -9   0   1 0.00    M    M 11.4 25 330   M    M   2        33 330
15  70  53  62 -13   3   0 0.00    M    M  8.7 18 310   M    M   5        24 330
16  76  50  63 -12   2   0 0.00    M    M  4.7 13 310   M    M   2        19 300
17  78  53  66  -9   0   1 0.00    M    M  2.8 10 200   M    M   2        17 250
18  79  57  68  -7   0   3 0.00    M    M  4.9 15 160   M    M   2        19 160
19  80  58  69  -6   0   4 0.00    M    M  5.4 14 150   M    M   1        18 140
20  82  60  71  -4   0   6 0.00    M    M  6.9 17 150   M    M   1 1      22 170
21  86  64  75   0   0  10 0.00    M    M  9.9 18 150   M    M   0 1      26 150
22  90  74  82   7   0  17 0.03    M    M  9.3 17 280   M    M   0 3      23 200
23  81  61  71  -4   0   6 0.00    M    M  8.9 18  30   M    M   1        24  20
24  78  59  69  -6   0   4    T    M    M  5.7 16 160   M    M   1        20 160
25  78  61  70  -5   0   5 0.44    M    M  8.8 26 180   M    M   6 13     35 170
26  83  67  75   0   0  10 0.00    M    M  4.7 17  40   M    M   1 1      20  40
27  79  66  73  -2   0   8    T    M    M 13.2 28 310   M    M   2 1      37 290
28  75  59  67  -8   0   2 0.00    M    M  8.2 20  20   M    M   3        28  10
================================================================================
SM 2222 1688        12 152  2.96    M    209.8          M       72
================================================================================
AV 79.4 60.3                               7.5 FASTST   M    M   3    MAX(MPH)
                                 MISC ---->  # 28 300               # 37  300
================================================================================
NOTES:
# LAST OF SEVERAL OCCURRENCES

COLUMN 17 PEAK WIND IN M.P.H.

PRELIMINARY LOCAL CLIMATOLOGICAL DATA (WS FORM: F-6) , PAGE 2

                                          STATION:  IOWA CITY IA
                                          MONTH:    JULY
                                          YEAR:     2014
                                          LATITUDE:   41 37 N
                                          LONGITUDE:  91 33 W

[TEMPERATURE DATA]      [PRECIPITATION DATA]       SYMBOLS USED IN COLUMN 16

AVERAGE MONTHLY: 69.8   TOTAL FOR MONTH:   2.96    1 = FOG OR MIST
DPTR FM NORMAL:  -5.1   DPTR FM NORMAL:   -1.61    2 = FOG REDUCING VISIBILITY
HIGHEST:    90 ON 22    GRTST 24HR  3.73 ON 30- 1      TO 1/4 MILE OR LESS
LOWEST:     50 ON 16                               3 = THUNDER
                        SNOW, ICE PELLETS, HAIL    4 = ICE PELLETS
                        TOTAL MONTH:    M          5 = HAIL
                        GRTST 24HR    M  ON   M    6 = FREEZING RAIN OR DRIZZLE
                        GRTST DEPTH:  M  ON   M    7 = DUSTSTORM OR SANDSTORM:
                                                       VSBY 1/2 MILE OR LESS
                                                   8 = SMOKE OR HAZE
[NO. OF DAYS WITH]      [WEATHER - DAYS WITH]      9 = BLOWING SNOW
                                                   X = TORNADO
MAX 32 OR BELOW:   0    0.01 INCH OR MORE:   8
MAX 90 OR ABOVE:   1    0.10 INCH OR MORE:   3
MIN 32 OR BELOW:   0    0.50 INCH OR MORE:   2
MIN  0 OR BELOW:   0    1.00 INCH OR MORE:   1

[HDD (BASE 65) ]
TOTAL THIS MO.    12    CLEAR  (SCALE 0-3)  19
DPTR FM NORMAL    12    PTCLDY (SCALE 4-7)   8
TOTAL FM JUL 1    12    CLOUDY (SCALE 8-10)  1
DPTR FM NORMAL    12

[CDD (BASE 65) ]
TOTAL THIS MO.   152
DPTR FM NORMAL  -128    [PRESSURE DATA]
TOTAL FM JAN 1   455    HIGHEST SLP M ON M
DPTR FM NORMAL   -97    LOWEST  SLP 29.62 ON  7

[REMARKS]




U.S. Dept. of Commerce
NOAA National Weather Service
1325 East West Highway
Silver Spring, MD 20910
E-mail: w-nws.webmaster@noaa.gov
Page last modified: May 16, 2007
NATIONAL WEATHER SERVICE: for Safety, for Work, for Fun - FOR LIFE