326
CXUS55 KDVN 271100
CF6IOW
PRELIMINARY LOCAL CLIMATOLOGICAL DATA (WS FORM: F-6)

                                          STATION:   IOWA CITY IA
                                          MONTH:     NOVEMBER
                                          YEAR:      2014
                                          LATITUDE:   41 37 N
                                          LONGITUDE:  91 33 W

  TEMPERATURE IN F:       :PCPN:    SNOW:  WIND      :SUNSHINE: SKY     :PK WND
================================================================================
1   2   3   4   5  6A  6B    7    8   9   10  11  12  13   14  15   16   17  18
                                     12Z  AVG MX 2MIN
DY MAX MIN AVG DEP HDD CDD  WTR  SNW DPTH SPD SPD DIR MIN PSBL S-S WX    SPD DR
================================================================================

 1  45  25  35 -11  30   0 0.00    M    M  5.4 12 140   M    M   0        15 130
 2  52  28  40  -6  25   0 0.00    M    M 12.2 23 150   M    M   6        31 160
 3  67  41  54   9  11   0 0.07    M    M 11.9 22 200   M    M   4        28 190
 4  60  38  49   4  16   0 0.03    M    M 11.5 23 300   M    M   2 1      31 300
 5  61  30  46   2  19   0 0.03    M    M  7.9 24 300   M    M   4 1      33 300
 6  48  28  38  -6  27   0    T    M    M 14.6 28 330   M    M   5        39 320
 7  51  25  38  -5  27   0 0.00    M    M  7.4 21 160   M    M   1        26 150
 8  49  31  40  -3  25   0    T    M    M 13.8 32 320   M    M   4        47 310
 9  56  33  45   3  20   0 0.00    M    M  6.2 16 260   M    M   5        20 260
10  67  39  53  11  12   0    T    M    M 10.5 24 300   M    M   1 8      32 290
11  39  26  33  -9  32   0 0.03    M    M 18.0 26 320   M    M  10 1      34 330
12  26  19  23 -18  42   0    T    M    M 12.7 22 320   M    M   9        27 310
13  28  21  25 -15  40   0    T    M    M 11.4 22 290   M    M  10 8      26 290
14  28  12  20 -20  45   0 0.00    M    M  5.8 14 300   M    M   1        19 300
15  29  12  21 -18  44   0 0.04    M    M  3.1  9 180   M    M   6 18     11 180
16  27   6  17 -22  48   0    T    M    M  7.8 18 260   M    M   6 1      20 260
17  17   9  13 -25  52   0    T    M    M 16.0 30 280   M    M   5 8      37 280
18  21   6  14 -24  51   0    T    M    M 10.5 24 270   M    M   4        27 270
19  27  18  23 -14  42   0    T    M    M 13.3 30 300   M    M   9        39 310
20  28   9  19 -18  46   0 0.00    M    M  9.1 18 280   M    M   2        23 270
21  36   7  22 -14  43   0 0.06    M    M  8.1 17 140   M    M   3 1      23 170
22  54  33  44   8  21   0 0.01    M    M  7.5 16 180   M    M   9 12     21 190
23  52  39  46  11  19   0 0.73    M    M  7.8 25 320   M    M  10 128    35 330
24  39  21  30  -4  35   0 0.03    M    M 21.8 27 280   M    M  10 16     40 290
25  29  16  23 -11  42   0    T    M    M  8.6 22 300   M    M   0 1      27 300
26  30  19  25  -8  40   0    T    M    M  9.0 16  60   M    M   8 18     20  50
================================================================================
SM 1066  591       854   0  1.03    M    271.9          M      134
================================================================================
AV 41.0 22.7                              10.5 FASTST   M    M   5    MAX(MPH)
                                 MISC ---->  # 32 320               # 47  310
================================================================================
NOTES:
# LAST OF SEVERAL OCCURRENCES

COLUMN 17 PEAK WIND IN M.P.H.

PRELIMINARY LOCAL CLIMATOLOGICAL DATA (WS FORM: F-6) , PAGE 2

                                          STATION:  IOWA CITY IA
                                          MONTH:    NOVEMBER
                                          YEAR:     2014
                                          LATITUDE:   41 37 N
                                          LONGITUDE:  91 33 W

[TEMPERATURE DATA]      [PRECIPITATION DATA]       SYMBOLS USED IN COLUMN 16

AVERAGE MONTHLY: 31.9   TOTAL FOR MONTH:   1.03    1 = FOG OR MIST
DPTR FM NORMAL:  -8.1   DPTR FM NORMAL:   -1.02    2 = FOG REDUCING VISIBILITY
HIGHEST:    67 ON 10, 3 GRTST 24HR  0.76 ON 23-24      TO 1/4 MILE OR LESS
LOWEST:      6 ON 18,16                            3 = THUNDER
                        SNOW, ICE PELLETS, HAIL    4 = ICE PELLETS
                        TOTAL MONTH:    M          5 = HAIL
                        GRTST 24HR    M  ON   M    6 = FREEZING RAIN OR DRIZZLE
                        GRTST DEPTH:  M  ON   M    7 = DUSTSTORM OR SANDSTORM:
                                                       VSBY 1/2 MILE OR LESS
                                                   8 = SMOKE OR HAZE
[NO. OF DAYS WITH]      [WEATHER - DAYS WITH]      9 = BLOWING SNOW
                                                   X = TORNADO
MAX 32 OR BELOW:  11    0.01 INCH OR MORE:   9
MAX 90 OR ABOVE:   0    0.10 INCH OR MORE:   1
MIN 32 OR BELOW:  20    0.50 INCH OR MORE:   1
MIN  0 OR BELOW:   0    1.00 INCH OR MORE:   0

[HDD (BASE 65) ]
TOTAL THIS MO.   854    CLEAR  (SCALE 0-3)   7
DPTR FM NORMAL   202    PTCLDY (SCALE 4-7)  12
TOTAL FM JUL 1  1406    CLOUDY (SCALE 8-10)  7
DPTR FM NORMAL   229

[CDD (BASE 65) ]
TOTAL THIS MO.     0
DPTR FM NORMAL     0    [PRESSURE DATA]
TOTAL FM JAN 1   779    HIGHEST SLP M ON M
DPTR FM NORMAL  -133    LOWEST  SLP 29.15 ON M

[REMARKS]




U.S. Dept. of Commerce
NOAA National Weather Service
1325 East West Highway
Silver Spring, MD 20910
E-mail: w-nws.webmaster@noaa.gov
Page last modified: May 16, 2007
NATIONAL WEATHER SERVICE: for Safety, for Work, for Fun - FOR LIFE