071
CXUS56 KFGZ 280900
CF6INW
PRELIMINARY LOCAL CLIMATOLOGICAL DATA (WS FORM: F-6)

                                          STATION:   WINSLOW AZ AIRPORT
                                          MONTH:     NOVEMBER
                                          YEAR:      2014
                                          LATITUDE:   35  1 N
                                          LONGITUDE: 110 44 W

  TEMPERATURE IN F:       :PCPN:    SNOW:  WIND      :SUNSHINE: SKY     :PK WND
================================================================================
1   2   3   4   5  6A  6B    7    8   9   10  11  12  13   14  15   16   17  18
                                     12Z  AVG MX 2MIN
DY MAX MIN AVG DEP HDD CDD  WTR  SNW DPTH SPD SPD DIR MIN PSBL S-S WX    SPD DR
================================================================================

 1  76  52  64  14   1   0 0.00    M    M 15.9 35 200   M    M   0        44 190
 2  64  37  51   1  14   0 0.00    M    M 15.2 35 210   M    M   1        45 210
 3  57  25  41  -8  24   0 0.00    M    M  5.1 15 350   M    M   0        20 340
 4  60  31  46  -3  19   0 0.00    M    M  8.5 15 320   M    M   0        18 300
 5  64  25  45  -3  20   0 0.00    M    M  4.9 12 340   M    M   0 8      16 320
 6  68  24  46  -2  19   0 0.00    M    M  2.8 10 220   M    M   0        11 320
 7  71  25  48   0  17   0 0.00    M    M  3.5 10 260   M    M   0        13 120
 8  70  31  51   4  14   0 0.00    M    0  2.6 10 240   M    M   0        11 240
 9  74  32  53   6  12   0 0.00    M    0  5.6 16 230   M    M   0        22 230
10  74  42  58  12   7   0 0.00    M    0 15.1 38 230   M    M   0        47 220
11  72  36  54   8  11   0 0.00    M    M 11.5 26 230   M    M   0        34 250
12  70  43  57  11   8   0 0.00    M    M  8.3 21 230   M    M   0        29 230
13  70  37  54   9  11   0 0.00    M    M 10.5 25 230   M    M   0        30 220
14  62  36  49   4  16   0 0.00    M    M  9.9 23 230   M    M   1        28 240
15  67  33  50   6  15   0 0.00    M    M 11.4 31 230   M    M   0        37 250
16  51  18  35  -9  30   0    T    M    M 12.5 25 330   M    M   2        34 320
17  46  11  29 -14  36   0 0.00    M    M  2.7 10 360   M    M   0        14  10
18  51  10  31 -12  34   0 0.00    M    M  1.5  8 210   M    M   0         9 130
19  56  19  38  -4  27   0 0.00    M    M  4.4 12 100   M    M   1 8      15 100
20  63  19  41  -1  24   0 0.00    M    M  3.6 13 220   M    M   2        16 220
21  57  28  43   1  22   0 0.00  0.0    0  4.4 14 110   M    M   0        17 110
22  66  18  42   1  23   0 0.00    M    M  7.9 23 240   M    M   0        29 260
23  52  21  37  -4  28   0 0.00    M    M 14.8 32 330   M    M   1 8      42 320
24  52  12  32  -8  33   0 0.00    M    M  9.3 32 320   M    M   0 8      44 320
25  56  12  34  -6  31   0 0.00    M    M  4.2 12 270   M    M   0 8      15 100
26  62  19  41   1  24   0 0.00    M    M  2.9  9 110   M    M   0        12 110
27  64  20  42   3  23   0 0.00    M    M  3.8  9 120   M    M   0        11 130
================================================================================
SM 1695  716       543   0    T      0.0 202.8          M        8
================================================================================
AV 62.8 26.5                               7.5 FASTST   M    M   0    MAX(MPH)
                                 MISC ---->  # 38 230               # 47  220
================================================================================
NOTES:
# LAST OF SEVERAL OCCURRENCES

COLUMN 17 PEAK WIND IN M.P.H.

PRELIMINARY LOCAL CLIMATOLOGICAL DATA (WS FORM: F-6) , PAGE 2

                                          STATION:  WINSLOW AZ AIRPORT
                                          MONTH:    NOVEMBER
                                          YEAR:     2014
                                          LATITUDE:   35  1 N
                                          LONGITUDE: 110 44 W

[TEMPERATURE DATA]      [PRECIPITATION DATA]       SYMBOLS USED IN COLUMN 16

AVERAGE MONTHLY: 44.6   TOTAL FOR MONTH:      T    1 = FOG OR MIST
DPTR FM NORMAL:   0.0   DPTR FM NORMAL:   -0.46    2 = FOG REDUCING VISIBILITY
HIGHEST:    76 ON  1    GRTST 24HR    T  ON 16-16      TO 1/4 MILE OR LESS
LOWEST:     10 ON 18                               3 = THUNDER
                        SNOW, ICE PELLETS, HAIL    4 = ICE PELLETS
                        TOTAL MONTH:   0.0 INCH    5 = HAIL
                        GRTST 24HR     0.0         6 = FREEZING RAIN OR DRIZZLE
                        GRTST DEPTH:   0           7 = DUSTSTORM OR SANDSTORM:
                                                       VSBY 1/2 MILE OR LESS
                                                   8 = SMOKE OR HAZE
[NO. OF DAYS WITH]      [WEATHER - DAYS WITH]      9 = BLOWING SNOW
                                                   X = TORNADO
MAX 32 OR BELOW:   0    0.01 INCH OR MORE:   0
MAX 90 OR ABOVE:   0    0.10 INCH OR MORE:   0
MIN 32 OR BELOW:  19    0.50 INCH OR MORE:   0
MIN  0 OR BELOW:   0    1.00 INCH OR MORE:   0

[HDD (BASE 65) ]
TOTAL THIS MO.   543    CLEAR  (SCALE 0-3)  27
DPTR FM NORMAL    -7    PTCLDY (SCALE 4-7)   0
TOTAL FM JUL 1   701    CLOUDY (SCALE 8-10)  0
DPTR FM NORMAL  -155

[CDD (BASE 65) ]
TOTAL THIS MO.     0
DPTR FM NORMAL     0    [PRESSURE DATA]
TOTAL FM JAN 1  1327    HIGHEST SLP M ON M
DPTR FM NORMAL   119    LOWEST  SLP 29.70 ON 10

[REMARKS]




U.S. Dept. of Commerce
NOAA National Weather Service
1325 East West Highway
Silver Spring, MD 20910
E-mail: w-nws.webmaster@noaa.gov
Page last modified: May 16, 2007
NATIONAL WEATHER SERVICE: for Safety, for Work, for Fun - FOR LIFE