866
CXUS56 KFGZ 010900
CF6INW
PRELIMINARY LOCAL CLIMATOLOGICAL DATA (WS FORM: F-6)

                                          STATION:   WINSLOW AZ AIRPORT
                                          MONTH:     JULY
                                          YEAR:      2014
                                          LATITUDE:   35  1 N
                                          LONGITUDE: 110 44 W

  TEMPERATURE IN F:       :PCPN:    SNOW:  WIND      :SUNSHINE: SKY     :PK WND
================================================================================
1   2   3   4   5  6A  6B    7    8   9   10  11  12  13   14  15   16   17  18
                                     12Z  AVG MX 2MIN
DY MAX MIN AVG DEP HDD CDD  WTR  SNW DPTH SPD SPD DIR MIN PSBL S-S WX    SPD DR
================================================================================

 1 103  61  82   5   0  17 0.00    M    M  8.8 35 260   M    M   0        42 260
 2 100  60  80   3   0  15 0.00    M    M  7.7 31 310   M    M   0 3      39 310
 3 100  66  83   6   0  18 0.00    M    M 13.0 33 260   M    M   0 3      42 210
 4  93  68  81   3   0  16    T    M    M 10.5 29 200   M    M   3        35 200
 5  93  66  80   2   0  15 0.00    M    M  5.6 20 240   M    M   3        25 240
 6  93  66  80   2   0  15 0.21    M    M  6.1 37  70   M    M   4 3      50  80
 7  90  63  77  -1   0  12    T    M    M  8.9 25 230   M    M   1        32 230
 8  94  65  80   2   0  15    T    M    M  7.0 24 170   M    M   2 38     31 170
 9  92  64  78   0   0  13 0.00    M    M  8.4 23 260   M    M   2        28 260
10  94  62  78   0   0  13 0.00    M    M  8.8 24 260   M    M   2        30 260
11  94  62  78   0   0  13 0.00    M    M  5.8 20 240   M    M   0        26 250
12  97  70  84   6   0  19    T    M    M  9.1 23 220   M    M   3 3      27 220
13  98  68  83   5   0  18 0.00    M    M  8.9 33  10   M    M   0 3      44  10
14  93  65  79   0   0  14 0.02    M    M  9.9 28 100   M    M   2 3      35 100
15  94  66  80   1   0  15    T    M    M  6.4 29 220   M    M   3 3      39 270
16  89  65  77  -2   0  12 0.06    M    M 11.4 30 240   M    M   4 13     36 240
17  98  63  81   2   0  16 0.00    M    M 11.8 26 240   M    M   1        33 270
18  99  63  81   2   0  16 0.00    M    M  9.2 23 250   M    M   0        28 250
19  97  63  80   1   0  15 0.00    M    M  9.4 22 230   M    M   1 8      26 240
20  97  61  79   0   0  14 0.00    M    M  9.5 24 250   M    M   0 8      29 250
21  97  60  79   0   0  14 0.00    M    M  8.2 20 220   M    M   0 8      24 220
22 101  60  81   3   0  16    T    M    M  6.2 23 170   M    M   0        30 180
23  99  73  86   8   0  21 0.02    M    M 10.4 29 180   M    M   1 3      33 180
24 100  70  85   7   0  20 0.01    M    M  8.1 23 310   M    M   3        27 310
25  99  62  81   3   0  16    T    M    M  7.4 29 310   M    M   1 3      36 310
26  99  64  82   4   0  17    T  0.0    0  7.7 35 170   M    M   1 38     45 140
27  97  68  83   5   0  18    T  0.0    0 10.1 45 160   M    M   2 38     58 160
28  89  66  78   0   0  13    T    M    M  5.1 25 270   M    M   5        29 270
29  95  61  78   0   0  13 0.00    M    M  8.2 28 310   M    M   1 3      36 300
30  98  67  83   5   0  18 0.00    M    M  8.3 22 310   M    M   3 3      31 290
31  92  68  80   2   0  15 0.00    M    M 11.1 35 270   M    M   1        43 280
================================================================================
SM 2974 2006         0 482  0.32     0.0 267.0          M       49
================================================================================
AV 95.9 64.7                               8.6 FASTST   M    M   2    MAX(MPH)
                                 MISC ---->  # 45 160               # 58  160
================================================================================
NOTES:
# LAST OF SEVERAL OCCURRENCES

COLUMN 17 PEAK WIND IN M.P.H.

PRELIMINARY LOCAL CLIMATOLOGICAL DATA (WS FORM: F-6) , PAGE 2

                                          STATION:  WINSLOW AZ AIRPORT
                                          MONTH:    JULY
                                          YEAR:     2014
                                          LATITUDE:   35  1 N
                                          LONGITUDE: 110 44 W

[TEMPERATURE DATA]      [PRECIPITATION DATA]       SYMBOLS USED IN COLUMN 16

AVERAGE MONTHLY: 80.3   TOTAL FOR MONTH:   0.32    1 = FOG OR MIST
DPTR FM NORMAL:   2.1   DPTR FM NORMAL:   -0.72    2 = FOG REDUCING VISIBILITY
HIGHEST:   103 ON  1    GRTST 24HR  0.21 ON  6- 6      TO 1/4 MILE OR LESS
LOWEST:     60 ON 22,21                            3 = THUNDER
                        SNOW, ICE PELLETS, HAIL    4 = ICE PELLETS
                        TOTAL MONTH:   0.0 INCH    5 = HAIL
                        GRTST 24HR     0.0         6 = FREEZING RAIN OR DRIZZLE
                        GRTST DEPTH:   0           7 = DUSTSTORM OR SANDSTORM:
                                                       VSBY 1/2 MILE OR LESS
                                                   8 = SMOKE OR HAZE
[NO. OF DAYS WITH]      [WEATHER - DAYS WITH]      9 = BLOWING SNOW
                                                   X = TORNADO
MAX 32 OR BELOW:   0    0.01 INCH OR MORE:   5
MAX 90 OR ABOVE:  29    0.10 INCH OR MORE:   1
MIN 32 OR BELOW:   0    0.50 INCH OR MORE:   0
MIN  0 OR BELOW:   0    1.00 INCH OR MORE:   0

[HDD (BASE 65) ]
TOTAL THIS MO.     0    CLEAR  (SCALE 0-3)  26
DPTR FM NORMAL     0    PTCLDY (SCALE 4-7)   5
TOTAL FM JUL 1     0    CLOUDY (SCALE 8-10)  0
DPTR FM NORMAL     0

[CDD (BASE 65) ]
TOTAL THIS MO.   482
DPTR FM NORMAL    73    [PRESSURE DATA]
TOTAL FM JAN 1   819    HIGHEST SLP M ON M
DPTR FM NORMAL   102    LOWEST  SLP 29.81 ON  1

[REMARKS]
#FINAL-07-14#




U.S. Dept. of Commerce
NOAA National Weather Service
1325 East West Highway
Silver Spring, MD 20910
E-mail: w-nws.webmaster@noaa.gov
Page last modified: May 16, 2007
NATIONAL WEATHER SERVICE: for Safety, for Work, for Fun - FOR LIFE