519
CXUS56 KFGZ 240900
CF6INW
PRELIMINARY LOCAL CLIMATOLOGICAL DATA (WS FORM: F-6)

                                          STATION:   WINSLOW AZ AIRPORT
                                          MONTH:     APRIL
                                          YEAR:      2014
                                          LATITUDE:   35  1 N
                                          LONGITUDE: 110 44 W

  TEMPERATURE IN F:       :PCPN:    SNOW:  WIND      :SUNSHINE: SKY     :PK WND
================================================================================
1   2   3   4   5  6A  6B    7    8   9   10  11  12  13   14  15   16   17  18
                                     12Z  AVG MX 2MIN
DY MAX MIN AVG DEP HDD CDD  WTR  SNW DPTH SPD SPD DIR MIN PSBL S-S WX    SPD DR
================================================================================

 1  69  39  54   4  11   0 0.00    M    M 19.3 45 220   M    M   0        58 220
 2  59  35  47  -3  18   0 0.03    M    M 16.5 33 230   M    M   5 1      40 240
 3  58  26  42  -9  23   0 0.00    M    M  6.1 16 330   M    M   2        21 330
 4  68  26  47  -4  18   0 0.00    M    M  7.3 21 230   M    M   0        32 230
 5  62  40  51   0  14   0 0.00    M    M  9.3 26 290   M    M   5        33 300
 6  65  32  49  -3  16   0 0.00    M    M 10.1 24 320   M    M   0        34 330
 7  71  31  51  -1  14   0 0.00    M    M  8.0 18 340   M    M   0        28 360
 8  78  30  54   2  11   0 0.00    M    M  4.1 13 330   M    M   0        17 330
 9  84  37  61   9   4   0 0.00    M    M 10.7 24 240   M    M   0        30 250
10  83  44  64  12   1   0 0.00    M    M 11.9 29 250   M    M   0        37 240
11  81  41  61   8   4   0 0.00    M    M 10.9 24 250   M    M   1        33 250
12  77  45  61   8   4   0 0.00    M    M 13.1 26 230   M    M   1        37 230
13  77  47  62   9   3   0 0.00    M    M 25.3 47 250   M    M   1        58 240
14  63  30  47  -7  18   0 0.00    M    M  7.5 21  20   M    M   0        28  20
15  73  24  49  -5  16   0 0.00    M    M  6.2 17 240   M    M   0        20 240
16  78  33  56   2   9   0 0.00    M    M  5.7 17 300   M    M   0        23  20
17  79  36  58   3   7   0 0.00    M    M  5.2 14  80   M    M   0 8      17  80
18  71  46  59   4   6   0    T    M    M 11.2 30 200   M    M   4        36 200
19  71  36  54  -1  11   0    T    M    M  7.4 28 160   M    M   4        34 160
20  78  40  59   3   6   0 0.00    M    M  6.9 20 270   M    M   0        24 240
21  83  46  65   9   0   0 0.00    M    M  5.7 28 230   M    M   2        34 230
22  83  48  66  10   0   1 0.00    M    0 15.1 33 190   M    M   1        45 180
23  72  43  58   2   7   0 0.00    M    0 10.5 23 270   M    M   0        29 280
================================================================================
SM 1683  855       221   1  0.03    M    234.0          M       26
================================================================================
AV 73.2 37.2                              10.2 FASTST   M    M   1    MAX(MPH)
                                 MISC ---->  # 47 250               # 58  220
================================================================================
NOTES:
# LAST OF SEVERAL OCCURRENCES

COLUMN 17 PEAK WIND IN M.P.H.

PRELIMINARY LOCAL CLIMATOLOGICAL DATA (WS FORM: F-6) , PAGE 2

                                          STATION:  WINSLOW AZ AIRPORT
                                          MONTH:    APRIL
                                          YEAR:     2014
                                          LATITUDE:   35  1 N
                                          LONGITUDE: 110 44 W

[TEMPERATURE DATA]      [PRECIPITATION DATA]       SYMBOLS USED IN COLUMN 16

AVERAGE MONTHLY: 55.2   TOTAL FOR MONTH:   0.03    1 = FOG OR MIST
DPTR FM NORMAL:   2.0   DPTR FM NORMAL:   -0.18    2 = FOG REDUCING VISIBILITY
HIGHEST:    84 ON  9    GRTST 24HR  0.03 ON  2- 2      TO 1/4 MILE OR LESS
LOWEST:     24 ON 15                               3 = THUNDER
                        SNOW, ICE PELLETS, HAIL    4 = ICE PELLETS
                        TOTAL MONTH:    M          5 = HAIL
                        GRTST 24HR    M  ON   M    6 = FREEZING RAIN OR DRIZZLE
                        GRTST DEPTH:   0           7 = DUSTSTORM OR SANDSTORM:
                                                       VSBY 1/2 MILE OR LESS
                                                   8 = SMOKE OR HAZE
[NO. OF DAYS WITH]      [WEATHER - DAYS WITH]      9 = BLOWING SNOW
                                                   X = TORNADO
MAX 32 OR BELOW:   0    0.01 INCH OR MORE:   1
MAX 90 OR ABOVE:   0    0.10 INCH OR MORE:   0
MIN 32 OR BELOW:   7    0.50 INCH OR MORE:   0
MIN  0 OR BELOW:   0    1.00 INCH OR MORE:   0

[HDD (BASE 65) ]
TOTAL THIS MO.   221    CLEAR  (SCALE 0-3)  19
DPTR FM NORMAL   -53    PTCLDY (SCALE 4-7)   4
TOTAL FM JUL 1  4079    CLOUDY (SCALE 8-10)  0
DPTR FM NORMAL  -248

[CDD (BASE 65) ]
TOTAL THIS MO.     1
DPTR FM NORMAL     1    [PRESSURE DATA]
TOTAL FM JAN 1     1    HIGHEST SLP M ON M
DPTR FM NORMAL     1    LOWEST  SLP 29.63 ON M

[REMARKS]




U.S. Dept. of Commerce
NOAA National Weather Service
1325 East West Highway
Silver Spring, MD 20910
E-mail: w-nws.webmaster@noaa.gov
Page last modified: May 16, 2007
NATIONAL WEATHER SERVICE: for Safety, for Work, for Fun - FOR LIFE