691
CXUS53 KDLH 010620
CF6INL
PRELIMINARY LOCAL CLIMATOLOGICAL DATA (WS FORM: F-6)

                                          STATION:   INTERNATIONAL FALLS MN
                                          MONTH:     NOVEMBER
                                          YEAR:      2014
                                          LATITUDE:   48 34 N
                                          LONGITUDE:  93 23 W

  TEMPERATURE IN F:       :PCPN:    SNOW:  WIND      :SUNSHINE: SKY     :PK WND
================================================================================
1   2   3   4   5  6A  6B    7    8   9   10  11  12  13   14  15   16   17  18
                                     12Z  AVG MX 2MIN
DY MAX MIN AVG DEP HDD CDD  WTR  SNW DPTH SPD SPD DIR MIN PSBL S-S WX    SPD DR
================================================================================

 1  44  16  30  -4  35   0    T    T    0  6.4 10 150   M    M   0        20 180
 2  48  30  39   5  26   0 0.00  0.0    0  6.6 14 140   M    M   0        18 140
 3  53  31  42   9  23   0 0.05  0.0    0  4.9  9 210   M    M   3 1      13 210
 4  40  33  37   5  28   0 0.02  0.1    0 11.8 22 290   M    M  10 1      28 290
 5  42  31  37   5  28   0 0.00  0.0    0  6.1 13 290   M    M   7        18 290
 6  39  28  34   3  31   0    T    T    0  4.3 10 280   M    M  10 1      14 260
 7  39  28  34   3  31   0 0.19    T    0  9.9 26 310   M    M  10 1      37 320
 8  33  21  27  -3  38   0    T  0.3    T 12.8 29 330   M    M   6 1      37 330
 9  26  14  20 -10  45   0    T  0.1    T  8.5 17 290   M    M   7 18     23 290
10  25  14  20  -9  45   0    T    T    T  7.1 15  50   M    M  10        22 360
11  24  15  20  -8  45   0 0.01  0.1    T 11.0 16 350   M    M   8 1      22  20
12  29  17  23  -5  42   0 0.05  1.1    T  8.2 15 350   M    M  10 12      M  M
13  25   0  13 -14  52   0 0.05  1.1    1  5.9 16 300   M    M   7 18     20 330
14  22  -1  11 -16  54   0 0.00  0.0    2  6.1 13 270   M    M   0        17 270
15  21  -1  10 -16  55   0 0.00  0.0    2  7.7 18 270   M    M   0        23 250
16  13   3   8 -17  57   0 0.02  0.7    2  9.2 17 290   M    M   8 18     22 300
17  18   4  11 -14  54   0 0.01  0.2    3 11.1 22 320   M    M   9 18     30 330
18  16   8  12 -12  53   0 0.02  0.7    3  6.5 15 310   M    M   8 18     21 310
19  20   6  13 -11  52   0 0.07  2.0    4  9.7 26 320   M    M   9 18     36 320
20  11 -13  -1 -24  66   0    T  0.1    5  7.6 17 290   M    M   3 8      24 300
21  30  -2  14  -8  51   0 0.00  0.0    4  9.4 21 210   M    M   3        28 210
22  37  27  32  10  33   0    T    T    4  6.7 12 140   M    M   7 1      16 140
23  36  32  34  13  31   0    T  0.0    3  3.5 12 150   M    M  10 1      16 150
24  33  11  22   2  43   0    T  0.3    2 14.4 23 350   M    M  10 1      31 340
25  18  -4   7 -13  58   0 0.01  0.8    2  3.6  9 280   M    M   8 1      13 280
26  15 -10   3 -16  62   0 0.03  0.7    4  8.1 14 350   M    M   4 1      19 350
27   3 -20  -8 -26  73   0    T    T    4  2.0  9 240   M    M   1        11 230
28  18   1  10  -8  55   0 0.03  0.5    4  6.4 13 120   M    M  10 18     19 140
29  25   5  15  -2  50   0 0.01  0.2    5  8.6 23 280   M    M  10 18     31 300
30   9  -6   2 -15  63   0    T  0.2    4 11.5 23 290   M    M   2 8      33 270
================================================================================
SM  812  318      1379   0  0.57     9.2 235.6          M      190
================================================================================
AV 27.1 10.6                               7.9 FASTST   M    M   6    MAX(MPH)
                                 MISC ---->  # 29 330               # 37  320
================================================================================
NOTES:
# LAST OF SEVERAL OCCURRENCES

COLUMN 17 PEAK WIND IN M.P.H.

PRELIMINARY LOCAL CLIMATOLOGICAL DATA (WS FORM: F-6) , PAGE 2

                                          STATION:  INTERNATIONAL FALLS MN
                                          MONTH:    NOVEMBER
                                          YEAR:     2014
                                          LATITUDE:   48 34 N
                                          LONGITUDE:  93 23 W

[TEMPERATURE DATA]      [PRECIPITATION DATA]       SYMBOLS USED IN COLUMN 16

AVERAGE MONTHLY: 18.8   TOTAL FOR MONTH:   0.57    1 = FOG OR MIST
DPTR FM NORMAL:  -6.7   DPTR FM NORMAL:   -0.81    2 = FOG REDUCING VISIBILITY
HIGHEST:    53 ON  3    GRTST 24HR  0.19 ON  7- 7      TO 1/4 MILE OR LESS
LOWEST:    -20 ON 27                               3 = THUNDER
                        SNOW, ICE PELLETS, HAIL    4 = ICE PELLETS
                        TOTAL MONTH:   9.2 INCHES  5 = HAIL
                        GRTST 24HR   2.0 ON 19-19  6 = FREEZING RAIN OR DRIZZLE
                        GRTST DEPTH:   5 ON 29,20  7 = DUSTSTORM OR SANDSTORM:
                                                       VSBY 1/2 MILE OR LESS
                                                   8 = SMOKE OR HAZE
[NO. OF DAYS WITH]      [WEATHER - DAYS WITH]      9 = BLOWING SNOW
                                                   X = TORNADO
MAX 32 OR BELOW:  19    0.01 INCH OR MORE:  14
MAX 90 OR ABOVE:   0    0.10 INCH OR MORE:   1
MIN 32 OR BELOW:  29    0.50 INCH OR MORE:   0
MIN  0 OR BELOW:   9    1.00 INCH OR MORE:   0

[HDD (BASE 65) ]
TOTAL THIS MO.  1379    CLEAR  (SCALE 0-3)   8
DPTR FM NORMAL   195    PTCLDY (SCALE 4-7)  11
TOTAL FM JUL 1  2611    CLOUDY (SCALE 8-10) 11
DPTR FM NORMAL   150

[CDD (BASE 65) ]
TOTAL THIS MO.     0
DPTR FM NORMAL     0    [PRESSURE DATA]
TOTAL FM JAN 1   121    HIGHEST SLP M ON M
DPTR FM NORMAL   -71    LOWEST  SLP 29.24 ON 24

[REMARKS]
#FINAL-11-14#




U.S. Dept. of Commerce
NOAA National Weather Service
1325 East West Highway
Silver Spring, MD 20910
E-mail: w-nws.webmaster@noaa.gov
Page last modified: May 16, 2007
NATIONAL WEATHER SERVICE: for Safety, for Work, for Fun - FOR LIFE