275
CXUS53 KDLH 290638
CF6INL
PRELIMINARY LOCAL CLIMATOLOGICAL DATA (WS FORM: F-6)

                                          STATION:   INTERNATIONAL FALLS MN
                                          MONTH:     JULY
                                          YEAR:      2014
                                          LATITUDE:   48 34 N
                                          LONGITUDE:  93 23 W

  TEMPERATURE IN F:       :PCPN:    SNOW:  WIND      :SUNSHINE: SKY     :PK WND
================================================================================
1   2   3   4   5  6A  6B    7    8   9   10  11  12  13   14  15   16   17  18
                                     12Z  AVG MX 2MIN
DY MAX MIN AVG DEP HDD CDD  WTR  SNW DPTH SPD SPD DIR MIN PSBL S-S WX    SPD DR
================================================================================

 1  61  51  56  -8   9   0 0.02  0.0    0 11.9 20 340   M    M   9 18     27 330
 2  71  44  58  -6   7   0 0.00  0.0    0  6.0 16 320   M    M   4        22 360
 3  75  44  60  -4   5   0 0.00  0.0    0  3.2 10 310   M    M   4        14 330
 4  77  42  60  -5   5   0 0.41  0.0    0  5.1 18 210   M    M   4 1      25 210
 5  82  59  71   6   0   6 0.37  0.0    0  6.5 16 210   M    M   5 13     25 220
 6  81  61  71   6   0   6    T  0.0    0  9.4 23 300   M    M   4 13     32 300
 7  79  57  68   3   0   3 0.03  0.0    0  6.2 25 340   M    M   1 13     35 340
 8  68  52  60  -5   5   0 0.02  0.0    0  7.8 22 340   M    M   8 18     28 350
 9  72  42  57  -8   8   0 0.00  0.0    0  2.0 12 340   M    M   3 1      14 330
10  79  44  62  -3   3   0 0.08  0.0    0  4.3 14 240   M    M   1 138    20 200
11  82  54  68   3   0   3 0.25  0.0    0  6.6 22 310   M    M   5 138    44 290
12  76  48  62  -3   3   0 0.01  0.0    0  5.3 32 330   M    M   1 3      42 330
13  67  47  57  -8   8   0 0.05  0.0    0 10.4 28 310   M    M   6 18     35 320
14  60  49  55 -10  10   0 0.46  0.0    0 11.9 23 360   M    M  10 18     31 360
15  72  44  58  -7   7   0 0.00  0.0    0  6.9 17 360   M    M   3        21 360
16  75  39  57  -8   8   0 0.00  0.0    0  2.7 12 310   M    M   2        17 310
17  79  44  62  -4   3   0 0.00  0.0    0  2.6 10 230   M    M   1        17 210
18  79  59  69   3   0   4 0.00  0.0    0  7.7 16 190   M    M   2 3      28 190
19  73  53  63  -3   2   0 0.93  0.0    0  5.8 14 300   M    M   5 138    21 220
20  86  52  69   3   0   4 0.00  0.0    0  7.8 18 240   M    M   3 123    28 250
21  90  62  76  10   0  11 1.10  0.0    0  2.8 22  60   M    M   2 123    35 260
22  76  57  67   1   0   2 0.56  0.0    0 10.2 21 320   M    M   5 1      27 330
23  72  49  61  -5   4   0 0.00  0.0    0  3.5 12  80   M    M   4        15  50
24  77  46  62  -4   3   0 0.00  0.0    0  2.5 10 150   M    M   2        16 220
25  75  57  66   0   0   1 0.07  0.0    0  4.1 10 220   M    M   6 13     15 230
26  83  53  68   2   0   3 0.03  0.0    0  5.8 25 230   M    M   2 3      36 220
27  71  48  60  -6   5   0 0.15    M    0  7.8 17  40   M    M   7 1      24  40
28  76  47  62  -3   3   0 0.00  0.0    0  5.7 16 360   M    M   2        20 360
================================================================================
SM 2114 1404        98  43  4.54     0.0 172.5          M      111
================================================================================
AV 75.5 50.1                               6.2 FASTST   M    M   4    MAX(MPH)
                                 MISC ---->  # 32 330               # 44  290
================================================================================
NOTES:
# LAST OF SEVERAL OCCURRENCES

COLUMN 17 PEAK WIND IN M.P.H.

PRELIMINARY LOCAL CLIMATOLOGICAL DATA (WS FORM: F-6) , PAGE 2

                                          STATION:  INTERNATIONAL FALLS MN
                                          MONTH:    JULY
                                          YEAR:     2014
                                          LATITUDE:   48 34 N
                                          LONGITUDE:  93 23 W

[TEMPERATURE DATA]      [PRECIPITATION DATA]       SYMBOLS USED IN COLUMN 16

AVERAGE MONTHLY: 62.8   TOTAL FOR MONTH:   4.54    1 = FOG OR MIST
DPTR FM NORMAL:  -2.5   DPTR FM NORMAL:    1.13    2 = FOG REDUCING VISIBILITY
HIGHEST:    90 ON 21    GRTST 24HR  1.66 ON 21-22      TO 1/4 MILE OR LESS
LOWEST:     39 ON 16                               3 = THUNDER
                        SNOW, ICE PELLETS, HAIL    4 = ICE PELLETS
                        TOTAL MONTH:   0.0 INCH    5 = HAIL
                        GRTST 24HR     0.0         6 = FREEZING RAIN OR DRIZZLE
                        GRTST DEPTH:   0           7 = DUSTSTORM OR SANDSTORM:
                                                       VSBY 1/2 MILE OR LESS
                                                   8 = SMOKE OR HAZE
[NO. OF DAYS WITH]      [WEATHER - DAYS WITH]      9 = BLOWING SNOW
                                                   X = TORNADO
MAX 32 OR BELOW:   0    0.01 INCH OR MORE:  16
MAX 90 OR ABOVE:   1    0.10 INCH OR MORE:   8
MIN 32 OR BELOW:   0    0.50 INCH OR MORE:   3
MIN  0 OR BELOW:   0    1.00 INCH OR MORE:   1

[HDD (BASE 65) ]
TOTAL THIS MO.    98    CLEAR  (SCALE 0-3)  12
DPTR FM NORMAL    35    PTCLDY (SCALE 4-7)  14
TOTAL FM JUL 1    98    CLOUDY (SCALE 8-10)  2
DPTR FM NORMAL    35

[CDD (BASE 65) ]
TOTAL THIS MO.    43
DPTR FM NORMAL   -24    [PRESSURE DATA]
TOTAL FM JAN 1    95    HIGHEST SLP M ON M
DPTR FM NORMAL   -19    LOWEST  SLP 29.38 ON  1

[REMARKS]




U.S. Dept. of Commerce
NOAA National Weather Service
1325 East West Highway
Silver Spring, MD 20910
E-mail: w-nws.webmaster@noaa.gov
Page last modified: May 16, 2007
NATIONAL WEATHER SERVICE: for Safety, for Work, for Fun - FOR LIFE