606
CXUS53 KDLH 290633
CF6INL
PRELIMINARY LOCAL CLIMATOLOGICAL DATA (WS FORM: F-6)

                                          STATION:   INTERNATIONAL FALLS MN
                                          MONTH:     AUGUST
                                          YEAR:      2014
                                          LATITUDE:   48 34 N
                                          LONGITUDE:  93 23 W

  TEMPERATURE IN F:       :PCPN:    SNOW:  WIND      :SUNSHINE: SKY     :PK WND
================================================================================
1   2   3   4   5  6A  6B    7    8   9   10  11  12  13   14  15   16   17  18
                                     12Z  AVG MX 2MIN
DY MAX MIN AVG DEP HDD CDD  WTR  SNW DPTH SPD SPD DIR MIN PSBL S-S WX    SPD DR
================================================================================

 1  79  45  62  -3   3   0 0.00  0.0    0  1.8  8  50   M    M   0 1      12  50
 2  81  44  63  -2   2   0 0.01  0.0    0  3.4 13 340   M    M   4 138    23 300
 3  73  45  59  -6   6   0 0.00  0.0    0  4.4 13 360   M    M   4 12     18  20
 4  76  41  59  -6   6   0 0.00  0.0    0  2.3 13  10   M    M   0 1      16 360
 5  79  48  64  -1   1   0 0.00  0.0    0  4.2 13 310   M    M   3        17 260
 6  80  50  65   0   0   0 0.00  0.0    0  3.6 10 140   M    M   1 12     14 120
 7  79  48  64  -1   1   0 0.00  0.0    0  4.0 12 140   M    M   1        15 150
 8  82  52  67   2   0   2 0.00  0.0    0  2.7  9 230   M    M   1 1      15 200
 9  82  51  67   2   0   2 0.00  0.0    0  2.8 12 210   M    M   1        16 150
10  73  54  64  -1   1   0 0.19  0.0    0  3.6 12 300   M    M   7 18     16 250
11  74  44  59  -5   6   0 0.00  0.0    0  7.2 16 350   M    M   1        21 340
12  79  40  60  -4   5   0 0.07  0.0    0  5.0 21 330   M    M   3 1      29 300
13  72  42  57  -7   8   0 0.00  0.0    0  3.3 13  40   M    M   1 12     16  40
14  75  37  56  -8   9   0 0.00  0.0    0  3.6 12 140   M    M   0        15 140
15  84  52  68   4   0   3 0.00  0.0    0  4.0 12 250   M    M   1        16 220
16  75  54  65   1   0   0    T  0.0    0  6.7 13  40   M    M   5 1      18  10
17  69  55  62  -2   3   0 0.00  0.0    0  7.5 14 120   M    M   5        18 120
18  65  56  61  -2   4   0 0.01  0.0    0  2.5  9 130   M    M  10 1      11 140
19  73  50  62  -1   3   0 0.02  0.0    0  4.3 12  30   M    M   7 1      14  40
20  76  49  63   0   2   0 0.00  0.0    0  3.9 14 120   M    M   4 12     18  90
21  70  55  63   0   2   0 0.01  0.0    0  8.0 14 140   M    M   8 18     17 130
22  75  60  68   6   0   3 0.00  0.0    0  3.3  9  80   M    M   8 1      11  70
23  76  56  66   4   0   1 0.00  0.0    0  6.4 14 110   M    M   8 12     18 100
24  77  63  70   8   0   5 0.32  0.0    0 10.4 22 140   M    M   9 13     31 130
25  67  50  59  -3   6   0    T  0.0    0 10.0 23 240   M    M   6 1      35 240
26  62  39  51 -10  14   0 0.00  0.0    0  7.6 16 310   M    M   8        22 270
27  72  35  54  -7  11   0 0.00  0.0    0  1.7 12 270   M    M   3        15 250
28  73  43  58  -3   7   0 0.03    M    0  3.3 13 220   M    M   6 128    20 180
================================================================================
SM 2098 1358       100  16  0.66     0.0 131.5          M      115
================================================================================
AV 74.9 48.5                               4.7 FASTST   M    M   4    MAX(MPH)
                                 MISC ---->  # 23 240               # 35  240
================================================================================
NOTES:
# LAST OF SEVERAL OCCURRENCES

COLUMN 17 PEAK WIND IN M.P.H.

PRELIMINARY LOCAL CLIMATOLOGICAL DATA (WS FORM: F-6) , PAGE 2

                                          STATION:  INTERNATIONAL FALLS MN
                                          MONTH:    AUGUST
                                          YEAR:     2014
                                          LATITUDE:   48 34 N
                                          LONGITUDE:  93 23 W

[TEMPERATURE DATA]      [PRECIPITATION DATA]       SYMBOLS USED IN COLUMN 16

AVERAGE MONTHLY: 61.7   TOTAL FOR MONTH:   0.66    1 = FOG OR MIST
DPTR FM NORMAL:  -1.9   DPTR FM NORMAL:   -1.87    2 = FOG REDUCING VISIBILITY
HIGHEST:    84 ON 15    GRTST 24HR  0.32 ON 24-24      TO 1/4 MILE OR LESS
LOWEST:     35 ON 27                               3 = THUNDER
                        SNOW, ICE PELLETS, HAIL    4 = ICE PELLETS
                        TOTAL MONTH:   0.0 INCH    5 = HAIL
                        GRTST 24HR     0.0         6 = FREEZING RAIN OR DRIZZLE
                        GRTST DEPTH:   0           7 = DUSTSTORM OR SANDSTORM:
                                                       VSBY 1/2 MILE OR LESS
                                                   8 = SMOKE OR HAZE
[NO. OF DAYS WITH]      [WEATHER - DAYS WITH]      9 = BLOWING SNOW
                                                   X = TORNADO
MAX 32 OR BELOW:   0    0.01 INCH OR MORE:   8
MAX 90 OR ABOVE:   0    0.10 INCH OR MORE:   2
MIN 32 OR BELOW:   0    0.50 INCH OR MORE:   0
MIN  0 OR BELOW:   0    1.00 INCH OR MORE:   0

[HDD (BASE 65) ]
TOTAL THIS MO.   100    CLEAR  (SCALE 0-3)  10
DPTR FM NORMAL     8    PTCLDY (SCALE 4-7)  14
TOTAL FM JUL 1   203    CLOUDY (SCALE 8-10)  4
DPTR FM NORMAL    41

[CDD (BASE 65) ]
TOTAL THIS MO.    16
DPTR FM NORMAL   -34    [PRESSURE DATA]
TOTAL FM JAN 1   111    HIGHEST SLP M ON M
DPTR FM NORMAL   -62    LOWEST  SLP 29.66 ON 19

[REMARKS]




U.S. Dept. of Commerce
NOAA National Weather Service
1325 East West Highway
Silver Spring, MD 20910
E-mail: w-nws.webmaster@noaa.gov
Page last modified: May 16, 2007
NATIONAL WEATHER SERVICE: for Safety, for Work, for Fun - FOR LIFE