084
CXUS54 KMAF 011100
CF6INK
PRELIMINARY LOCAL CLIMATOLOGICAL DATA (WS FORM: F-6)

                                          STATION:   Wink
                                          MONTH:     AUGUST
                                          YEAR:      2014
                                          LATITUDE:   31 46 N
                                          LONGITUDE: 103 12 W

  TEMPERATURE IN F:       :PCPN:    SNOW:  WIND      :SUNSHINE: SKY     :PK WND
================================================================================
1   2   3   4   5  6A  6B    7    8   9   10  11  12  13   14  15   16   17  18
                                     12Z  AVG MX 2MIN
DY MAX MIN AVG DEP HDD CDD  WTR  SNW DPTH SPD SPD DIR MIN PSBL S-S WX    SPD DR
================================================================================

 1  87  70  79  -5   0  14    T  0.0    0  8.0 16 100   M    M   5        21 100
 2  91  71  81  -3   0  16    T  0.0    0  8.6 17  80   M    M   7        24  80
 3  94  69  82  -2   0  17 0.00  0.0    0  5.8 15  80   M    M   5        19 120
 4  96  69  83  -1   0  18 0.00  0.0    0  9.2 17  80   M    M   0        24 110
 5  98  72  85   1   0  20 0.00  0.0    0  9.6 21 140   M    M   0        26 140
 6 101  74  88   5   0  23 0.00  0.0    0 10.0 18 150   M    M   0        23 150
 7 104  74  89   6   0  24 0.00  0.0    0 10.0 21 130   M    M   0        26 110
 8 101  72  87   4   0  22 0.00  0.0    0  7.8 21 190   M    M   0        28 150
 9 101  76  89   6   0  24 0.00  0.0    0 10.9 28 260   M    M   0        35 250
10  99  73  86   3   0  21    T  0.0    0  9.0 22 100   M    M   2 3      30  90
11  92  72  82  -1   0  17 0.02  0.0    0  9.8 25 130   M    M   3 3      34 110
12  93  71  82  -1   0  17    T  0.0    0  8.5 26 150   M    M   3 3      33  40
13  96  68  82  -1   0  17 0.00  0.0    0  9.3 22 120   M    M   0        27 120
14  98  71  85   2   0  20 0.00  0.0    0 10.3 22 150   M    M   0        28 120
15 102  73  88   5   0  23 0.00  0.0    0  6.9 23 330   M    M   1 3      32 260
16 101  75  88   5   0  23    T  0.0    0  8.2 26 130   M    M   1 3      32 140
17  98  70  84   1   0  19 0.19  0.0    0  6.5 28  60   M    M   2 3      32  70
18  95  69  82  -1   0  17 0.00  0.0    0  5.0 20 130   M    M   0        25 130
19  99  71  85   2   0  20 0.00  0.0    0 11.7 24 140   M    M   0        32 150
20  99  78  89   6   0  24    T  0.0    0 12.2 31 160   M    M   1        39 160
21 101  75  88   6   0  23    T  0.0    0 11.7 29 160   M    M   0 3      35 160
22  99  74  87   5   0  22 0.05  0.0    0  8.2 41 250   M    M   2 3      57 230
23  96  72  84   2   0  19 0.01  0.0    0  5.9 21 240   M    M   1 3      24 250
24 102  75  89   7   0  24    T  0.0    0  9.7 30 170   M    M   1        35 170
25 101  75  88   6   0  23 0.02  0.0    0 10.0 29 340   M    M   1 3      38 340
26  99  74  87   5   0  22 0.00  0.0    0  6.5 20 130   M    M   0        25 110
27 100  73  87   5   0  22 0.00  0.0    0  6.9 16 140   M    M   1        21 170
28 101  75  88   7   0  23 0.00  0.0    0  8.3 18 170   M    M   1        24 170
29  98  72  85   4   0  20 0.00  0.0    0  7.1 18 120   M    M   1        25 110
30  99  72  86   5   0  21 0.00  0.0    0  8.2 17 130   M    M   0        23 100
31 104  74  89   8   0  24 0.00  0.0    0 12.2 25 150   M    M   1        34 150
================================================================================
SM 3045 2249         0 639  0.29     0.0 272.0          M       39
================================================================================
AV 98.2 72.5                               8.8 FASTST   M    M   1    MAX(MPH)
                                 MISC ---->  # 41 250               # 57  230
================================================================================
NOTES:
# LAST OF SEVERAL OCCURRENCES

COLUMN 17 PEAK WIND IN M.P.H.

PRELIMINARY LOCAL CLIMATOLOGICAL DATA (WS FORM: F-6) , PAGE 2

                                          STATION:  Wink
                                          MONTH:    AUGUST
                                          YEAR:     2014
                                          LATITUDE:   31 46 N
                                          LONGITUDE: 103 12 W

[TEMPERATURE DATA]      [PRECIPITATION DATA]       SYMBOLS USED IN COLUMN 16

AVERAGE MONTHLY: 85.4   TOTAL FOR MONTH:   0.29    1 = FOG OR MIST
DPTR FM NORMAL:   2.8   DPTR FM NORMAL:   -1.20    2 = FOG REDUCING VISIBILITY
HIGHEST:   104 ON 31, 7 GRTST 24HR  0.19 ON 17-17      TO 1/4 MILE OR LESS
LOWEST:     68 ON 13                               3 = THUNDER
                        SNOW, ICE PELLETS, HAIL    4 = ICE PELLETS
                        TOTAL MONTH:   0.0 INCH    5 = HAIL
                        GRTST 24HR     0.0         6 = FREEZING RAIN OR DRIZZLE
                        GRTST DEPTH:   0           7 = DUSTSTORM OR SANDSTORM:
                                                       VSBY 1/2 MILE OR LESS
                                                   8 = SMOKE OR HAZE
[NO. OF DAYS WITH]      [WEATHER - DAYS WITH]      9 = BLOWING SNOW
                                                   X = TORNADO
MAX 32 OR BELOW:   0    0.01 INCH OR MORE:   5
MAX 90 OR ABOVE:  30    0.10 INCH OR MORE:   1
MIN 32 OR BELOW:   0    0.50 INCH OR MORE:   0
MIN  0 OR BELOW:   0    1.00 INCH OR MORE:   0

[HDD (BASE 65) ]
TOTAL THIS MO.     0    CLEAR  (SCALE 0-3)  27
DPTR FM NORMAL     0    PTCLDY (SCALE 4-7)   4
TOTAL FM JUL 1     0    CLOUDY (SCALE 8-10)  0
DPTR FM NORMAL     0

[CDD (BASE 65) ]
TOTAL THIS MO.   639
DPTR FM NORMAL    92    [PRESSURE DATA]
TOTAL FM JAN 1  2365    HIGHEST SLP 30.10 ON 12
DPTR FM NORMAL   286    LOWEST  SLP 29.63 ON 19

[REMARKS]
#FINAL-08-14#




U.S. Dept. of Commerce
NOAA National Weather Service
1325 East West Highway
Silver Spring, MD 20910
E-mail: w-nws.webmaster@noaa.gov
Page last modified: May 16, 2007
NATIONAL WEATHER SERVICE: for Safety, for Work, for Fun - FOR LIFE