913
CXUS54 KMAF 311100
CF6INK
PRELIMINARY LOCAL CLIMATOLOGICAL DATA (WS FORM: F-6)

                                          STATION:   Wink
                                          MONTH:     JULY
                                          YEAR:      2014
                                          LATITUDE:   31 46 N
                                          LONGITUDE: 103 12 W

  TEMPERATURE IN F:       :PCPN:    SNOW:  WIND      :SUNSHINE: SKY     :PK WND
================================================================================
1   2   3   4   5  6A  6B    7    8   9   10  11  12  13   14  15   16   17  18
                                     12Z  AVG MX 2MIN
DY MAX MIN AVG DEP HDD CDD  WTR  SNW DPTH SPD SPD DIR MIN PSBL S-S WX    SPD DR
================================================================================

 1  98  76  87   3   0  22 0.00  0.0    0 13.7 23 120   M    M   0        28 130
 2  96  76  86   2   0  21    T  0.0    0 12.5 24  20   M    M   3 3      32 150
 3  96  74  85   1   0  20 0.00  0.0    0 13.2 25 150   M    M   1        35 130
 4  97  72  85   1   0  20 0.00  0.0    0 14.3 26 130   M    M   0        33 140
 5  98  71  85   1   0  20 0.00  0.0    0 14.1 23 130   M    M   0        30 140
 6  93  72  83  -1   0  18    T  0.0    0  8.9 18 320   M    M   1        23 320
 7  98  70  84   0   0  19 0.00  0.0    0 10.9 23 150   M    M   1        30 150
 8  99  72  86   2   0  21 0.00  0.0    0 10.9 21 140   M    M   1        25 150
 9  97  74  86   2   0  21 0.00  0.0    0 12.0 23 140   M    M   1        30 140
10  95  72  84   0   0  19 0.00  0.0    0 16.1 24 140   M    M   0        33 130
11  89  69  79  -5   0  14 0.00  0.0    0 15.5 26 130   M    M   2        33 140
12  95  72  84   0   0  19    T  0.0    0 13.9 22 150   M    M   1        28 140
13  99  72  86   2   0  21 0.00  0.0    0 11.9 21 160   M    M   0        29 140
14 101  72  87   3   0  22 0.00  0.0    0  7.5 16 100   M    M   0        21 100
15  92  73  83  -1   0  18 0.05  0.0    0 11.8 29  10   M    M   3        38  10
16  95  72  84   0   0  19    T  0.0    0  6.2 22 260   M    M   3 3      27 260
17  89  73  81  -3   0  16 0.14  0.0    0 10.6 23  80   M    M   3 3      27  80
18  91  70  81  -3   0  16 0.00  0.0    0  9.0 18 140   M    M   5        23 140
19 100  72  86   2   0  21 0.00  0.0    0 14.1 22 140   M    M   0        27 140
20 104  75  90   6   0  25 0.00  0.0    0 10.6 20 170   M    M   1 3      24 140
21 104  78  91   7   0  26 0.00  0.0    0 12.4 22 130   M    M   0        29 130
22 102  77  90   6   0  25 0.00  0.0    0 11.0 20 100   M    M   0        29 140
23 101  76  89   5   0  24 0.01  0.0    0  9.5 30  90   M    M   0 3      38  90
24 102  72  87   3   0  22 0.00  0.0    0  8.1 21 130   M    M   0        25 130
25 101  74  88   4   0  23 0.00  0.0    0  9.5 17 150   M    M   0        22 120
26 103  73  88   4   0  23 0.00  0.0    0 11.0 22 140   M    M   0        28 150
27 103  78  91   7   0  26 0.00  0.0    0 11.7 22 160   M    M   0        32 140
28 101  77  89   5   0  24 0.00  0.0    0 12.1 26  90   M    M   1        32  80
29  99  75  87   3   0  22 0.00  0.0    0  9.2 18 110   M    M   1        24 120
30 106  76  91   7   0  26 0.02  0.0    0  9.8 30 220   M    M   1 3      39 220
================================================================================
SM 2944 2205         0 633  0.22     0.0 342.0          M       29
================================================================================
AV 98.1 73.5                              11.4 FASTST   M    M   1    MAX(MPH)
                                 MISC ---->  # 30  90               # 39  220
================================================================================
NOTES:
# LAST OF SEVERAL OCCURRENCES

COLUMN 17 PEAK WIND IN M.P.H.

PRELIMINARY LOCAL CLIMATOLOGICAL DATA (WS FORM: F-6) , PAGE 2

                                          STATION:  Wink
                                          MONTH:    JULY
                                          YEAR:     2014
                                          LATITUDE:   31 46 N
                                          LONGITUDE: 103 12 W

[TEMPERATURE DATA]      [PRECIPITATION DATA]       SYMBOLS USED IN COLUMN 16

AVERAGE MONTHLY: 85.8   TOTAL FOR MONTH:   0.22    1 = FOG OR MIST
DPTR FM NORMAL:   1.8   DPTR FM NORMAL:   -1.71    2 = FOG REDUCING VISIBILITY
HIGHEST:   106 ON 30    GRTST 24HR  0.14 ON 17-17      TO 1/4 MILE OR LESS
LOWEST:     69 ON 11                               3 = THUNDER
                        SNOW, ICE PELLETS, HAIL    4 = ICE PELLETS
                        TOTAL MONTH:   0.0 INCH    5 = HAIL
                        GRTST 24HR     0.0         6 = FREEZING RAIN OR DRIZZLE
                        GRTST DEPTH:   0           7 = DUSTSTORM OR SANDSTORM:
                                                       VSBY 1/2 MILE OR LESS
                                                   8 = SMOKE OR HAZE
[NO. OF DAYS WITH]      [WEATHER - DAYS WITH]      9 = BLOWING SNOW
                                                   X = TORNADO
MAX 32 OR BELOW:   0    0.01 INCH OR MORE:   4
MAX 90 OR ABOVE:  28    0.10 INCH OR MORE:   1
MIN 32 OR BELOW:   0    0.50 INCH OR MORE:   0
MIN  0 OR BELOW:   0    1.00 INCH OR MORE:   0

[HDD (BASE 65) ]
TOTAL THIS MO.     0    CLEAR  (SCALE 0-3)  29
DPTR FM NORMAL     0    PTCLDY (SCALE 4-7)   1
TOTAL FM JUL 1     0    CLOUDY (SCALE 8-10)  0
DPTR FM NORMAL     0

[CDD (BASE 65) ]
TOTAL THIS MO.   633
DPTR FM NORMAL    63    [PRESSURE DATA]
TOTAL FM JAN 1  1713    HIGHEST SLP M ON M
DPTR FM NORMAL   189    LOWEST  SLP 29.67 ON  1

[REMARKS]




U.S. Dept. of Commerce
NOAA National Weather Service
1325 East West Highway
Silver Spring, MD 20910
E-mail: w-nws.webmaster@noaa.gov
Page last modified: May 16, 2007
NATIONAL WEATHER SERVICE: for Safety, for Work, for Fun - FOR LIFE