026
CXUS54 KMAF 311100
CF6INK
PRELIMINARY LOCAL CLIMATOLOGICAL DATA (WS FORM: F-6)

                                          STATION:   Wink
                                          MONTH:     JANUARY
                                          YEAR:      2015
                                          LATITUDE:   31 46 N
                                          LONGITUDE: 103 12 W

  TEMPERATURE IN F:       :PCPN:    SNOW:  WIND      :SUNSHINE: SKY     :PK WND
================================================================================
1   2   3   4   5  6A  6B    7    8   9   10  11  12  13   14  15   16   17  18
                                     12Z  AVG MX 2MIN
DY MAX MIN AVG DEP HDD CDD  WTR  SNW DPTH SPD SPD DIR MIN PSBL S-S WX    SPD DR
================================================================================

 1  28  23  26 -18  39   0 0.00  0.0    0  2.3  8  30   M    M  10 18     11  50
 2  32  28  30 -14  35   0 0.68    M    0  5.1 14  30   M    M  10 168    16  20
 3  50  22  36  -8  29   0 0.00  0.0    0 12.5 33 260   M    M   2 12     43 250
 4  42  27  35  -9  30   0 0.00  0.0    0  5.2 20 360   M    M   0 18     24  10
 5  57  23  40  -4  25   0 0.00  0.0    0  5.6 13 190   M    M   0 18     15 180
 6  63  26  45   1  20   0 0.00  0.0    0  5.8 13 360   M    M   0        17  10
 7  43  26  35  -9  30   0 0.00  0.0    0 12.1 31  40   M    M   3 18     35  50
 8  46  22  34 -10  31   0 0.00  0.0    0  6.8 14 190   M    M   2        17 200
 9  38  29  34 -10  31   0    T    M    0  9.9 25  60   M    M   8        34  50
10  39  28  34 -10  31   0 0.05    M    0  7.4 13 150   M    M   7 6      17 150
11  67  26  47   3  18   0 0.00  0.0    0  6.8 17 270   M    M   2 128    20 270
12  42  32  37  -7  28   0 0.00  0.0    0  9.9 21  50   M    M   7 18     27  50
13  33  29  31 -13  34   0 0.00  0.0    0  6.4 12  70   M    M  10 18     14  70
14  39  31  35  -9  30   0    T  0.0    0  3.5  7 240   M    M  10 18      9 360
15  58  30  44   0  21   0 0.00  0.0    0  5.4 12 310   M    M   2 18     16 290
16  64  25  45   1  20   0 0.00  0.0    0  6.8 18 240   M    M   0        22 240
17  68  24  46   2  19   0 0.00  0.0    0  7.7 22  50   M    M   0        27  30
18  70  25  48   3  17   0 0.00  0.0    0  6.0 14 190   M    M   0        17 180
19  77  32  55  10  10   0 0.00  0.0    0  7.2 21 330   M    M   0        26 310
20  75  32  54   9  11   0 0.00  0.0    0  7.7 17  10   M    M   0        21  40
21  48  36  42  -3  23   0    T  0.0    0  6.9 17  90   M    M   7 18     21  90
22  42  33  38  -7  27   0 0.10    M    0 13.1 21  50   M    M  10 18     26  40
23  50  22  36  -9  29   0 0.04    M    0  7.8 15 290   M    M   3 18     18 270
24  58  26  42  -3  23   0 0.00  0.0    0  6.0 14 240   M    M   0        19 250
25  64  30  47   1  18   0 0.00  0.0    0  6.9 17  40   M    M   0        29  90
26  66  31  49   3  16   0 0.00  0.0    0  4.8  9 220   M    M   0        12 230
27  73  32  53   7  12   0 0.00  0.0    0  5.1 10 240   M    M   0        17  30
28  79  38  59  13   6   0 0.00  0.0    0  5.2 15 270   M    M   0        19 260
29  66  42  54   8  11   0    T    M    0 12.2 24  60   M    M   3        31  60
30  49  43  46   0  19   0 0.06    M    0  6.9 15  60   M    M  10        18 100
================================================================================
SM 1626  873       693   0  0.93     0.0 215.0          M      106
================================================================================
AV 54.2 29.1                               7.2 FASTST   M    M   4    MAX(MPH)
                                 MISC ---->  # 33 260               # 43  250
================================================================================
NOTES:
# LAST OF SEVERAL OCCURRENCES

COLUMN 17 PEAK WIND IN M.P.H.

PRELIMINARY LOCAL CLIMATOLOGICAL DATA (WS FORM: F-6) , PAGE 2

                                          STATION:  Wink
                                          MONTH:    JANUARY
                                          YEAR:     2015
                                          LATITUDE:   31 46 N
                                          LONGITUDE: 103 12 W

[TEMPERATURE DATA]      [PRECIPITATION DATA]       SYMBOLS USED IN COLUMN 16

AVERAGE MONTHLY: 41.7   TOTAL FOR MONTH:   0.93    1 = FOG OR MIST
DPTR FM NORMAL:  -3.0   DPTR FM NORMAL:    0.51    2 = FOG REDUCING VISIBILITY
HIGHEST:    79 ON 28    GRTST 24HR  0.68 ON  2- 2      TO 1/4 MILE OR LESS
LOWEST:     22 ON 23, 8                            3 = THUNDER
                        SNOW, ICE PELLETS, HAIL    4 = ICE PELLETS
                        TOTAL MONTH:   0.0 INCH    5 = HAIL
                        GRTST 24HR     0.0         6 = FREEZING RAIN OR DRIZZLE
                        GRTST DEPTH:   0           7 = DUSTSTORM OR SANDSTORM:
                                                       VSBY 1/2 MILE OR LESS
                                                   8 = SMOKE OR HAZE
[NO. OF DAYS WITH]      [WEATHER - DAYS WITH]      9 = BLOWING SNOW
                                                   X = TORNADO
MAX 32 OR BELOW:   2    0.01 INCH OR MORE:   5
MAX 90 OR ABOVE:   0    0.10 INCH OR MORE:   2
MIN 32 OR BELOW:  25    0.50 INCH OR MORE:   1
MIN  0 OR BELOW:   0    1.00 INCH OR MORE:   0

[HDD (BASE 65) ]
TOTAL THIS MO.   693    CLEAR  (SCALE 0-3)  19
DPTR FM NORMAL    81    PTCLDY (SCALE 4-7)   4
TOTAL FM JUL 1  1647    CLOUDY (SCALE 8-10)  7
DPTR FM NORMAL   -38

[CDD (BASE 65) ]
TOTAL THIS MO.     0
DPTR FM NORMAL     0    [PRESSURE DATA]
TOTAL FM JAN 1     0    HIGHEST SLP M ON M
DPTR FM NORMAL     0    LOWEST  SLP 29.84 ON  2

[REMARKS]




U.S. Dept. of Commerce
NOAA National Weather Service
1325 East West Highway
Silver Spring, MD 20910
E-mail: w-nws.webmaster@noaa.gov
Page last modified: May 16, 2007
NATIONAL WEATHER SERVICE: for Safety, for Work, for Fun - FOR LIFE