520
CXUS54 KMAF 231100
CF6INK
PRELIMINARY LOCAL CLIMATOLOGICAL DATA (WS FORM: F-6)

                                          STATION:   Wink
                                          MONTH:     NOVEMBER
                                          YEAR:      2014
                                          LATITUDE:   31 46 N
                                          LONGITUDE: 103 12 W

  TEMPERATURE IN F:       :PCPN:    SNOW:  WIND      :SUNSHINE: SKY     :PK WND
================================================================================
1   2   3   4   5  6A  6B    7    8   9   10  11  12  13   14  15   16   17  18
                                     12Z  AVG MX 2MIN
DY MAX MIN AVG DEP HDD CDD  WTR  SNW DPTH SPD SPD DIR MIN PSBL S-S WX    SPD DR
================================================================================

 1  72  49  61   1   4   0 0.00  0.0    0 15.6 23 150   M    M   0        30 130
 2  73  55  64   5   1   0 0.00  0.0    0 16.4 24 140   M    M   1        30 140
 3  76  59  68   9   0   3 0.00  0.0    0 14.1 21 140   M    M   3        29 140
 4   M   M   M   M   M   M 0.87    M    0  9.1 18  10   M    M  10        23  10
 5  57  47  52  -6  13   0 0.03    M    M  5.5 13  40   M    M  10        15  20
 6  65  48  57  -1   8   0 0.01    M    0  6.6 14  60   M    M   7        18  60
 7  67  42  55  -2  10   0 0.00  0.0    0  7.4 16 190   M    M   0        19 210
 8  68  45  57   0   8   0 0.00  0.0    0 10.0 32  30   M    M   1        42  20
 9  76  40  58   2   7   0 0.00  0.0    0 10.9 23 230   M    M   0        29 230
10  82  47  65   9   0   0 0.00  0.0    0 15.4 39 270   M    M   0        49 270
11  63  36  50  -5  15   0 0.00  0.0    0 10.5 30  20   M    M   0        39  20
12  39  29  34 -21  31   0 0.00  0.0    0 11.6 18  60   M    M   5        23  50
13  37  26  32 -22  33   0 0.00  0.0    0  8.0 17  40   M    M   6        20  40
14  52  27  40 -14  25   0 0.00  0.0    0  9.1 16 130   M    M   0        20 150
15  75  34  55   1  10   0 0.00  0.0    0  8.6 23 250   M    M   0        31 240
16  48  24  36 -17  29   0    T    M    0 13.1 24 360   M    M   4        30  30
17  45  18  32 -21  33   0 0.00  0.0    0  5.8 14 160   M    M   0        17 160
18  57  25  41 -11  24   0 0.00  0.0    0  6.6 12 140   M    M   0        15 120
19  69  20  45  -7  20   0 0.00  0.0    0  5.7 14 260   M    M   0        17 250
20  73  30  52   0  13   0 0.00  0.0    0  5.7 14 260   M    M   0        18 270
21  72  33  53   2  12   0 0.00  0.0    0  6.9 15 130   M    M   2        21 140
22  73  47  60   9   5   0 0.03    M    0  7.9 18 290   M    M   3 3      23 290
================================================================================
SM 1339  781       301   3  0.94     0.0 210.5          M       52
================================================================================
AV 63.8 37.2                               9.6 FASTST   M    M   2    MAX(MPH)
                                 MISC ---->  # 39 270               # 49  270
================================================================================
NOTES:
# LAST OF SEVERAL OCCURRENCES

COLUMN 17 PEAK WIND IN M.P.H.

PRELIMINARY LOCAL CLIMATOLOGICAL DATA (WS FORM: F-6) , PAGE 2

                                          STATION:  Wink
                                          MONTH:    NOVEMBER
                                          YEAR:     2014
                                          LATITUDE:   31 46 N
                                          LONGITUDE: 103 12 W

[TEMPERATURE DATA]      [PRECIPITATION DATA]       SYMBOLS USED IN COLUMN 16

AVERAGE MONTHLY: 50.5   TOTAL FOR MONTH:   0.94    1 = FOG OR MIST
DPTR FM NORMAL:  -4.7   DPTR FM NORMAL:    0.49    2 = FOG REDUCING VISIBILITY
HIGHEST:    82 ON 10    GRTST 24HR  0.87 ON  4- 4      TO 1/4 MILE OR LESS
LOWEST:     18 ON 17                               3 = THUNDER
                        SNOW, ICE PELLETS, HAIL    4 = ICE PELLETS
                        TOTAL MONTH:   0.0 INCH    5 = HAIL
                        GRTST 24HR     0.0         6 = FREEZING RAIN OR DRIZZLE
                        GRTST DEPTH:   0           7 = DUSTSTORM OR SANDSTORM:
                                                       VSBY 1/2 MILE OR LESS
                                                   8 = SMOKE OR HAZE
[NO. OF DAYS WITH]      [WEATHER - DAYS WITH]      9 = BLOWING SNOW
                                                   X = TORNADO
MAX 32 OR BELOW:   0    0.01 INCH OR MORE:   4
MAX 90 OR ABOVE:   0    0.10 INCH OR MORE:   1
MIN 32 OR BELOW:   8    0.50 INCH OR MORE:   1
MIN  0 OR BELOW:   0    1.00 INCH OR MORE:   0

[HDD (BASE 65) ]
TOTAL THIS MO.   301    CLEAR  (SCALE 0-3)  16
DPTR FM NORMAL    75    PTCLDY (SCALE 4-7)   4
TOTAL FM JUL 1   335    CLOUDY (SCALE 8-10)  2
DPTR FM NORMAL    15

[CDD (BASE 65) ]
TOTAL THIS MO.     3
DPTR FM NORMAL    -5    [PRESSURE DATA]
TOTAL FM JAN 1  2854    HIGHEST SLP M ON M
DPTR FM NORMAL   325    LOWEST  SLP 29.62 ON 10

[REMARKS]




U.S. Dept. of Commerce
NOAA National Weather Service
1325 East West Highway
Silver Spring, MD 20910
E-mail: w-nws.webmaster@noaa.gov
Page last modified: May 16, 2007
NATIONAL WEATHER SERVICE: for Safety, for Work, for Fun - FOR LIFE