437
CXUS54 KFWD 010730
CF6INJ
PRELIMINARY LOCAL CLIMATOLOGICAL DATA (WS FORM: F-6)

                                          STATION:   HILLSBORO
                                          MONTH:     JULY
                                          YEAR:      2014
                                          LATITUDE:   32  0 N
                                          LONGITUDE:  97  6 W

  TEMPERATURE IN F:       :PCPN:    SNOW:  WIND      :SUNSHINE: SKY     :PK WND
================================================================================
1   2   3   4   5  6A  6B    7    8   9   10  11  12  13   14  15   16   17  18
                                     12Z  AVG MX 2MIN
DY MAX MIN AVG DEP HDD CDD  WTR  SNW DPTH SPD SPD DIR MIN PSBL S-S WX    SPD DR
================================================================================

 1  91  73  82   0   0  17 0.00  0.0    0  8.6 17 170   M    M   1 1      24 170
 2  92  72  82   0   0  17 0.00  0.0    0  5.0  8 330   M    M   1         M  M
 3  87  70  79  -3   0  14 0.00  0.0    0  7.5 14  50   M    M   1        17  60
 4  91  67  79  -3   0  14 0.00  0.0    0  3.6  8 130   M    M   0         M  M
 5  92  72  82   0   0  17 0.00  0.0    0  5.5  9 120   M    M   2 1       M  M
 6  89  71  80  -2   0  15 0.00  0.0    0  6.7 10 180   M    M   0 1      17 180
 7  95  73  84   2   0  19 0.00  0.0    0  9.1 13 160   M    M   0        17 200
 8  95  74  85   2   0  20 0.00  0.0    0  8.1 12 210   M    M   0        18 210
 9  95  73  84   1   0  19 0.00  0.0    0  7.8 10 150   M    M   0         M  M
10  94  73  84   1   0  19 0.00  0.0    0  8.6 13 210   M    M   0        20 140
11  94  70  82  -1   0  17 0.00  0.0    0  7.9 12 190   M    M   1        18 230
12  95  69  82  -1   0  17 0.00  0.0    0  5.2 14 170   M    M   0        20 170
13  98  72  85   2   0  20 0.00  0.0    0  5.1  8 140   M    M   1         M  M
14  99  74  87   4   0  22 0.02  0.0    0  5.8 12 220   M    M   1        16 220
15  91  73  82  -1   0  17 0.00  0.0    0  6.9 14  40   M    M   2        20  40
16  93  67  80  -3   0  15    M  0.0    0  8.4 12  70   M    M   1        18  70
17  80  70  75  -9   0  10 0.41  0.0    0  7.5 14 170   M    M   7 1      16 150
18  77  66  72 -12   0   7 0.02  0.0    0  7.0 12 360   M    M  10 1       M  M
19  80  67  74 -10   0   9 0.00  0.0    0  5.1  9  90   M    M   7         M  M
20  92  65  79  -5   0  14 0.00  0.0    0  4.7  8 180   M    M   2 1       M  M
21  98  75  87   3   0  22 0.00  0.0    0  6.8 10  90   M    M   2 18      M  M
22  98  75  87   3   0  22 0.00  0.0    0  4.7  9 110   M    M   1 1       M  M
23  95  72  84   0   0  19 0.00  0.0    0  4.4 15  60   M    M   1 18     23  60
24  96  72  84   0   0  19 0.00  0.0    0  4.4  9  70   M    M   1         M  M
25  99  73  86   2   0  21 0.00  0.0    0  5.9 10 230   M    M   1         M  M
26  99  75  87   3   0  22 0.00  0.0    0  8.1 13 170   M    M   1        20 190
27 100  76  88   4   0  23 0.00  0.0    0  8.2 14 190   M    M   0        16 160
28  98  74  86   2   0  21 0.00  0.0    0  6.2 17  40   M    M   1        30  40
29  86  74  80  -4   0  15    M  0.0    0  6.5  8  80   M    M   3         M  M
30  95  74  85   1   0  20 0.00  0.0    0  9.4 14 130   M    M   1        21 130
31  85  70  78  -6   0  13 0.00  0.0    0 10.4 17 320   M    M   6        22 320
================================================================================
SM 2869 2221         0 536  0.45     0.0 209.1          M       55
================================================================================
AV 92.5 71.6                               6.7 FASTST   M    M   2    MAX(MPH)
                                 MISC ---->    17   M                 30    M
================================================================================
NOTES:
# LAST OF SEVERAL OCCURRENCES

COLUMN 17 PEAK WIND IN M.P.H.

PRELIMINARY LOCAL CLIMATOLOGICAL DATA (WS FORM: F-6) , PAGE 2

                                          STATION:  HILLSBORO
                                          MONTH:    JULY
                                          YEAR:     2014
                                          LATITUDE:   32  0 N
                                          LONGITUDE:  97  6 W

[TEMPERATURE DATA]      [PRECIPITATION DATA]       SYMBOLS USED IN COLUMN 16

AVERAGE MONTHLY: 82.1   TOTAL FOR MONTH:   0.45    1 = FOG OR MIST
DPTR FM NORMAL:  -1.2   DPTR FM NORMAL:   -1.14    2 = FOG REDUCING VISIBILITY
HIGHEST:   100 ON 27    GRTST 24HR  0.41 ON 17-17      TO 1/4 MILE OR LESS
LOWEST:     65 ON 20                               3 = THUNDER
                        SNOW, ICE PELLETS, HAIL    4 = ICE PELLETS
                        TOTAL MONTH:   0.0 INCH    5 = HAIL
                        GRTST 24HR     0.0         6 = FREEZING RAIN OR DRIZZLE
                        GRTST DEPTH:   0           7 = DUSTSTORM OR SANDSTORM:
                                                       VSBY 1/2 MILE OR LESS
                                                   8 = SMOKE OR HAZE
[NO. OF DAYS WITH]      [WEATHER - DAYS WITH]      9 = BLOWING SNOW
                                                   X = TORNADO
MAX 32 OR BELOW:   0    0.01 INCH OR MORE:   3
MAX 90 OR ABOVE:  24    0.10 INCH OR MORE:   1
MIN 32 OR BELOW:   0    0.50 INCH OR MORE:   0
MIN  0 OR BELOW:   0    1.00 INCH OR MORE:   0

[HDD (BASE 65) ]
TOTAL THIS MO.     0    CLEAR  (SCALE 0-3)  27
DPTR FM NORMAL     0    PTCLDY (SCALE 4-7)   3
TOTAL FM JUL 1     0    CLOUDY (SCALE 8-10)  1
DPTR FM NORMAL     0

[CDD (BASE 65) ]
TOTAL THIS MO.   536
DPTR FM NORMAL   -31    [PRESSURE DATA]
TOTAL FM JAN 1  1393    HIGHEST SLP M ON M
DPTR FM NORMAL   -10    LOWEST  SLP M ON M

[REMARKS]
#FINAL-07-14#




U.S. Dept. of Commerce
NOAA National Weather Service
1325 East West Highway
Silver Spring, MD 20910
E-mail: w-nws.webmaster@noaa.gov
Page last modified: May 16, 2007
NATIONAL WEATHER SERVICE: for Safety, for Work, for Fun - FOR LIFE