435
CXUS54 KFWD 220730
CF6INJ
PRELIMINARY LOCAL CLIMATOLOGICAL DATA (WS FORM: F-6)

                                          STATION:   HILLSBORO
                                          MONTH:     AUGUST
                                          YEAR:      2014
                                          LATITUDE:   32  0 N
                                          LONGITUDE:  97  6 W

  TEMPERATURE IN F:       :PCPN:    SNOW:  WIND      :SUNSHINE: SKY     :PK WND
================================================================================
1   2   3   4   5  6A  6B    7    8   9   10  11  12  13   14  15   16   17  18
                                     12Z  AVG MX 2MIN
DY MAX MIN AVG DEP HDD CDD  WTR  SNW DPTH SPD SPD DIR MIN PSBL S-S WX    SPD DR
================================================================================

 1  81  70  76  -9   0  11 0.00  0.0    0  7.1 12  40   M    M  10        16  40
 2  89  65  77  -8   0  12 0.00  0.0    0  6.3 13  30   M    M   3 1      17  30
 3  94  65  80  -5   0  15 0.00  0.0    0  6.8 16  50   M    M   1 1      22  50
 4  95  72  84  -1   0  19 0.00  0.0    0  6.3 12  70   M    M   1 1      17  70
 5  97  73  85   0   0  20 0.00  0.0    0  5.9 10  90   M    M   0 8       M  M
 6  99  75  87   2   0  22 0.00  0.0    0  7.7 13 170   M    M   1        16 130
 7 101  76  89   4   0  24 0.00  0.0    0  8.3 14 180   M    M   0        17 180
 8 102  78  90   5   0  25 0.00  0.0    0  9.7 15 180   M    M   0        22 220
 9 100  77  89   4   0  24 0.00  0.0    0  7.8 12 170   M    M   1        17 180
10 102  76  89   4   0  24 0.00  0.0    0  6.2  9 240   M    M   1         M  M
11 100  76  88   3   0  23 0.00  0.0    0  5.6 14 340   M    M   1        18 340
12  98  72  85   0   0  20 0.00  0.0    0  7.0 14  10   M    M   0        21 350
13  95  68  82  -3   0  17 0.00  0.0    0  6.4 13 350   M    M   0         M  M
14  96  67  82  -2   0  17 0.00  0.0    0  5.1 10  80   M    M   0        21  60
15  99  73  86   2   0  21 0.00  0.0    0  8.1 12 140   M    M   1        25 130
16 103  77  90   6   0  25 0.00  0.0    0 10.3 15 210   M    M   1 3      22 180
17  85  72  79  -5   0  14 1.25  0.0    0  6.3 14 290   M    M   5 3      20 170
18  92  74  83  -1   0  18 0.00  0.0    0  6.3 12 100   M    M   1 3      13 210
19  96  74  85   1   0  20 0.00  0.0    0  8.8 14 210   M    M   0        21 200
20  98  76  87   3   0  22 0.00  0.0    0 13.0 22 160   M    M   2 8      27 190
21 100  77  89   5   0  24 0.00  0.0    0 13.1 22 180   M    M   1        27 190
================================================================================
SM 2022 1533         0 417  1.25     0.0 162.1          M       30
================================================================================
AV 96.3 73.0                               7.7 FASTST   M    M   1    MAX(MPH)
                                 MISC ---->    22   M               # 27  190
================================================================================
NOTES:
# LAST OF SEVERAL OCCURRENCES

COLUMN 17 PEAK WIND IN M.P.H.

PRELIMINARY LOCAL CLIMATOLOGICAL DATA (WS FORM: F-6) , PAGE 2

                                          STATION:  HILLSBORO
                                          MONTH:    AUGUST
                                          YEAR:     2014
                                          LATITUDE:   32  0 N
                                          LONGITUDE:  97  6 W

[TEMPERATURE DATA]      [PRECIPITATION DATA]       SYMBOLS USED IN COLUMN 16

AVERAGE MONTHLY: 84.6   TOTAL FOR MONTH:   1.25    1 = FOG OR MIST
DPTR FM NORMAL:   0.0   DPTR FM NORMAL:   -0.03    2 = FOG REDUCING VISIBILITY
HIGHEST:   103 ON 16    GRTST 24HR  1.25 ON 17-17      TO 1/4 MILE OR LESS
LOWEST:     65 ON  3, 2                            3 = THUNDER
                        SNOW, ICE PELLETS, HAIL    4 = ICE PELLETS
                        TOTAL MONTH:   0.0 INCH    5 = HAIL
                        GRTST 24HR     0.0         6 = FREEZING RAIN OR DRIZZLE
                        GRTST DEPTH:   0           7 = DUSTSTORM OR SANDSTORM:
                                                       VSBY 1/2 MILE OR LESS
                                                   8 = SMOKE OR HAZE
[NO. OF DAYS WITH]      [WEATHER - DAYS WITH]      9 = BLOWING SNOW
                                                   X = TORNADO
MAX 32 OR BELOW:   0    0.01 INCH OR MORE:   1
MAX 90 OR ABOVE:  18    0.10 INCH OR MORE:   1
MIN 32 OR BELOW:   0    0.50 INCH OR MORE:   1
MIN  0 OR BELOW:   0    1.00 INCH OR MORE:   1

[HDD (BASE 65) ]
TOTAL THIS MO.     0    CLEAR  (SCALE 0-3)  19
DPTR FM NORMAL     0    PTCLDY (SCALE 4-7)   1
TOTAL FM JUL 1     0    CLOUDY (SCALE 8-10)  1
DPTR FM NORMAL     0

[CDD (BASE 65) ]
TOTAL THIS MO.   417
DPTR FM NORMAL     4    [PRESSURE DATA]
TOTAL FM JAN 1  1810    HIGHEST SLP M ON M
DPTR FM NORMAL    -6    LOWEST  SLP M ON M

[REMARKS]




U.S. Dept. of Commerce
NOAA National Weather Service
1325 East West Highway
Silver Spring, MD 20910
E-mail: w-nws.webmaster@noaa.gov
Page last modified: May 16, 2007
NATIONAL WEATHER SERVICE: for Safety, for Work, for Fun - FOR LIFE