082
CXUS54 KFWD 022025
CF6INJ
PRELIMINARY LOCAL CLIMATOLOGICAL DATA (WS FORM: F-6)

                                          STATION:   HILLSBORO
                                          MONTH:     NOVEMBER
                                          YEAR:      2014
                                          LATITUDE:   32  0 N
                                          LONGITUDE:  97  6 W

  TEMPERATURE IN F:       :PCPN:    SNOW:  WIND      :SUNSHINE: SKY     :PK WND
================================================================================
1   2   3   4   5  6A  6B    7    8   9   10  11  12  13   14  15   16   17  18
                                     12Z  AVG MX 2MIN
DY MAX MIN AVG DEP HDD CDD  WTR  SNW DPTH SPD SPD DIR MIN PSBL S-S WX    SPD DR
================================================================================

 1  64  39  52 -11  13   0 0.00  0.0    0  8.8 18  90   M    M   0        23  90
 2  72  45  59  -3   6   0 0.00  0.0    0 12.9 20 160   M    M   1        24 160
 3  77  55  66   4   0   1 0.00  0.0    0 14.7 25 160   M    M   7        30 160
 4  71  57  64   2   1   0 0.71  0.0    0 13.5 22 360   M    M  10        29 360
 5  58  54  56  -5   9   0 0.46  0.0    0  9.2 16 340   M    M   9 1      18 360
 6  71  45  58  -3   7   0 0.00  0.0    0  5.4 12 360   M    M   0 1       M  M
 7  66  42  54  -6  11   0 0.00  0.0    0  5.2 16 100   M    M   1 8      21 100
 8  68  45  57  -3   8   0 0.00  0.0    0  5.6 21 360   M    M   0        30 360
 9  72  36  54  -6  11   0 0.00  0.0    0  7.3 18 180   M    M   0        22 180
10  79  50  65   6   0   0 0.00  0.0    0 15.9 29 170   M    M   0        37 170
11  64  37  51  -8  14   0 0.00  0.0    0 16.0 25 330   M    M   2        33 320
12  42  32  37 -21  28   0 0.00  0.0    0 14.6 22 340   M    M   2        31 340
13  38  26  32 -26  33   0 0.00  0.0    0 13.5 22 340   M    M   6        28 340
14  41  24  33 -25  32   0 0.00  0.0    0  3.6  7  80   M    M   9         M  M
15  46  37  42 -15  23   0 0.00  0.0    0  9.7 18 130   M    M  10 18     22 150
16  43  30  37 -20  28   0    M    M    0 13.9 23 330   M    M  10 1      29 310
17  46  22  34 -22  31   0 0.00  0.0    M  8.5 17 320   M    M   0        28 320
18  56  23  40 -16  25   0 0.00  0.0    0  7.0 14 180   M    M   0        20 180
19  68  33  51  -4  14   0 0.00  0.0    0  9.9 17 190   M    M   0        24 190
20  73  46  60   5   5   0 0.00  0.0    0 10.5 22 180   M    M   3        28 180
21  71  60  66  11   0   1 0.01  0.0    0 11.8 17 130   M    M  10 13     25 130
22  64  57  61   7   4   0 0.46  0.0    0 11.6 18 120   M    M   9 13     25 130
23  76  49  63   9   2   0 0.00  0.0    0 12.1 27 320   M    M   2 1      32 320
24  61  37  49  -4  16   0 0.00  0.0    0  3.4  8 310   M    M   0         9 270
25  65  33  49  -4  16   0 0.00  0.0    0  4.2 15 260   M    M   0        22 250
26  67  39  53   0  12   0 0.00  0.0    0  7.4 14 340   M    M   0        20 280
27  60  34  47  -5  18   0 0.00  0.0    0  3.9 12  40   M    M   0 8       M  M
28  71  42  57   5   8   0 0.00  0.0    0 12.8 25 190   M    M   0 8      32 190
29  78  52  65  13   0   0 0.00  0.0    0 17.3 30 200   M    M   0        35 170
30  79  63  71  20   0   6 0.00  0.0    0 16.5 27 190   M    M   4        36 190
================================================================================
SM 1907 1244       375   8  1.64     0.0 306.7          M       95
================================================================================
AV 63.6 41.5                              10.2 FASTST   M    M   3    MAX(MPH)
                                 MISC ---->    30   M                 37    M
================================================================================
NOTES:
# LAST OF SEVERAL OCCURRENCES

COLUMN 17 PEAK WIND IN M.P.H.

PRELIMINARY LOCAL CLIMATOLOGICAL DATA (WS FORM: F-6) , PAGE 2

                                          STATION:  HILLSBORO
                                          MONTH:    NOVEMBER
                                          YEAR:     2014
                                          LATITUDE:   32  0 N
                                          LONGITUDE:  97  6 W

[TEMPERATURE DATA]      [PRECIPITATION DATA]       SYMBOLS USED IN COLUMN 16

AVERAGE MONTHLY: 52.5   TOTAL FOR MONTH:   1.64    1 = FOG OR MIST
DPTR FM NORMAL:  -4.4   DPTR FM NORMAL:   -1.20    2 = FOG REDUCING VISIBILITY
HIGHEST:    79 ON 30,10 GRTST 24HR  0.71 ON  4- 4      TO 1/4 MILE OR LESS
LOWEST:     22 ON 17                               3 = THUNDER
                        SNOW, ICE PELLETS, HAIL    4 = ICE PELLETS
                        TOTAL MONTH:   0.0 INCH    5 = HAIL
                        GRTST 24HR     0.0         6 = FREEZING RAIN OR DRIZZLE
                        GRTST DEPTH:   0           7 = DUSTSTORM OR SANDSTORM:
                                                       VSBY 1/2 MILE OR LESS
                                                   8 = SMOKE OR HAZE
[NO. OF DAYS WITH]      [WEATHER - DAYS WITH]      9 = BLOWING SNOW
                                                   X = TORNADO
MAX 32 OR BELOW:   0    0.01 INCH OR MORE:   4
MAX 90 OR ABOVE:   0    0.10 INCH OR MORE:   3
MIN 32 OR BELOW:   6    0.50 INCH OR MORE:   1
MIN  0 OR BELOW:   0    1.00 INCH OR MORE:   0

[HDD (BASE 65) ]
TOTAL THIS MO.   375    CLEAR  (SCALE 0-3)  20
DPTR FM NORMAL   103    PTCLDY (SCALE 4-7)   3
TOTAL FM JUL 1   388    CLOUDY (SCALE 8-10)  7
DPTR FM NORMAL    42

[CDD (BASE 65) ]
TOTAL THIS MO.     8
DPTR FM NORMAL   -21    [PRESSURE DATA]
TOTAL FM JAN 1  2722    HIGHEST SLP M ON M
DPTR FM NORMAL   184    LOWEST  SLP M ON M

[REMARKS]
#FINAL-11-14#




U.S. Dept. of Commerce
NOAA National Weather Service
1325 East West Highway
Silver Spring, MD 20910
E-mail: w-nws.webmaster@noaa.gov
Page last modified: May 16, 2007
NATIONAL WEATHER SERVICE: for Safety, for Work, for Fun - FOR LIFE