773
CXUS53 KIND 260730
CF6IND
PRELIMINARY LOCAL CLIMATOLOGICAL DATA (WS FORM: F-6)

                                          STATION:   INDIANAPOLIS IN
                                          MONTH:     NOVEMBER
                                          YEAR:      2014
                                          LATITUDE:   39 43 N
                                          LONGITUDE:  86 17 W

  TEMPERATURE IN F:       :PCPN:    SNOW:  WIND      :SUNSHINE: SKY     :PK WND
================================================================================
1   2   3   4   5  6A  6B    7    8   9   10  11  12  13   14  15   16   17  18
                                     12Z  AVG MX 2MIN
DY MAX MIN AVG DEP HDD CDD  WTR  SNW DPTH SPD SPD DIR MIN PSBL S-S WX    SPD DR
================================================================================

 1  43  29  36 -14  29   0 0.00  0.0    0 12.8 26 340   M    M   3        33 340
 2  50  24  37 -12  28   0 0.00  0.0    0  4.6 10 170   M    M   4        14 180
 3  66  42  54   5  11   0 0.00  0.0    0 13.1 22 200   M    M   8        27 210
 4  57  44  51   2  14   0 0.30  0.0    0 14.1 26 230   M    M  10 18     33 230
 5  54  40  47  -1  18   0 0.00  0.0    0  5.3 12 160   M    M   8 128    14 170
 6  47  39  43  -5  22   0 0.09  0.0    0 16.4 31 290   M    M  10 1      40 290
 7  46  33  40  -8  25   0 0.00  0.0    0  7.4 20 310   M    M   8        23 320
 8  48  36  42  -5  23   0    T  0.0    0 10.6 21 250   M    M   9 1      24 250
 9  51  29  40  -7  25   0 0.00  0.0    0  9.1 18 200   M    M   7        21 200
10  62  38  50   4  15   0 0.00  0.0    0 12.7 25 170   M    M   7        31 170
11  61  34  48   2  17   0 0.06  0.0    0 14.4 25 280   M    M   7 18     33 290
12  34  27  31 -14  34   0 0.00  0.0    0 11.2 22 310   M    M  10        29 300
13  27  20  24 -21  41   0    T    T    0 12.0 20 290   M    M   9        23 280
14  32  17  25 -19  40   0    T    T    0  6.8 14 250   M    M   2 1      18 270
15  34  17  26 -18  39   0    T    T    0  4.3 14 190   M    M   6 8      17 180
16  35  28  32 -12  33   0 0.22  2.5    0  4.3  9 180   M    M   9 18     12 220
17  29  13  21 -22  44   0    T    T    2 16.0 26 280   M    M   8 1      36 260
18  19   9  14 -29  51   0    T    T    1 16.0 29 260   M    M   5        32 250
19  37  14  26 -16  39   0    T    T    1 17.7 31 240   M    M   7        41 280
20  30  17  24 -18  41   0    T    T    T 14.0 25 250   M    M   3        29 250
21  33  12  23 -18  42   0 0.00  0.0    0  6.9 14 140   M    M   1        17 160
22  56  30  43   2  22   0 0.02  0.0    0 11.5 26 200   M    M  10 6      32 210
23  55  44  50  10  15   0 1.91  0.0    0 12.2 24 190   M    M   9 1      30 180
24  55  36  46   6  19   0 0.18  0.0    0 23.0 39 240   M    M  10 1      47 250
25  36  26  31  -8  34   0 0.00  0.0    0 11.8 25 260   M    M  10        30 240
================================================================================
SM 1097  698       721   0  2.78     2.5 288.2          M      180
================================================================================
AV 43.9 27.9                              11.5 FASTST   M    M   7    MAX(MPH)
                                 MISC ---->  # 39 240               # 47  250
================================================================================
NOTES:
# LAST OF SEVERAL OCCURRENCES

COLUMN 17 PEAK WIND IN M.P.H.

PRELIMINARY LOCAL CLIMATOLOGICAL DATA (WS FORM: F-6) , PAGE 2

                                          STATION:  INDIANAPOLIS IN
                                          MONTH:    NOVEMBER
                                          YEAR:     2014
                                          LATITUDE:   39 43 N
                                          LONGITUDE:  86 17 W

[TEMPERATURE DATA]      [PRECIPITATION DATA]       SYMBOLS USED IN COLUMN 16

AVERAGE MONTHLY: 35.9   TOTAL FOR MONTH:   2.78    1 = FOG OR MIST
DPTR FM NORMAL:  -8.9   DPTR FM NORMAL:   -0.32    2 = FOG REDUCING VISIBILITY
HIGHEST:    66 ON  3    GRTST 24HR  2.04 ON 23-24      TO 1/4 MILE OR LESS
LOWEST:      9 ON 18                               3 = THUNDER
                        SNOW, ICE PELLETS, HAIL    4 = ICE PELLETS
                        TOTAL MONTH:   2.5 INCHES  5 = HAIL
                        GRTST 24HR   2.5 ON 16-16  6 = FREEZING RAIN OR DRIZZLE
                        GRTST DEPTH:   2 ON 17     7 = DUSTSTORM OR SANDSTORM:
                                                       VSBY 1/2 MILE OR LESS
                                                   8 = SMOKE OR HAZE
[NO. OF DAYS WITH]      [WEATHER - DAYS WITH]      9 = BLOWING SNOW
                                                   X = TORNADO
MAX 32 OR BELOW:   5    0.01 INCH OR MORE:   7
MAX 90 OR ABOVE:   0    0.10 INCH OR MORE:   4
MIN 32 OR BELOW:  15    0.50 INCH OR MORE:   1
MIN  0 OR BELOW:   0    1.00 INCH OR MORE:   1

[HDD (BASE 65) ]
TOTAL THIS MO.   721    CLEAR  (SCALE 0-3)   2
DPTR FM NORMAL   216    PTCLDY (SCALE 4-7)  12
TOTAL FM JUL 1  1135    CLOUDY (SCALE 8-10) 11
DPTR FM NORMAL   229

[CDD (BASE 65) ]
TOTAL THIS MO.     0
DPTR FM NORMAL     0    [PRESSURE DATA]
TOTAL FM JAN 1   900    HIGHEST SLP M ON M
DPTR FM NORMAL  -165    LOWEST  SLP 29.14 ON 23

[REMARKS]




U.S. Dept. of Commerce
NOAA National Weather Service
1325 East West Highway
Silver Spring, MD 20910
E-mail: w-nws.webmaster@noaa.gov
Page last modified: May 16, 2007
NATIONAL WEATHER SERVICE: for Safety, for Work, for Fun - FOR LIFE