993
CXUS53 KIND 010730
CF6IND
PRELIMINARY LOCAL CLIMATOLOGICAL DATA (WS FORM: F-6)

                                          STATION:   INDIANAPOLIS IN
                                          MONTH:     AUGUST
                                          YEAR:      2014
                                          LATITUDE:   39 43 N
                                          LONGITUDE:  86 17 W

  TEMPERATURE IN F:       :PCPN:    SNOW:  WIND      :SUNSHINE: SKY     :PK WND
================================================================================
1   2   3   4   5  6A  6B    7    8   9   10  11  12  13   14  15   16   17  18
                                     12Z  AVG MX 2MIN
DY MAX MIN AVG DEP HDD CDD  WTR  SNW DPTH SPD SPD DIR MIN PSBL S-S WX    SPD DR
================================================================================

 1  82  61  72  -3   0   7 0.01  0.0    0  3.5 20 320   M    M   5 138    24 320
 2  82  63  73  -2   0   8    T  0.0    0  6.0 16 330   M    M   6        22 330
 3  84  61  73  -2   0   8 0.00  0.0    0  4.5 13 350   M    M   1 18     20  20
 4  85  62  74  -1   0   9    T  0.0    0  3.1 14  90   M    M   3 138    17 100
 5  81  65  73  -2   0   8 0.00  0.0    0  2.8  9 280   M    M   8 18     11 180
 6  79  63  71  -4   0   6 0.00  0.0    0  5.3 12 360   M    M   8 18     15 310
 7  78  64  71  -4   0   6 0.00  0.0    0  9.7 14 100   M    M   9        24 100
 8  74  65  70  -5   0   5 0.03  0.0    0 10.1 18  90   M    M   9        25  90
 9  83  68  76   1   0  11    T  0.0    0  9.9 17 100   M    M   8        25 190
10  84  70  77   2   0  12 0.13  0.0    0  6.7 15 170   M    M  10 13     19 170
11  82  68  75   0   0  10 0.10  0.0    0  8.6 24 330   M    M   8 1      30 330
12  71  58  65 -10   0   0    T  0.0    0 12.1 23 310   M    M   9 1      27 290
13  79  55  67  -8   0   2 0.00  0.0    0  8.1 17 320   M    M   3        26 290
14  81  59  70  -5   0   5    T  0.0    0  7.8 18 360   M    M   6        22 320
15  77  49  63 -11   2   0 0.00  0.0    0  3.8 10 230   M    M   3        13  10
16  75  59  67  -7   0   2 0.09  0.0    0  6.4 13 220   M    M   8 18     16 200
17  81  65  73  -1   0   8 0.03  0.0    0  7.9 17 110   M    M   9 18     21 110
18  86  65  76   2   0  11 0.00  0.0    0  5.2 13 320   M    M   6 18     19 320
19  86  65  76   2   0  11 0.50  0.0    0  9.1 44 320   M    M   4 138    55 350
20  83  64  74   0   0   9    T  0.0    0  7.9 31 280   M    M   6 123    38 280
21  86  70  78   4   0  13 0.16  0.0    0  7.2 18 230   M    M   9 13     23 230
22  86  73  80   6   0  15 0.02  0.0    0  5.9 13 230   M    M   7 1      17 240
23  88  70  79   5   0  14 0.81  0.0    0  5.4 39 310   M    M   7 13     49 310
24  86  70  78   4   0  13 0.00  0.0    0  4.6 10 160   M    M   7 18     13 180
25  90  71  81   7   0  16 0.78  0.0    0  5.5 29  30   M    M   3 138    42  40
26  93  69  81   7   0  16 0.26  0.0    0  3.5 30 340   M    M   6 3      36 350
27  88  70  79   6   0  14    T  0.0    0  4.6 14 340   M    M   M 18     17 350
28  84  66  75   2   0  10 0.00  0.0    0  7.1 12 100   M    M   4        15  90
29  87  68  78   5   0  13    T  0.0    0  8.9 15 140   M    M   7 3      19 160
30  78  71  75   2   0  10 0.02  0.0    0 11.3 16 190   M    M   8 1      22 200
31  83  69  76   4   0  11 0.01  0.0    0  9.3 15 230   M    M   7 1      18 230
================================================================================
SM 2562 2016         2 283  2.95     0.0 211.8          M      194
================================================================================
AV 82.6 65.0                               6.8 FASTST   M    M   6    MAX(MPH)
                                 MISC ---->  # 44 320               # 55  350
================================================================================
NOTES:
# LAST OF SEVERAL OCCURRENCES

COLUMN 17 PEAK WIND IN M.P.H.

PRELIMINARY LOCAL CLIMATOLOGICAL DATA (WS FORM: F-6) , PAGE 2

                                          STATION:  INDIANAPOLIS IN
                                          MONTH:    AUGUST
                                          YEAR:     2014
                                          LATITUDE:   39 43 N
                                          LONGITUDE:  86 17 W

[TEMPERATURE DATA]      [PRECIPITATION DATA]       SYMBOLS USED IN COLUMN 16

AVERAGE MONTHLY: 73.8   TOTAL FOR MONTH:   2.95    1 = FOG OR MIST
DPTR FM NORMAL:  -0.4   DPTR FM NORMAL:   -0.18    2 = FOG REDUCING VISIBILITY
HIGHEST:    93 ON 26    GRTST 24HR  1.04 ON 25-26      TO 1/4 MILE OR LESS
LOWEST:     49 ON 15                               3 = THUNDER
                        SNOW, ICE PELLETS, HAIL    4 = ICE PELLETS
                        TOTAL MONTH:   0.0 INCH    5 = HAIL
                        GRTST 24HR     0.0         6 = FREEZING RAIN OR DRIZZLE
                        GRTST DEPTH:   0           7 = DUSTSTORM OR SANDSTORM:
                                                       VSBY 1/2 MILE OR LESS
                                                   8 = SMOKE OR HAZE
[NO. OF DAYS WITH]      [WEATHER - DAYS WITH]      9 = BLOWING SNOW
                                                   X = TORNADO
MAX 32 OR BELOW:   0    0.01 INCH OR MORE:  14
MAX 90 OR ABOVE:   2    0.10 INCH OR MORE:   7
MIN 32 OR BELOW:   0    0.50 INCH OR MORE:   3
MIN  0 OR BELOW:   0    1.00 INCH OR MORE:   0

[HDD (BASE 65) ]
TOTAL THIS MO.     2    CLEAR  (SCALE 0-3)   3
DPTR FM NORMAL    -1    PTCLDY (SCALE 4-7)  20
TOTAL FM JUL 1     6    CLOUDY (SCALE 8-10)  7
DPTR FM NORMAL     2

[CDD (BASE 65) ]
TOTAL THIS MO.   283
DPTR FM NORMAL    -5    [PRESSURE DATA]
TOTAL FM JAN 1   797    HIGHEST SLP 30.16 ON  3
DPTR FM NORMAL  -124    LOWEST  SLP 29.75 ON 19

[REMARKS]
#FINAL-08-14#




U.S. Dept. of Commerce
NOAA National Weather Service
1325 East West Highway
Silver Spring, MD 20910
E-mail: w-nws.webmaster@noaa.gov
Page last modified: May 16, 2007
NATIONAL WEATHER SERVICE: for Safety, for Work, for Fun - FOR LIFE