875
CXUS55 KLBF 271200
CF6IML
PRELIMINARY LOCAL CLIMATOLOGICAL DATA (WS FORM: F-6)

                                          STATION:   IMPERIAL NE
                                          MONTH:     JULY
                                          YEAR:      2014
                                          LATITUDE:   40 31 N
                                          LONGITUDE: 101 37 W

  TEMPERATURE IN F:       :PCPN:    SNOW:  WIND      :SUNSHINE: SKY     :PK WND
================================================================================
1   2   3   4   5  6A  6B    7    8   9   10  11  12  13   14  15   16   17  18
                                     12Z  AVG MX 2MIN
DY MAX MIN AVG DEP HDD CDD  WTR  SNW DPTH SPD SPD DIR MIN PSBL S-S WX    SPD DR
================================================================================

 1  80  59  70  -4   0   5 0.00    M    M 14.6 29 330   M    M   1        37 330
 2  79  58  69  -6   0   4    T    M    M  6.0 14 150   M    M   3        23  40
 3  86  56  71  -4   0   6 0.00    M    M 14.8 25 150   M    M   3        31 150
 4  92  62  77   2   0  12 0.17    M    M 13.4 38 200   M    M   2 3      49 200
 5  95  61  78   3   0  13 0.00    M    M  6.8 15 310   M    M   0        19 300
 6  96  64  80   4   0  15 0.00    M    M  7.4 20  60   M    M   0        25  40
 7  89  64  77   1   0  12 0.00    M    M  8.3 29  30   M    M   0        35  30
 8  84  61  73  -3   0   8 0.00    M    M  6.1 15 230   M    M   3        18 280
 9  93  57  75  -1   0  10 0.00    M    M 13.9 24 180   M    M   0        33 170
10  94  64  79   3   0  14 0.00    M    M 15.9 25 120   M    M   3        32 120
11  92  70  81   5   0  16 0.07    M    M 11.3 21  40   M    M   2 13     26 300
12  86  66  76   0   0  11 0.00    M    M  9.7 20  10   M    M   4 18     24 360
13  87  62  75  -2   0  10 0.02    M    M  5.9 20 250   M    M   0 138    23 250
14  82  53  68  -9   0   3 0.00    M    M  9.9 21  20   M    M   0        29  10
15  70  50  60 -17   5   0    T    M    M  8.3 15 140   M    M   8 8      20 160
16  64  56  60 -17   5   0 0.03    M    M 10.7 21 130   M    M  10 1      25 130
17  72  56  64 -13   1   0 0.00    M    M  7.4 15 140   M    M   8 1      18 150
18  88  55  72  -5   0   7 0.00    M    M 13.5 23 150   M    M   4 1      32 150
19  88  58  73  -4   0   8 0.00    M    M 11.2 21 140   M    M   3 128    28 120
20 105  61  83   6   0  18 0.00    M    M  6.9 15 280   M    M   1 12     19 290
21 101  72  87  10   0  22    T    M    M  6.8 24 150   M    M   0        32 140
22  96  64  80   3   0  15 0.00    M    M  8.8 24  20   M    M   0        33  20
23  94  61  78   1   0  13 0.40    M    M 13.1 35 110   M    M   3 13     46 120
24 105  65  85   8   0  20    T    M    M 12.4 28 330   M    M   0 18     36 320
25  94  64  79   2   0  14 0.00    M    M  7.9 20 340   M    M   0        23 330
26  95  66  81   4   0  16 0.00    M    M 10.0 24  30   M    M   0        32  20
================================================================================
SM 2307 1585        11 272  0.69    M    261.0          M       58
================================================================================
AV 88.7 61.0                              10.0 FASTST   M    M   2    MAX(MPH)
                                 MISC ---->  # 38 200               # 49  200
================================================================================
NOTES:
# LAST OF SEVERAL OCCURRENCES

COLUMN 17 PEAK WIND IN M.P.H.

PRELIMINARY LOCAL CLIMATOLOGICAL DATA (WS FORM: F-6) , PAGE 2

                                          STATION:  IMPERIAL NE
                                          MONTH:    JULY
                                          YEAR:     2014
                                          LATITUDE:   40 31 N
                                          LONGITUDE: 101 37 W

[TEMPERATURE DATA]      [PRECIPITATION DATA]       SYMBOLS USED IN COLUMN 16

AVERAGE MONTHLY: 74.8   TOTAL FOR MONTH:   0.69    1 = FOG OR MIST
DPTR FM NORMAL:  -1.5   DPTR FM NORMAL:   -1.75    2 = FOG REDUCING VISIBILITY
HIGHEST:   105 ON 24,20 GRTST 24HR  0.40 ON 23-23      TO 1/4 MILE OR LESS
LOWEST:     50 ON 15                               3 = THUNDER
                        SNOW, ICE PELLETS, HAIL    4 = ICE PELLETS
                        TOTAL MONTH:    M          5 = HAIL
                        GRTST 24HR    M  ON   M    6 = FREEZING RAIN OR DRIZZLE
                        GRTST DEPTH:  M  ON   M    7 = DUSTSTORM OR SANDSTORM:
                                                       VSBY 1/2 MILE OR LESS
                                                   8 = SMOKE OR HAZE
[NO. OF DAYS WITH]      [WEATHER - DAYS WITH]      9 = BLOWING SNOW
                                                   X = TORNADO
MAX 32 OR BELOW:   0    0.01 INCH OR MORE:   5
MAX 90 OR ABOVE:  13    0.10 INCH OR MORE:   2
MIN 32 OR BELOW:   0    0.50 INCH OR MORE:   0
MIN  0 OR BELOW:   0    1.00 INCH OR MORE:   0

[HDD (BASE 65) ]
TOTAL THIS MO.    11    CLEAR  (SCALE 0-3)  19
DPTR FM NORMAL    11    PTCLDY (SCALE 4-7)   6
TOTAL FM JUL 1    11    CLOUDY (SCALE 8-10)  1
DPTR FM NORMAL    11

[CDD (BASE 65) ]
TOTAL THIS MO.   272
DPTR FM NORMAL   -24    [PRESSURE DATA]
TOTAL FM JAN 1   500    HIGHEST SLP M ON M
DPTR FM NORMAL   -24    LOWEST  SLP 29.66 ON 20

[REMARKS]




U.S. Dept. of Commerce
NOAA National Weather Service
1325 East West Highway
Silver Spring, MD 20910
E-mail: w-nws.webmaster@noaa.gov
Page last modified: May 16, 2007
NATIONAL WEATHER SERVICE: for Safety, for Work, for Fun - FOR LIFE