860
CXUS55 KLBF 281200
CF6IML
PRELIMINARY LOCAL CLIMATOLOGICAL DATA (WS FORM: F-6)

                                          STATION:   IMPERIAL NE
                                          MONTH:     NOVEMBER
                                          YEAR:      2014
                                          LATITUDE:   40 31 N
                                          LONGITUDE: 101 37 W

  TEMPERATURE IN F:       :PCPN:    SNOW:  WIND      :SUNSHINE: SKY     :PK WND
================================================================================
1   2   3   4   5  6A  6B    7    8   9   10  11  12  13   14  15   16   17  18
                                     12Z  AVG MX 2MIN
DY MAX MIN AVG DEP HDD CDD  WTR  SNW DPTH SPD SPD DIR MIN PSBL S-S WX    SPD DR
================================================================================

 1  60  26  43  -1  22   0 0.00    M    M 15.4 23 150   M    M   0        28 140
 2  69  34  52   8  13   0 0.00    M    M  5.4 15 320   M    M   0        19 340
 3  50  31  41  -2  24   0 0.03    M    M 13.0 31  30   M    M   3 18     37  40
 4  60  28  44   1  21   0 0.00    M    M  7.8 14 290   M    M   M        18 270
 5  64  31  48   6  17   0 0.00    M    M 14.0 30 330   M    M   M        37 310
 6  63  25  44   2  21   0 0.00    M    M  8.9 16 190   M    M   0        22 200
 7  72  34  53  12  12   0 0.00    M    M 14.8 33 350   M    M   0        39 310
 8  64  34  49   8  16   0 0.00    M    M  9.6 20 240   M    M   0 8      24 240
 9  76  37  57  16   8   0 0.00    M    M  9.2 21 260   M    M   0 8      26 280
10  50  15  33  -7  32   0    T    M    M 20.3 38 360   M    M   5        50 360
11  22   7  15 -25  50   0    T    M    M 14.4 23 350   M    M   6 8      28 350
12  15   1   8 -31  57   0    T    M    M 14.4 26 350   M    M   5        30 340
13  21  -3   9 -30  56   0 0.00    M    M  7.9 14 170   M    M   1 8      17 180
14  34  16  25 -13  40   0 0.00    M    M 16.0 24 170   M    M   6        29 160
15  25   7  16 -22  49   0    T    M    M 15.0 30 350   M    M   6 8      36 350
16  37  -1  18 -19  47   0 0.00    M    M 16.2 39 330   M    M   1        48 330
17  29   6  18 -19  47   0 0.00    M    M 11.1 32 350   M    M   1        40 340
18  54   9  32  -4  33   0 0.00    M    M 13.3 23 310   M    M   1        31 320
19  48  15  32  -4  33   0 0.00    M    M  7.0 17 320   M    M   1        20 320
20  50  13  32  -4  33   0 0.00    M    M  5.8 13 150   M    M   0        16 150
21  58  22  40   5  25   0 0.00    M    M  6.8 15 180   M    M   2        20 170
22  69  22  46  11  19   0 0.00    M    M  6.4 26 200   M    M   0 8      33 210
23  51  29  40   6  25   0 0.00    M    M 20.1 38 330   M    M   3        46 340
24  45  24  35   1  30   0 0.01    M    M 15.6 32 320   M    M   3 1      38 320
25  50  19  35   1  30   0 0.00    M    M 13.8 28 320   M    M   6        34 340
26  37  26  32  -1  33   0    T    M    M 10.0 25 340   M    M  10 18     31 350
27  63  17  40   7  25   0 0.00    M    M  7.3 15 290   M    M   0 1      19 270
================================================================================
SM 1336  524       818   0  0.04    M    319.5          M       60
================================================================================
AV 49.5 19.4                              11.8 FASTST   M    M   2    MAX(MPH)
                                 MISC ---->  # 39 330               # 50  360
================================================================================
NOTES:
# LAST OF SEVERAL OCCURRENCES

COLUMN 17 PEAK WIND IN M.P.H.

PRELIMINARY LOCAL CLIMATOLOGICAL DATA (WS FORM: F-6) , PAGE 2

                                          STATION:  IMPERIAL NE
                                          MONTH:    NOVEMBER
                                          YEAR:     2014
                                          LATITUDE:   40 31 N
                                          LONGITUDE: 101 37 W

[TEMPERATURE DATA]      [PRECIPITATION DATA]       SYMBOLS USED IN COLUMN 16

AVERAGE MONTHLY: 34.4   TOTAL FOR MONTH:   0.04    1 = FOG OR MIST
DPTR FM NORMAL:  -3.9   DPTR FM NORMAL:   -0.55    2 = FOG REDUCING VISIBILITY
HIGHEST:    76 ON  9    GRTST 24HR  0.03 ON  3- 3      TO 1/4 MILE OR LESS
LOWEST:     -3 ON 13                               3 = THUNDER
                        SNOW, ICE PELLETS, HAIL    4 = ICE PELLETS
                        TOTAL MONTH:    M          5 = HAIL
                        GRTST 24HR    M  ON   M    6 = FREEZING RAIN OR DRIZZLE
                        GRTST DEPTH:  M  ON   M    7 = DUSTSTORM OR SANDSTORM:
                                                       VSBY 1/2 MILE OR LESS
                                                   8 = SMOKE OR HAZE
[NO. OF DAYS WITH]      [WEATHER - DAYS WITH]      9 = BLOWING SNOW
                                                   X = TORNADO
MAX 32 OR BELOW:   5    0.01 INCH OR MORE:   2
MAX 90 OR ABOVE:   0    0.10 INCH OR MORE:   0
MIN 32 OR BELOW:  23    0.50 INCH OR MORE:   0
MIN  0 OR BELOW:   2    1.00 INCH OR MORE:   0

[HDD (BASE 65) ]
TOTAL THIS MO.   818    CLEAR  (SCALE 0-3)  16
DPTR FM NORMAL    99    PTCLDY (SCALE 4-7)   8
TOTAL FM JUL 1  1237    CLOUDY (SCALE 8-10)  1
DPTR FM NORMAL   -44

[CDD (BASE 65) ]
TOTAL THIS MO.     0
DPTR FM NORMAL     0    [PRESSURE DATA]
TOTAL FM JAN 1   955    HIGHEST SLP M ON M
DPTR FM NORMAL    -8    LOWEST  SLP 29.31 ON 10

[REMARKS]




U.S. Dept. of Commerce
NOAA National Weather Service
1325 East West Highway
Silver Spring, MD 20910
E-mail: w-nws.webmaster@noaa.gov
Page last modified: May 16, 2007
NATIONAL WEATHER SERVICE: for Safety, for Work, for Fun - FOR LIFE