107
CXUS52 KILM 011000
CF6ILM
PRELIMINARY LOCAL CLIMATOLOGICAL DATA (WS FORM: F-6)

                                          STATION:   WILMINGTON NC
                                          MONTH:     AUGUST
                                          YEAR:      2014
                                          LATITUDE:   34 16 N
                                          LONGITUDE:  77 55 W

  TEMPERATURE IN F:       :PCPN:    SNOW:  WIND      :SUNSHINE: SKY     :PK WND
================================================================================
1   2   3   4   5  6A  6B    7    8   9   10  11  12  13   14  15   16   17  18
                                     12Z  AVG MX 2MIN
DY MAX MIN AVG DEP HDD CDD  WTR  SNW DPTH SPD SPD DIR MIN PSBL S-S WX    SPD DR
================================================================================

 1  81  73  77  -4   0  12 1.39  0.0    0  5.5 18 170   M    M   4 13     27 100
 2  77  73  75  -6   0  10 0.55  0.0    0  2.7 13 130   M    M   5 1      19 140
 3  76  72  74  -7   0   9 0.73  0.0    0  4.1 10  10   M    M   7 13     13  20
 4  80  73  77  -4   0  12 0.16  0.0    0  2.4  8 110   M    M   6 1      11 120
 5  87  72  80  -1   0  15 0.07  0.0    0  4.7 12 120   M    M   5 1      16  50
 6  93  71  82   2   0  17 0.00  0.0    0  5.6 15 230   M    M   2 1      19 220
 7  93  73  83   3   0  18 0.00  0.0    0  4.1 15  30   M    M   2 138    21  10
 8  86  72  79  -1   0  14 0.00  0.0    0  8.0 16  70   M    M   1 1      21  70
 9  82  73  78  -2   0  13 2.26  0.0    0  7.1 20 120   M    M   8 1      25 120
10  82  74  78  -2   0  13 0.40  0.0    0  7.3 13  90   M    M   8 1      17 120
11  84  72  78  -2   0  13 0.03  0.0    0  9.0 18 110   M    M   5 13     24  90
12  91  73  82   2   0  17    T  0.0    0  4.8 17 200   M    M   4 12     24 200
13  91  73  82   2   0  17 0.00  0.0    0  6.7 14 310   M    M   4        17 290
14  86  67  77  -3   0  12 0.00  0.0    0  4.3 14  30   M    M   1        18  30
15  87  65  76  -4   0  11 0.00  0.0    0  3.1 12 170   M    M   0 1      16 110
16  88  67  78  -2   0  13 0.14  0.0    0  3.3 13 280   M    M   1 13     17 280
17  94  75  85   5   0  20 0.00  0.0    0  5.9 14 230   M    M   1 1      18 240
18  94  74  84   4   0  19 0.13  0.0    0  8.0 18 240   M    M   1 138    24 210
19  93  74  84   4   0  19 0.52  0.0    0  6.4 15  10   M    M   4 138    19 330
20  90  74  82   2   0  17 0.24  0.0    0  2.8 18 170   M    M   2 1      21 170
21  94  74  84   5   0  19    T  0.0    0  4.1 22 220   M    M   2 1238   29 220
22  95  71  83   4   0  18 1.60  0.0    0  4.6 26 300   M    M   3 138    39 290
23  86  73  80   1   0  15 0.55  0.0    0  5.6 14  90   M    M   5 13     18 130
24  84  68  76  -3   0  11 0.00  0.0    0 13.3 22  40   M    M   4        27  30
25  82  64  73  -6   0   8 0.02  0.0    0 11.5 20  30   M    M   5 1      25  30
26  85  65  75  -4   0  10 0.00  0.0    0  9.8 16  40   M    M   2        22  50
27  88  67  78  -1   0  13 0.00  0.0    0  7.2 17 350   M    M   1        21  20
28  92  63  78  -1   0  13 0.00  0.0    0  5.0 12 220   M    M   0        15 210
29  90  72  81   3   0  16 0.00  0.0    0  4.3 10 170   M    M   1        14 110
30  87  71  79   1   0  14 0.00  0.0    0  4.8 14 120   M    M   3        18 120
31  88  70  79   1   0  14 0.00  0.0    0  4.8 14 160   M    M   1        19 160
================================================================================
SM 2706 2198         0 442  8.79     0.0 180.8          M       98
================================================================================
AV 87.3 70.9                               5.8 FASTST   M    M   3    MAX(MPH)
                                 MISC ---->  # 26 300               # 39  290
================================================================================
NOTES:
# LAST OF SEVERAL OCCURRENCES

COLUMN 17 PEAK WIND IN M.P.H.

PRELIMINARY LOCAL CLIMATOLOGICAL DATA (WS FORM: F-6) , PAGE 2

                                          STATION:  WILMINGTON NC
                                          MONTH:    AUGUST
                                          YEAR:     2014
                                          LATITUDE:   34 16 N
                                          LONGITUDE:  77 55 W

[TEMPERATURE DATA]      [PRECIPITATION DATA]       SYMBOLS USED IN COLUMN 16

AVERAGE MONTHLY: 79.1   TOTAL FOR MONTH:   8.79    1 = FOG OR MIST
DPTR FM NORMAL:  -0.6   DPTR FM NORMAL:    1.38    2 = FOG REDUCING VISIBILITY
HIGHEST:    95 ON 22    GRTST 24HR  2.64 ON  9-10      TO 1/4 MILE OR LESS
LOWEST:     63 ON 28                               3 = THUNDER
                        SNOW, ICE PELLETS, HAIL    4 = ICE PELLETS
                        TOTAL MONTH:   0.0 INCH    5 = HAIL
                        GRTST 24HR     0.0         6 = FREEZING RAIN OR DRIZZLE
                        GRTST DEPTH:   0           7 = DUSTSTORM OR SANDSTORM:
                                                       VSBY 1/2 MILE OR LESS
                                                   8 = SMOKE OR HAZE
[NO. OF DAYS WITH]      [WEATHER - DAYS WITH]      9 = BLOWING SNOW
                                                   X = TORNADO
MAX 32 OR BELOW:   0    0.01 INCH OR MORE:  15
MAX 90 OR ABOVE:  12    0.10 INCH OR MORE:  12
MIN 32 OR BELOW:   0    0.50 INCH OR MORE:   7
MIN  0 OR BELOW:   0    1.00 INCH OR MORE:   3

[HDD (BASE 65) ]
TOTAL THIS MO.     0    CLEAR  (SCALE 0-3)  17
DPTR FM NORMAL     0    PTCLDY (SCALE 4-7)  13
TOTAL FM JUL 1     0    CLOUDY (SCALE 8-10)  1
DPTR FM NORMAL     0

[CDD (BASE 65) ]
TOTAL THIS MO.   442
DPTR FM NORMAL   -14    [PRESSURE DATA]
TOTAL FM JAN 1  1757    HIGHEST SLP 30.21 ON 30
DPTR FM NORMAL   134    LOWEST  SLP 29.79 ON 19

[REMARKS]
#FINAL-08-14#




U.S. Dept. of Commerce
NOAA National Weather Service
1325 East West Highway
Silver Spring, MD 20910
E-mail: w-nws.webmaster@noaa.gov
Page last modified: May 16, 2007
NATIONAL WEATHER SERVICE: for Safety, for Work, for Fun - FOR LIFE