478
CXUS52 KILM 211000
CF6ILM
PRELIMINARY LOCAL CLIMATOLOGICAL DATA (WS FORM: F-6)

                                          STATION:   WILMINGTON NC
                                          MONTH:     APRIL
                                          YEAR:      2014
                                          LATITUDE:   34 16 N
                                          LONGITUDE:  77 55 W

  TEMPERATURE IN F:       :PCPN:    SNOW:  WIND      :SUNSHINE: SKY     :PK WND
================================================================================
1   2   3   4   5  6A  6B    7    8   9   10  11  12  13   14  15   16   17  18
                                     12Z  AVG MX 2MIN
DY MAX MIN AVG DEP HDD CDD  WTR  SNW DPTH SPD SPD DIR MIN PSBL S-S WX    SPD DR
================================================================================

 1  80  40  60   1   5   0 0.00  0.0    0  6.2 18 210   M    M   0        26 200
 2  88  55  72  12   0   7 0.00  0.0    0  9.6 21 230   M    M   0        26 220
 3  88  62  75  15   0  10 0.00  0.0    0 12.5 23 210   M    M   0        28 210
 4  84  65  75  15   0  10 0.00  0.0    0 15.3 25 240   M    M   0        31 230
 5  84  59  72  12   0   7 0.00  0.0    0 10.8 20 260   M    M   1        24 280
 6  63  53  58  -3   7   0    T  0.0    0 11.6 18  30   M    M   7        22  20
 7  80  59  70   9   0   5 0.08  0.0    0 10.2 24 200   M    M   7 1      34 210
 8  76  61  69   8   0   4 0.16  0.0    0  9.3 20 170   M    M   7 1      27 160
 9  72  52  62   1   3   0 0.02  0.0    0  8.4 21 320   M    M   5        27 340
10  76  45  61  -1   4   0 0.00  0.0    0  7.0 21 180   M    M   0 18     26 210
11  81  58  70   8   0   5 0.00  0.0    0 12.8 24 210   M    M   0        34 220
12  81  54  68   6   0   3 0.00  0.0    0  5.4 15 120   M    M   1 8      21 120
13  80  54  67   5   0   2 0.00  0.0    0  5.8 17 170   M    M   2 1      22 180
14  78  61  70   7   0   5 0.02  0.0    0  9.9 22 170   M    M   6 1      28 170
15  77  47  62  -1   3   0 0.39  0.0    0 16.4 31 320   M    M   9 1      38 330
16  59  39  49 -14  16   0    T  0.0    0 12.7 25  10   M    M   2        31  30
17  70  38  54  -9  11   0 0.00  0.0    0 11.2 17  30   M    M   0        23  20
18  66  45  56  -8   9   0 0.45  0.0    0 11.0 22  40   M    M   8 1      28  30
19  59  51  55  -9  10   0 3.16  0.0    0 16.7 28  30   M    M  10 18     42  20
20  59  52  56  -8   9   0 0.16  0.0    0 18.6 36  20   M    M  10 1      47  20
================================================================================
SM 1501 1050        77  58  4.44     0.0 221.4          M       75
================================================================================
AV 75.1 52.5                              11.1 FASTST   M    M   4    MAX(MPH)
                                 MISC ---->  # 36  20               # 47   20
================================================================================
NOTES:
# LAST OF SEVERAL OCCURRENCES

COLUMN 17 PEAK WIND IN M.P.H.

PRELIMINARY LOCAL CLIMATOLOGICAL DATA (WS FORM: F-6) , PAGE 2

                                          STATION:  WILMINGTON NC
                                          MONTH:    APRIL
                                          YEAR:     2014
                                          LATITUDE:   34 16 N
                                          LONGITUDE:  77 55 W

[TEMPERATURE DATA]      [PRECIPITATION DATA]       SYMBOLS USED IN COLUMN 16

AVERAGE MONTHLY: 63.8   TOTAL FOR MONTH:   4.44    1 = FOG OR MIST
DPTR FM NORMAL:   2.0   DPTR FM NORMAL:    2.57    2 = FOG REDUCING VISIBILITY
HIGHEST:    88 ON  3, 2 GRTST 24HR  3.42 ON 18-19      TO 1/4 MILE OR LESS
LOWEST:     38 ON 17                               3 = THUNDER
                        SNOW, ICE PELLETS, HAIL    4 = ICE PELLETS
                        TOTAL MONTH:   0.0 INCH    5 = HAIL
                        GRTST 24HR     0.0         6 = FREEZING RAIN OR DRIZZLE
                        GRTST DEPTH:   0           7 = DUSTSTORM OR SANDSTORM:
                                                       VSBY 1/2 MILE OR LESS
                                                   8 = SMOKE OR HAZE
[NO. OF DAYS WITH]      [WEATHER - DAYS WITH]      9 = BLOWING SNOW
                                                   X = TORNADO
MAX 32 OR BELOW:   0    0.01 INCH OR MORE:   8
MAX 90 OR ABOVE:   0    0.10 INCH OR MORE:   5
MIN 32 OR BELOW:   0    0.50 INCH OR MORE:   1
MIN  0 OR BELOW:   0    1.00 INCH OR MORE:   1

[HDD (BASE 65) ]
TOTAL THIS MO.    77    CLEAR  (SCALE 0-3)  11
DPTR FM NORMAL   -27    PTCLDY (SCALE 4-7)   5
TOTAL FM JUL 1  2424    CLOUDY (SCALE 8-10)  4
DPTR FM NORMAL    68

[CDD (BASE 65) ]
TOTAL THIS MO.    58
DPTR FM NORMAL    23    [PRESSURE DATA]
TOTAL FM JAN 1    65    HIGHEST SLP M ON M
DPTR FM NORMAL     9    LOWEST  SLP 29.57 ON  8

[REMARKS]




U.S. Dept. of Commerce
NOAA National Weather Service
1325 East West Highway
Silver Spring, MD 20910
E-mail: w-nws.webmaster@noaa.gov
Page last modified: May 16, 2007
NATIONAL WEATHER SERVICE: for Safety, for Work, for Fun - FOR LIFE