375
CXUS52 KILM 011000
CF6ILM
PRELIMINARY LOCAL CLIMATOLOGICAL DATA (WS FORM: F-6)

                                          STATION:   WILMINGTON NC
                                          MONTH:     NOVEMBER
                                          YEAR:      2014
                                          LATITUDE:   34 16 N
                                          LONGITUDE:  77 55 W

  TEMPERATURE IN F:       :PCPN:    SNOW:  WIND      :SUNSHINE: SKY     :PK WND
================================================================================
1   2   3   4   5  6A  6B    7    8   9   10  11  12  13   14  15   16   17  18
                                     12Z  AVG MX 2MIN
DY MAX MIN AVG DEP HDD CDD  WTR  SNW DPTH SPD SPD DIR MIN PSBL S-S WX    SPD DR
================================================================================

 1  56  45  51 -10  14   0 0.61  0.0    0 11.6 28 330   M    M   7 135    35 330
 2  54  39  47 -13  18   0 0.00  0.0    0 13.4 26 310   M    M   0        33 310
 3  64  33  49 -11  16   0 0.00  0.0    0  3.7 10 270   M    M   0        13 330
 4  68  37  53  -7  12   0 0.00  0.0    0  3.3 14 270   M    M   0        17 280
 5  74  47  61   1   4   0 0.00  0.0    0  3.0 14 250   M    M   0 1      17 250
 6  77  55  66   7   0   1 0.00  0.0    0 11.1 24 220   M    M   2        34 240
 7  65  42  54  -5  11   0 0.00  0.0    0  8.0 22 320   M    M   1 1      28 310
 8  63  37  50  -9  15   0 0.00  0.0    0  1.9  8  50   M    M   0 1      10  40
 9  63  45  54  -4  11   0    T  0.0    0  2.9 12  10   M    M   2        14 350
10  64  43  54  -4  11   0 0.00  0.0    0  8.1 14  30   M    M   3        17  20
11  75  58  67   9   0   2 0.01  0.0    0  9.7 20  30   M    M   9 1      23  30
12  78  55  67   9   0   2 0.00  0.0    0  4.7 13 310   M    M   4 1      17 350
13  71  48  60   2   5   0 0.03  0.0    0  5.4 16 340   M    M   8 1      21 350
14  48  33  41 -16  24   0    T  0.0    0 10.5 22  30   M    M   6 1      32  30
15  50  30  40 -17  25   0 0.00  0.0    0  7.8 16  20   M    M   0        20  30
16  58  34  46 -11  19   0 0.38  0.0    0  6.6 14  40   M    M   8 1      17  40
17  76  48  62   6   3   0 0.05  0.0    0 10.4 30 210   M    M   8 12     42 220
18  60  30  45 -11  20   0 0.00  0.0    0 11.9 23 310   M    M   1        29 310
19  45  23  34 -22  31   0 0.00  0.0    0  3.8 14  30   M    M   0        18  10
20  62  29  46 -10  19   0 0.00  0.0    0  9.8 21 240   M    M   0 8      27 240
21  57  32  45 -10  20   0 0.00  0.0    0  7.7 17 360   M    M   0        21  20
22  58  29  44 -11  21   0 0.00  0.0    0  4.9 10 100   M    M   0        14  30
23  68  43  56   1   9   0 1.96  0.0    0  9.0 22 150   M    M   7 13     36 150
24  73  66  70  16   0   5 0.32  0.0    0 10.3 22 220   M    M  10 1      32 220
25  67  62  65  11   0   0 0.44  0.0    0  5.6 17  80   M    M   9 13     23  80
26  73  40  57   3   8   0 0.88  0.0    0 10.1 24 340   M    M   8 13     33 190
27  56  36  46  -8  19   0    T  0.0    0  8.4 24 320   M    M   3 12     32 330
28  48  30  39 -14  26   0 0.00  0.0    0  5.8 18 350   M    M   0 1      24 360
29  55  30  43 -10  22   0 0.00  0.0    0  1.7 10 160   M    M   0 1      13 130
30  70  37  54   1  11   0 0.00  0.0    0  6.9 16 210   M    M   0 1      21 220
================================================================================
SM 1896 1216       394  10  4.68     0.0 218.0          M       96
================================================================================
AV 63.2 40.5                               7.3 FASTST   M    M   3    MAX(MPH)
                                 MISC ---->  # 30 210               # 42  220
================================================================================
NOTES:
# LAST OF SEVERAL OCCURRENCES

COLUMN 17 PEAK WIND IN M.P.H.

PRELIMINARY LOCAL CLIMATOLOGICAL DATA (WS FORM: F-6) , PAGE 2

                                          STATION:  WILMINGTON NC
                                          MONTH:    NOVEMBER
                                          YEAR:     2014
                                          LATITUDE:   34 16 N
                                          LONGITUDE:  77 55 W

[TEMPERATURE DATA]      [PRECIPITATION DATA]       SYMBOLS USED IN COLUMN 16

AVERAGE MONTHLY: 51.9   TOTAL FOR MONTH:   4.68    1 = FOG OR MIST
DPTR FM NORMAL:  -4.8   DPTR FM NORMAL:    1.39    2 = FOG REDUCING VISIBILITY
HIGHEST:    78 ON 12    GRTST 24HR  2.21 ON 23-24      TO 1/4 MILE OR LESS
LOWEST:     23 ON 19                               3 = THUNDER
                        SNOW, ICE PELLETS, HAIL    4 = ICE PELLETS
                        TOTAL MONTH:   0.0 INCH    5 = HAIL
                        GRTST 24HR     0.0         6 = FREEZING RAIN OR DRIZZLE
                        GRTST DEPTH:   0           7 = DUSTSTORM OR SANDSTORM:
                                                       VSBY 1/2 MILE OR LESS
                                                   8 = SMOKE OR HAZE
[NO. OF DAYS WITH]      [WEATHER - DAYS WITH]      9 = BLOWING SNOW
                                                   X = TORNADO
MAX 32 OR BELOW:   0    0.01 INCH OR MORE:   9
MAX 90 OR ABOVE:   0    0.10 INCH OR MORE:   6
MIN 32 OR BELOW:   8    0.50 INCH OR MORE:   3
MIN  0 OR BELOW:   0    1.00 INCH OR MORE:   1

[HDD (BASE 65) ]
TOTAL THIS MO.   394    CLEAR  (SCALE 0-3)  19
DPTR FM NORMAL   122    PTCLDY (SCALE 4-7)   5
TOTAL FM JUL 1   453    CLOUDY (SCALE 8-10)  6
DPTR FM NORMAL    84

[CDD (BASE 65) ]
TOTAL THIS MO.    10
DPTR FM NORMAL   -13    [PRESSURE DATA]
TOTAL FM JAN 1  2190    HIGHEST SLP 30.57 ON 22
DPTR FM NORMAL   153    LOWEST  SLP 29.56 ON  1

[REMARKS]
#FINAL-11-14#




U.S. Dept. of Commerce
NOAA National Weather Service
1325 East West Highway
Silver Spring, MD 20910
E-mail: w-nws.webmaster@noaa.gov
Page last modified: May 16, 2007
NATIONAL WEATHER SERVICE: for Safety, for Work, for Fun - FOR LIFE