616
CXUS51 KPHI 011250
CF6ILG
PRELIMINARY LOCAL CLIMATOLOGICAL DATA (WS FORM: F-6)

                                          STATION:   WILMINGTON DE
                                          MONTH:     AUGUST
                                          YEAR:      2014
                                          LATITUDE:   39 40 N
                                          LONGITUDE:  75 36 W

  TEMPERATURE IN F:       :PCPN:    SNOW:  WIND      :SUNSHINE: SKY     :PK WND
================================================================================
1   2   3   4   5  6A  6B    7    8   9   10  11  12  13   14  15   16   17  18
                                     12Z  AVG MX 2MIN
DY MAX MIN AVG DEP HDD CDD  WTR  SNW DPTH SPD SPD DIR MIN PSBL S-S WX    SPD DR
================================================================================

 1  80  69  75  -2   0  10 0.28  0.0    0  6.1 18 160   M    M   4 13     22 160
 2  77  66  72  -4   0   7 0.37  0.0    0  9.2 17  50   M    M   7 1      22  40
 3  76  67  72  -4   0   7 0.23  0.0    0  5.1 12  50   M    M   7 1      14  60
 4  85  68  77   1   0  12 0.00  0.0    0  4.2 12 310   M    M   4 12     13 340
 5  88  64  76   0   0  11 0.00  0.0    0  4.9 14 330   M    M   1        19 340
 6  80  65  73  -3   0   8 0.00  0.0    0  7.3 14 300   M    M   1        16 310
 7  84  63  74  -2   0   9 0.00  0.0    0  8.2 16 290   M    M   2        19 300
 8  82  58  70  -6   0   5 0.00  0.0    0  6.8 14 310   M    M   0        18 310
 9  85  60  73  -3   0   8 0.00  0.0    0  3.7  8 200   M    M   1        11 190
10  85  62  74  -2   0   9 0.00  0.0    0  6.1 15 160   M    M   1        18 160
11  82  61  72  -4   0   7 0.00  0.0    0  6.8 18 170   M    M   0        22 180
12  77  69  73  -3   0   8 2.51  0.0    0 10.9 25 140   M    M   9 1      34 140
13  84  66  75  -1   0  10    T  0.0    0 11.3 23 300   M    M   4        29 280
14  79  59  69  -7   0   4 0.00  0.0    0  7.7 17 260   M    M   2        20 260
15  77  56  67  -9   0   2 0.00  0.0    0  7.6 17 300   M    M   2        25 290
16  80  56  68  -7   0   3 0.00  0.0    0  4.4 15 260   M    M   0        19 260
17  83  59  71  -4   0   6    T  0.0    0  6.4 16 290   M    M   3        20 280
18  82  58  70  -5   0   5 0.00  0.0    0  5.3 13 140   M    M   2        16 140
19  83  66  75   0   0  10 0.00  0.0    0  6.9 14 160   M    M   3        18  60
20  83  71  77   2   0  12 0.00  0.0    0  6.9 17 160   M    M   6        20 150
21  83  67  75   0   0  10 0.01  0.0    0  5.4 20 170   M    M   6 3      24 150
22  81  68  75   0   0  10    T  0.0    0  8.1 20  50   M    M   9        24  60
23  75  64  70  -4   0   5 0.03  0.0    0  8.6 15  50   M    M   7 1      21 100
24  83  63  73  -1   0   8 0.00  0.0    0  6.1 16 100   M    M   5        21  90
25  84  58  71  -3   0   6 0.00  0.0    0  4.8 13 110   M    M   0        17  40
26  88  64  76   2   0  11 0.00  0.0    0  6.5 17 170   M    M   0        20 170
27  87  64  76   2   0  11 0.00  0.0    0  4.1 13 260   M    M   0        16 220
28  81  62  72  -2   0   7 0.00  0.0    0 10.3 20 300   M    M   1        25 320
29  78  55  67  -6   0   2 0.00  0.0    0  6.1 12 140   M    M   0        16 140
30  80  61  71  -2   0   6 0.00  0.0    0  7.7 14 160   M    M   8        18 160
31  92  73  83  10   0  18 1.34  0.0    0  8.1 24 320   M    M   7 13     30 330
================================================================================
SM 2544 1962         0 247  4.77     0.0 211.6          M      102
================================================================================
AV 82.1 63.3                               6.8 FASTST   M    M   3    MAX(MPH)
                                 MISC ---->  # 25 140               # 34  140
================================================================================
NOTES:
# LAST OF SEVERAL OCCURRENCES

COLUMN 17 PEAK WIND IN M.P.H.

PRELIMINARY LOCAL CLIMATOLOGICAL DATA (WS FORM: F-6) , PAGE 2

                                          STATION:  WILMINGTON DE
                                          MONTH:    AUGUST
                                          YEAR:     2014
                                          LATITUDE:   39 40 N
                                          LONGITUDE:  75 36 W

[TEMPERATURE DATA]      [PRECIPITATION DATA]       SYMBOLS USED IN COLUMN 16

AVERAGE MONTHLY: 72.7   TOTAL FOR MONTH:   4.77    1 = FOG OR MIST
DPTR FM NORMAL:  -2.5   DPTR FM NORMAL:    1.52    2 = FOG REDUCING VISIBILITY
HIGHEST:    92 ON 31    GRTST 24HR  2.51 ON 12-12      TO 1/4 MILE OR LESS
LOWEST:     55 ON 29                               3 = THUNDER
                        SNOW, ICE PELLETS, HAIL    4 = ICE PELLETS
                        TOTAL MONTH:   0.0 INCH    5 = HAIL
                        GRTST 24HR     0.0         6 = FREEZING RAIN OR DRIZZLE
                        GRTST DEPTH:   0           7 = DUSTSTORM OR SANDSTORM:
                                                       VSBY 1/2 MILE OR LESS
                                                   8 = SMOKE OR HAZE
[NO. OF DAYS WITH]      [WEATHER - DAYS WITH]      9 = BLOWING SNOW
                                                   X = TORNADO
MAX 32 OR BELOW:   0    0.01 INCH OR MORE:   7
MAX 90 OR ABOVE:   1    0.10 INCH OR MORE:   5
MIN 32 OR BELOW:   0    0.50 INCH OR MORE:   2
MIN  0 OR BELOW:   0    1.00 INCH OR MORE:   2

[HDD (BASE 65) ]
TOTAL THIS MO.     0    CLEAR  (SCALE 0-3)  18
DPTR FM NORMAL    -2    PTCLDY (SCALE 4-7)  11
TOTAL FM JUL 1     0    CLOUDY (SCALE 8-10)  2
DPTR FM NORMAL    -2

[CDD (BASE 65) ]
TOTAL THIS MO.   247
DPTR FM NORMAL   -69    [PRESSURE DATA]
TOTAL FM JAN 1   906    HIGHEST SLP 30.27 ON 30
DPTR FM NORMAL   -87    LOWEST  SLP 29.73 ON 13

[REMARKS]
#FINAL-08-14#




U.S. Dept. of Commerce
NOAA National Weather Service
1325 East West Highway
Silver Spring, MD 20910
E-mail: w-nws.webmaster@noaa.gov
Page last modified: May 16, 2007
NATIONAL WEATHER SERVICE: for Safety, for Work, for Fun - FOR LIFE