110
CXUS51 KPHI 011227
CF6ILG
PRELIMINARY LOCAL CLIMATOLOGICAL DATA (WS FORM: F-6)

                                          STATION:   WILMINGTON DE
                                          MONTH:     NOVEMBER
                                          YEAR:      2014
                                          LATITUDE:   39 40 N
                                          LONGITUDE:  75 36 W

  TEMPERATURE IN F:       :PCPN:    SNOW:  WIND      :SUNSHINE: SKY     :PK WND
================================================================================
1   2   3   4   5  6A  6B    7    8   9   10  11  12  13   14  15   16   17  18
                                     12Z  AVG MX 2MIN
DY MAX MIN AVG DEP HDD CDD  WTR  SNW DPTH SPD SPD DIR MIN PSBL S-S WX    SPD DR
================================================================================

 1  51  44  48  -3  17   0 0.66  0.0    0 17.4 25 340   M    M  10 1      35 330
 2  50  38  44  -7  21   0    T  0.0    0 19.2 35 320   M    M   4        44 310
 3  59  38  49  -1  16   0 0.00  0.0    0 10.2 24 300   M    M   2        28 300
 4  71  45  58   8   7   0 0.00  0.0    0  4.1 14 160   M    M   2        17 170
 5  68  47  58   8   7   0 0.01  0.0    0  4.4 15 300   M    M   3        18 320
 6  57  48  53   3  12   0 0.59  0.0    0  5.3 14 100   M    M   9 1      17  90
 7  55  36  46  -3  19   0    T  0.0    0 12.8 31 300   M    M   4        42 300
 8  50  30  40  -9  25   0 0.00  0.0    0  7.2 16 210   M    M   1        20 170
 9  58  38  48  -1  17   0 0.00  0.0    0  3.8 16 300   M    M   3        19 290
10  60  33  47  -1  18   0 0.00  0.0    0  4.9 12 160   M    M   0        16 170
11  66  38  52   4  13   0 0.00  0.0    0  4.4 14 160   M    M   8 18     18 170
12  68  40  54   6  11   0 0.01  0.0    0  8.7 24 320   M    M   5 12     28 310
13  46  34  40  -8  25   0 0.15    T    0  6.6 13 310   M    M   6 1      15 320
14  43  32  38  -9  27   0 0.00  0.0    0 11.5 23 320   M    M   4 18     31 330
15  43  27  35 -12  30   0 0.00  0.0    0  8.4 20 320   M    M   0        24 310
16  44  27  36 -10  29   0 0.07  0.0    0  4.1 12 190   M    M   8 1      15 200
17  50  41  46   0  19   0 1.23  0.0    0  6.0 22 300   M    M  10 1      27 300
18  43  23  33 -13  32   0 0.00  0.0    0 18.0 29 290   M    M   1        37 280
19  33  19  26 -20  39   0 0.00  0.0    0 11.0 18 300   M    M   1        23 280
20  50  30  40  -5  25   0 0.00  0.0    0 10.1 22 300   M    M   3        27 310
21  37  26  32 -13  33   0 0.00  0.0    0 12.0 26 310   M    M   0        34 300
22  46  20  33 -11  32   0    T  0.0    0  7.0 21 220   M    M   4        27 210
23  55  35  45   1  20   0    T  0.0    0  5.7 12 190   M    M   3 1      14 190
24  72  55  64  20   1   0 0.36  0.0    0 18.0 29 150   M    M   5 1      39 200
25  68  44  56  13   9   0 0.00  0.0    0  7.1 18 320   M    M   2        23 320
26  48  34  41  -2  24   0 1.12  0.3    0 11.5 20  10   M    M   9 1      24  10
27  42  30  36  -7  29   0 0.00  0.0    0  8.8 16 310   M    M   5        21 330
28  41  27  34  -8  31   0 0.00  0.0    0 10.7 24 320   M    M   2        32 320
29  43  24  34  -8  31   0 0.00  0.0    0  5.0 15 170   M    M   5        19 170
30  60  40  50   8  15   0 0.00  0.0    0  8.2 20 210   M    M   8        26 210
================================================================================
SM 1577 1043       634   0  4.20     0.3 272.1          M      127
================================================================================
AV 52.6 34.8                               9.1 FASTST   M    M   4    MAX(MPH)
                                 MISC ---->  # 35 320               # 44  310
================================================================================
NOTES:
# LAST OF SEVERAL OCCURRENCES

COLUMN 17 PEAK WIND IN M.P.H.

PRELIMINARY LOCAL CLIMATOLOGICAL DATA (WS FORM: F-6) , PAGE 2

                                          STATION:  WILMINGTON DE
                                          MONTH:    NOVEMBER
                                          YEAR:     2014
                                          LATITUDE:   39 40 N
                                          LONGITUDE:  75 36 W

[TEMPERATURE DATA]      [PRECIPITATION DATA]       SYMBOLS USED IN COLUMN 16

AVERAGE MONTHLY: 43.7   TOTAL FOR MONTH:   4.20    1 = FOG OR MIST
DPTR FM NORMAL:  -2.9   DPTR FM NORMAL:    1.10    2 = FOG REDUCING VISIBILITY
HIGHEST:    72 ON 24    GRTST 24HR  1.30 ON 16-17      TO 1/4 MILE OR LESS
LOWEST:     19 ON 19                               3 = THUNDER
                        SNOW, ICE PELLETS, HAIL    4 = ICE PELLETS
                        TOTAL MONTH:   0.3 INCH    5 = HAIL
                        GRTST 24HR   0.3 ON   M    6 = FREEZING RAIN OR DRIZZLE
                        GRTST DEPTH:   0           7 = DUSTSTORM OR SANDSTORM:
                                                       VSBY 1/2 MILE OR LESS
                                                   8 = SMOKE OR HAZE
[NO. OF DAYS WITH]      [WEATHER - DAYS WITH]      9 = BLOWING SNOW
                                                   X = TORNADO
MAX 32 OR BELOW:   0    0.01 INCH OR MORE:   9
MAX 90 OR ABOVE:   0    0.10 INCH OR MORE:   6
MIN 32 OR BELOW:  12    0.50 INCH OR MORE:   4
MIN  0 OR BELOW:   0    1.00 INCH OR MORE:   2

[HDD (BASE 65) ]
TOTAL THIS MO.   634    CLEAR  (SCALE 0-3)  13
DPTR FM NORMAL    80    PTCLDY (SCALE 4-7)  12
TOTAL FM JUL 1   889    CLOUDY (SCALE 8-10)  5
DPTR FM NORMAL    -9

[CDD (BASE 65) ]
TOTAL THIS MO.     0
DPTR FM NORMAL     0    [PRESSURE DATA]
TOTAL FM JAN 1  1073    HIGHEST SLP 30.55 ON 22
DPTR FM NORMAL   -72    LOWEST  SLP 29.53 ON 17

[REMARKS]
#FINAL-11-14#




U.S. Dept. of Commerce
NOAA National Weather Service
1325 East West Highway
Silver Spring, MD 20910
E-mail: w-nws.webmaster@noaa.gov
Page last modified: May 16, 2007
NATIONAL WEATHER SERVICE: for Safety, for Work, for Fun - FOR LIFE