400
CXUS51 KPHI 300800
CF6ILG
PRELIMINARY LOCAL CLIMATOLOGICAL DATA (WS FORM: F-6)

                                          STATION:   WILMINGTON DE
                                          MONTH:     JULY
                                          YEAR:      2014
                                          LATITUDE:   39 40 N
                                          LONGITUDE:  75 36 W

  TEMPERATURE IN F:       :PCPN:    SNOW:  WIND      :SUNSHINE: SKY     :PK WND
================================================================================
1   2   3   4   5  6A  6B    7    8   9   10  11  12  13   14  15   16   17  18
                                     12Z  AVG MX 2MIN
DY MAX MIN AVG DEP HDD CDD  WTR  SNW DPTH SPD SPD DIR MIN PSBL S-S WX    SPD DR
================================================================================

 1  91  72  82   6   0  17 0.00  0.0    0  9.0 18 210   M    M   4        26 180
 2  92  75  84   8   0  19 0.03  0.0    0  8.6 18 160   M    M   1 3      24 160
 3  91  72  82   6   0  17 0.04  0.0    0  6.5 40 260   M    M   4 13     52 250
 4  79  62  71  -5   0   6    T  0.0    0 13.6 26 320   M    M   6        33 330
 5  83  60  72  -4   0   7 0.00  0.0    0  9.5 17 330   M    M   0        22 330
 6  86  59  73  -4   0   8 0.00  0.0    0  8.5 18 200   M    M   0        23 210
 7  92  73  83   6   0  18 0.00  0.0    0 11.2 22 210   M    M   4        29 200
 8  93  70  82   5   0  17 0.10  0.0    0 10.8 43 290   M    M   0 3      50 280
 9  90  71  81   4   0  16    T  0.0    0  6.6 18 240   M    M   3        27 260
10  87  69  78   1   0  13 1.40  0.0    0  7.5 24 330   M    M   5 13     30 330
11  89  67  78   1   0  13 0.01  0.0    0  7.5 20 160   M    M   3 1      23 160
12  86  68  77   0   0  12 0.00  0.0    0  8.4 21 170   M    M   2        25 160
13  90  71  81   4   0  16 0.08  0.0    0 10.4 26 220   M    M   5 1      33 230
14  88  72  80   3   0  15 1.77  0.0    0  3.8 26 270   M    M   3 13     35 280
15  89  72  81   4   0  16 0.32  0.0    0  5.1 15 290   M    M   5 123    17 280
16  83  64  74  -3   0   9 0.08  0.0    0  6.6 14 290   M    M   3 1      20 280
17  81  62  72  -5   0   7 0.00  0.0    0  7.9 16 280   M    M   0        22 280
18  84  58  71  -6   0   6 0.00  0.0    0  4.6 10 160   M    M   1        13 290
19  80  67  74  -3   0   9    T  0.0    0  7.0 14 100   M    M   1        18  80
20  81  69  75  -2   0  10    T  0.0    0  7.8 15  30   M    M   6        18  30
21  84  63  74  -3   0   9 0.00  0.0    0  5.8 17 160   M    M   3        22 150
22  85  69  77   0   0  12 0.00  0.0    0  8.1 21 160   M    M   3        25 160
23  91  71  81   4   0  16 0.15  0.0    0  7.8 30 290   M    M   2 1      39 300
24  83  66  75  -2   0  10    T  0.0    0  8.3 16 330   M    M   3        22 340
25  83  58  71  -6   0   6 0.00  0.0    0  5.6 14 170   M    M   0        16 180
26  83  64  74  -3   0   9    T  0.0    0  5.7 12 150   M    M   4 8      16 220
27  89  70  80   3   0  15 1.64  0.0    0  8.7 26 320   M    M   4 13     34 310
28  84  66  75  -2   0  10 0.32  0.0    0 11.3 25 280   M    M   4 13     32 270
29  76  60  68  -9   0   3 0.00  0.0    0  6.5 12 320   M    M   6        15 330
================================================================================
SM 2493 1940         0 341  5.94     0.0 228.7          M       85
================================================================================
AV 86.0 66.9                               7.9 FASTST   M    M   3    MAX(MPH)
                                 MISC ---->  # 43 290               # 52  250
================================================================================
NOTES:
# LAST OF SEVERAL OCCURRENCES

COLUMN 17 PEAK WIND IN M.P.H.

PRELIMINARY LOCAL CLIMATOLOGICAL DATA (WS FORM: F-6) , PAGE 2

                                          STATION:  WILMINGTON DE
                                          MONTH:    JULY
                                          YEAR:     2014
                                          LATITUDE:   39 40 N
                                          LONGITUDE:  75 36 W

[TEMPERATURE DATA]      [PRECIPITATION DATA]       SYMBOLS USED IN COLUMN 16

AVERAGE MONTHLY: 76.4   TOTAL FOR MONTH:   5.94    1 = FOG OR MIST
DPTR FM NORMAL:  -0.4   DPTR FM NORMAL:    1.65    2 = FOG REDUCING VISIBILITY
HIGHEST:    93 ON  8    GRTST 24HR  2.04 ON 14-15      TO 1/4 MILE OR LESS
LOWEST:     58 ON 25,18                            3 = THUNDER
                        SNOW, ICE PELLETS, HAIL    4 = ICE PELLETS
                        TOTAL MONTH:   0.0 INCH    5 = HAIL
                        GRTST 24HR     0.0         6 = FREEZING RAIN OR DRIZZLE
                        GRTST DEPTH:   0           7 = DUSTSTORM OR SANDSTORM:
                                                       VSBY 1/2 MILE OR LESS
                                                   8 = SMOKE OR HAZE
[NO. OF DAYS WITH]      [WEATHER - DAYS WITH]      9 = BLOWING SNOW
                                                   X = TORNADO
MAX 32 OR BELOW:   0    0.01 INCH OR MORE:  12
MAX 90 OR ABOVE:   8    0.10 INCH OR MORE:   7
MIN 32 OR BELOW:   0    0.50 INCH OR MORE:   3
MIN  0 OR BELOW:   0    1.00 INCH OR MORE:   3

[HDD (BASE 65) ]
TOTAL THIS MO.     0    CLEAR  (SCALE 0-3)  15
DPTR FM NORMAL     0    PTCLDY (SCALE 4-7)  14
TOTAL FM JUL 1     0    CLOUDY (SCALE 8-10)  0
DPTR FM NORMAL     0

[CDD (BASE 65) ]
TOTAL THIS MO.   341
DPTR FM NORMAL    -3    [PRESSURE DATA]
TOTAL FM JAN 1   648    HIGHEST SLP M ON M
DPTR FM NORMAL    -6    LOWEST  SLP 29.56 ON 28

[REMARKS]




U.S. Dept. of Commerce
NOAA National Weather Service
1325 East West Highway
Silver Spring, MD 20910
E-mail: w-nws.webmaster@noaa.gov
Page last modified: May 16, 2007
NATIONAL WEATHER SERVICE: for Safety, for Work, for Fun - FOR LIFE