086
CXUS54 KFWD 022025
CF6ILE
PRELIMINARY LOCAL CLIMATOLOGICAL DATA (WS FORM: F-6)

                                          STATION:   KILLEEN SKYLARK
                                          MONTH:     NOVEMBER
                                          YEAR:      2014
                                          LATITUDE:   31  4 N
                                          LONGITUDE:  97 41 W

  TEMPERATURE IN F:       :PCPN:    SNOW:  WIND      :SUNSHINE: SKY     :PK WND
================================================================================
1   2   3   4   5  6A  6B    7    8   9   10  11  12  13   14  15   16   17  18
                                     12Z  AVG MX 2MIN
DY MAX MIN AVG DEP HDD CDD  WTR  SNW DPTH SPD SPD DIR MIN PSBL S-S WX    SPD DR
================================================================================

 1  64  39  52 -11  13   0 0.00  0.0    0  7.0 12  90   M    M   0        17  80
 2  73  48  61  -1   4   0 0.00  0.0    0 12.1 20 140   M    M   2        24 140
 3  75  57  66   4   0   1 0.00  0.0    0 12.1 20 140   M    M   8        25 140
 4   M   M   M   M   M   M 0.14  0.0    0   M   M   M   M    M   M         M  M
 5   M   M   M   M   M   M    M    M    M   M   M   M   M    M   M         M  M
 6  68  48  58  -3   7   0 0.00  0.0    0  6.5 13  20   M    M   M         M  M
 7  70  43  57  -4   8   0 0.00  0.0    0  3.9  7 180   M    M   0         M  M
 8  72  46  59  -1   6   0 0.00  0.0    0  7.5 22 360   M    M   0        25 360
 9  75  39  57  -3   8   0 0.00  0.0    0  6.5 15 190   M    M   0        16 220
10  79  48  64   4   1   0 0.00  0.0    0 13.4 24 190   M    M   0        35 190
11  64  39  52  -7  13   0 0.00  0.0    0 11.8 18 330   M    M   2        28 330
12  46  34  40 -19  25   0 0.00  0.0    0 14.0 18 350   M    M   3        27 350
13  37  28  33 -25  32   0 0.00  0.0    0 11.6 20 350   M    M   7        28 350
14  45  28  37 -21  28   0 0.00  0.0    0  4.8  7 100   M    M  10         M  M
15  48  39  44 -14  21   0 0.00  0.0    0  8.2 13 130   M    M  10         M  M
16  48  30  39 -18  26   0    M    M    0 11.1 18 310   M    M  10        28 330
17  48  27  38 -19  27   0 0.00  0.0    0  8.8 14  10   M    M   1        22 320
18  57  25  41 -15  24   0 0.00  0.0    0  5.7 12 180   M    M   0        16 160
19  70  37  54  -2  11   0 0.00  0.0    0  9.4 15 200   M    M   0        25 200
20  72  39  56   0   9   0 0.00  0.0    0  7.5 16 180   M    M   4        25 160
21  75  61  68  13   0   3 0.26  0.0    0  9.0 17 160   M    M   9 3      25 160
22  66  55  61   6   4   0 1.04  0.0    0 12.3 17 140   M    M  10 3      23 140
23  79  52  66  12   0   1 0.00  0.0    0 10.5 22 260   M    M   0        27 250
24  63  39  51  -3  14   0 0.00  0.0    0  6.6 15 330   M    M   0        20 330
25  64  34  49  -5  16   0 0.00  0.0    0  4.7 15 290   M    M   0        18 290
26  70  39  55   2  10   0 0.00  0.0    0  7.4 16 270   M    M   0        22 270
27  61  39  50  -3  15   0 0.00  0.0    0  5.3  9 110   M    M   0         M  M
28  72  39  56   3   9   0 0.00  0.0    0  8.2 18 190   M    M   2        28 190
29  77  54  66  14   0   1 0.00  0.0    0 15.0 28 200   M    M   1        36 190
30  81  63  72  20   0   7 0.00  0.0    0 13.7 22 190   M    M   4        32 190
================================================================================
SM 1819 1169       331  13  1.44     0.0 254.6          M       83
================================================================================
AV 65.0 41.8                               9.1 FASTST   M    M   3    MAX(MPH)
                                 MISC ---->    28   M                 36    M
================================================================================
NOTES:
# LAST OF SEVERAL OCCURRENCES

COLUMN 17 PEAK WIND IN M.P.H.

PRELIMINARY LOCAL CLIMATOLOGICAL DATA (WS FORM: F-6) , PAGE 2

                                          STATION:  KILLEEN SKYLARK
                                          MONTH:    NOVEMBER
                                          YEAR:     2014
                                          LATITUDE:   31  4 N
                                          LONGITUDE:  97 41 W

[TEMPERATURE DATA]      [PRECIPITATION DATA]       SYMBOLS USED IN COLUMN 16

AVERAGE MONTHLY: 53.4   TOTAL FOR MONTH:   1.44    1 = FOG OR MIST
DPTR FM NORMAL:  -3.9   DPTR FM NORMAL:   -1.44    2 = FOG REDUCING VISIBILITY
HIGHEST:    81 ON 30    GRTST 24HR  1.04 ON 22-22      TO 1/4 MILE OR LESS
LOWEST:     25 ON 18                               3 = THUNDER
                        SNOW, ICE PELLETS, HAIL    4 = ICE PELLETS
                        TOTAL MONTH:   0.0 INCH    5 = HAIL
                        GRTST 24HR     0.0         6 = FREEZING RAIN OR DRIZZLE
                        GRTST DEPTH:   0           7 = DUSTSTORM OR SANDSTORM:
                                                       VSBY 1/2 MILE OR LESS
                                                   8 = SMOKE OR HAZE
[NO. OF DAYS WITH]      [WEATHER - DAYS WITH]      9 = BLOWING SNOW
                                                   X = TORNADO
MAX 32 OR BELOW:   0    0.01 INCH OR MORE:   3
MAX 90 OR ABOVE:   0    0.10 INCH OR MORE:   3
MIN 32 OR BELOW:   5    0.50 INCH OR MORE:   1
MIN  0 OR BELOW:   0    1.00 INCH OR MORE:   1

[HDD (BASE 65) ]
TOTAL THIS MO.   331    CLEAR  (SCALE 0-3)  17
DPTR FM NORMAL    69    PTCLDY (SCALE 4-7)   5
TOTAL FM JUL 1   337    CLOUDY (SCALE 8-10)  5
DPTR FM NORMAL     5

[CDD (BASE 65) ]
TOTAL THIS MO.    13
DPTR FM NORMAL   -20    [PRESSURE DATA]
TOTAL FM JAN 1  2688    HIGHEST SLP M ON M
DPTR FM NORMAL   145    LOWEST  SLP M ON M

[REMARKS]
#FINAL-11-14#




U.S. Dept. of Commerce
NOAA National Weather Service
1325 East West Highway
Silver Spring, MD 20910
E-mail: w-nws.webmaster@noaa.gov
Page last modified: May 16, 2007
NATIONAL WEATHER SERVICE: for Safety, for Work, for Fun - FOR LIFE