409
CXUS54 KFWD 220730
CF6ILE
PRELIMINARY LOCAL CLIMATOLOGICAL DATA (WS FORM: F-6)

                                          STATION:   KILLEEN SKYLARK
                                          MONTH:     APRIL
                                          YEAR:      2014
                                          LATITUDE:   31  4 N
                                          LONGITUDE:  97 41 W

  TEMPERATURE IN F:       :PCPN:    SNOW:  WIND      :SUNSHINE: SKY     :PK WND
================================================================================
1   2   3   4   5  6A  6B    7    8   9   10  11  12  13   14  15   16   17  18
                                     12Z  AVG MX 2MIN
DY MAX MIN AVG DEP HDD CDD  WTR  SNW DPTH SPD SPD DIR MIN PSBL S-S WX    SPD DR
================================================================================

 1  86  64  75  13   0  10 0.00  0.0    0 14.5 21 150   M    M   7        28 160
 2  82  70  76  14   0  11 0.00  0.0    0 15.2 23 170   M    M   8        32 170
 3  84  70  77  15   0  12 0.00  0.0    0 13.8 20 180   M    M   6        25 170
 4  72  48  60  -3   5   0 0.00  0.0    0 13.3 22 340   M    M   1        32 340
 5  61  52  57  -6   8   0 0.00  0.0    0  8.2 15  90   M    M   5        20  90
 6  57  48  53 -10  12   0 0.13  0.0    0  9.0 15 340   M    M  10 3      18 340
 7  68  52  60  -3   5   0 0.00  0.0    0  5.1 13 250   M    M   7 3      21 250
 8  73  50  62  -2   3   0 0.00  0.0    0 11.2 25 340   M    M   0        37 330
 9  84  45  65   1   0   0 0.00  0.0    0  8.8 17 150   M    M   0        23 180
10  88  57  73   9   0   8 0.00  0.0    0 16.9 22 190   M    M   0        33 190
11  84  61  73   9   0   8 0.00  0.0    0 15.7 20 180   M    M   2        28 160
12  84  64  74   9   0   9 0.00  0.0    0 17.1 23 160   M    M   5        33 150
13  79  63  71   6   0   6 0.40  0.0    0 14.3 22 150   M    M   6 3      30 150
14  72  45  59  -6   6   0 0.48  0.0    0 15.7 24 340   M    M   6 3      37 340
15  64  36  50 -15  15   0 0.00  0.0    0  6.1 10 140   M    M   0         M  M
16  70  43  57  -9   8   0 0.00  0.0    0 12.8 20 150   M    M   0        30 140
17  64  54  59  -7   6   0 0.00  0.0    0  6.8 12 110   M    M   6         M  M
18  75  55  65  -1   0   0 0.00  0.0    0  4.4 12  50   M    M   2         M  M
19  70  52  61  -5   4   0 0.00  0.0    0  6.0 15 140   M    M   1        22 120
20  63  61  62  -4   3   0 0.00  0.0    0  7.9 16 150   M    M   3         M  M
21  84  61  73   6   0   8 0.00  0.0    0  6.7 15 150   M    M   2 3      18 180
================================================================================
SM 1564 1151        75  72  1.01     0.0 229.5          M       77
================================================================================
AV 74.5 54.8                              10.9 FASTST   M    M   4    MAX(MPH)
                                 MISC ---->    25   M                 37    M
================================================================================
NOTES:
# LAST OF SEVERAL OCCURRENCES

COLUMN 17 PEAK WIND IN M.P.H.

PRELIMINARY LOCAL CLIMATOLOGICAL DATA (WS FORM: F-6) , PAGE 2

                                          STATION:  KILLEEN SKYLARK
                                          MONTH:    APRIL
                                          YEAR:     2014
                                          LATITUDE:   31  4 N
                                          LONGITUDE:  97 41 W

[TEMPERATURE DATA]      [PRECIPITATION DATA]       SYMBOLS USED IN COLUMN 16

AVERAGE MONTHLY: 64.6   TOTAL FOR MONTH:   1.01    1 = FOG OR MIST
DPTR FM NORMAL:   0.3   DPTR FM NORMAL:   -0.37    2 = FOG REDUCING VISIBILITY
HIGHEST:    88 ON 10    GRTST 24HR  0.48 ON 14-14      TO 1/4 MILE OR LESS
LOWEST:     36 ON 15                               3 = THUNDER
                        SNOW, ICE PELLETS, HAIL    4 = ICE PELLETS
                        TOTAL MONTH:   0.0 INCH    5 = HAIL
                        GRTST 24HR     0.0         6 = FREEZING RAIN OR DRIZZLE
                        GRTST DEPTH:   0           7 = DUSTSTORM OR SANDSTORM:
                                                       VSBY 1/2 MILE OR LESS
                                                   8 = SMOKE OR HAZE
[NO. OF DAYS WITH]      [WEATHER - DAYS WITH]      9 = BLOWING SNOW
                                                   X = TORNADO
MAX 32 OR BELOW:   0    0.01 INCH OR MORE:   3
MAX 90 OR ABOVE:   0    0.10 INCH OR MORE:   3
MIN 32 OR BELOW:   0    0.50 INCH OR MORE:   0
MIN  0 OR BELOW:   0    1.00 INCH OR MORE:   0

[HDD (BASE 65) ]
TOTAL THIS MO.    75    CLEAR  (SCALE 0-3)  11
DPTR FM NORMAL     4    PTCLDY (SCALE 4-7)   9
TOTAL FM JUL 1  2178    CLOUDY (SCALE 8-10)  1
DPTR FM NORMAL    33

[CDD (BASE 65) ]
TOTAL THIS MO.    72
DPTR FM NORMAL    18    [PRESSURE DATA]
TOTAL FM JAN 1   112    HIGHEST SLP M ON M
DPTR FM NORMAL    22    LOWEST  SLP M ON M

[REMARKS]




U.S. Dept. of Commerce
NOAA National Weather Service
1325 East West Highway
Silver Spring, MD 20910
E-mail: w-nws.webmaster@noaa.gov
Page last modified: May 16, 2007
NATIONAL WEATHER SERVICE: for Safety, for Work, for Fun - FOR LIFE