793
CXUS54 KFWD 010730
CF6ILE
PRELIMINARY LOCAL CLIMATOLOGICAL DATA (WS FORM: F-6)

                                          STATION:   KILLEEN SKYLARK
                                          MONTH:     AUGUST
                                          YEAR:      2014
                                          LATITUDE:   31  4 N
                                          LONGITUDE:  97 41 W

  TEMPERATURE IN F:       :PCPN:    SNOW:  WIND      :SUNSHINE: SKY     :PK WND
================================================================================
1   2   3   4   5  6A  6B    7    8   9   10  11  12  13   14  15   16   17  18
                                     12Z  AVG MX 2MIN
DY MAX MIN AVG DEP HDD CDD  WTR  SNW DPTH SPD SPD DIR MIN PSBL S-S WX    SPD DR
================================================================================

 1  82  68  75  -9   0  10 0.00  0.0    0  7.8 10  20   M    M   8         M  M
 2  90  66  78  -6   0  13 0.00  0.0    0  8.0 16  60   M    M   3        22  40
 3  91  68  80  -4   0  15 0.00  0.0    0  8.4 15  20   M    M   2        22  30
 4  93  70  82  -2   0  17 0.00  0.0    0  6.8 13 100   M    M   2        18  90
 5  97  70  84   0   0  19 0.00  0.0    0  5.4 10 140   M    M   1         M  M
 6  99  73  86   2   0  21 0.00  0.0    0  8.4 14 140   M    M   0        18 140
 7 102  75  89   5   0  24 0.00  0.0    0 10.1 14 150   M    M   0        21 160
 8 102  77  90   6   0  25 0.00  0.0    0 10.3 14 200   M    M   0        21 180
 9 100  75  88   4   0  23 0.00  0.0    0  8.7 13 150   M    M   0        16 210
10 100  75  88   4   0  23 0.00  0.0    0  7.7 12 170   M    M   0        16 200
11  99  73  86   2   0  21 0.00  0.0    0  5.3 10 310   M    M   1 3      17 290
12  99  72  86   2   0  21 0.00  0.0    0  5.4 13  30   M    M   0        20 350
13  95  66  81  -3   0  16 0.00  0.0    0  6.0 14  90   M    M   0        16 350
14  95  66  81  -3   0  16 0.00  0.0    0  4.0 13 100   M    M   0        18  80
15 100  73  87   3   0  22 0.00  0.0    0  7.6 13 170   M    M   1        20 170
16 102  77  90   6   0  25 0.00  0.0    0 10.5 15 160   M    M   0        22 160
17  95  73  84   0   0  19 0.20  0.0    0  8.3 17  50   M    M   2 3      27 160
18  99  73  86   2   0  21 0.00  0.0    0  7.0 15 180   M    M   2 3      20 180
19  97  75  86   2   0  21 0.00  0.0    0  9.3 18 190   M    M   0        24 190
20 100  77  89   5   0  24 0.00  0.0    0 13.2 18 160   M    M   1        27 170
21 100  79  90   6   0  25 0.00  0.0    0 14.3 20 180   M    M   1        29 150
22 102  77  90   6   0  25 0.00  0.0    0 11.3 15 180   M    M   0        23 160
23  99  72  86   2   0  21 0.00  0.0    0  9.4 15 150   M    M   0        27 170
24 100  75  88   5   0  23 0.00  0.0    0  8.2 14 190   M    M   0        21 140
25 100  75  88   5   0  23 0.00  0.0    0  6.1 10 120   M    M   0         M  M
26  99  75  87   4   0  22 0.00  0.0    0  4.1 16 110   M    M   2 3       M  M
27  95  73  84   1   0  19 0.00  0.0    0  5.1 13  90   M    M   2        20  90
28  99  70  85   2   0  20 0.00  0.0    0  8.0 21 110   M    M   0        27 110
29  97  70  84   2   0  19 0.04  0.0    0  7.3 17 140   M    M   2 3      25 140
30  95  73  84   2   0  19 0.00  0.0    0  5.7 12 140   M    M   3        16  80
31  99  73  86   4   0  21 0.00  0.0    0 10.8 17 150   M    M   2        23 140
================================================================================
SM 3022 2254         0 633  0.24     0.0 248.5          M       35
================================================================================
AV 97.5 72.7                               8.0 FASTST   M    M   1    MAX(MPH)
                                 MISC ---->    21   M                 29    M
================================================================================
NOTES:
# LAST OF SEVERAL OCCURRENCES

COLUMN 17 PEAK WIND IN M.P.H.

PRELIMINARY LOCAL CLIMATOLOGICAL DATA (WS FORM: F-6) , PAGE 2

                                          STATION:  KILLEEN SKYLARK
                                          MONTH:    AUGUST
                                          YEAR:     2014
                                          LATITUDE:   31  4 N
                                          LONGITUDE:  97 41 W

[TEMPERATURE DATA]      [PRECIPITATION DATA]       SYMBOLS USED IN COLUMN 16

AVERAGE MONTHLY: 85.1   TOTAL FOR MONTH:   0.24    1 = FOG OR MIST
DPTR FM NORMAL:   1.3   DPTR FM NORMAL:   -1.63    2 = FOG REDUCING VISIBILITY
HIGHEST:   102 ON 22,16 GRTST 24HR  0.20 ON 17-17      TO 1/4 MILE OR LESS
LOWEST:     66 ON 14,13                            3 = THUNDER
                        SNOW, ICE PELLETS, HAIL    4 = ICE PELLETS
                        TOTAL MONTH:   0.0 INCH    5 = HAIL
                        GRTST 24HR     0.0         6 = FREEZING RAIN OR DRIZZLE
                        GRTST DEPTH:   0           7 = DUSTSTORM OR SANDSTORM:
                                                       VSBY 1/2 MILE OR LESS
                                                   8 = SMOKE OR HAZE
[NO. OF DAYS WITH]      [WEATHER - DAYS WITH]      9 = BLOWING SNOW
                                                   X = TORNADO
MAX 32 OR BELOW:   0    0.01 INCH OR MORE:   2
MAX 90 OR ABOVE:  30    0.10 INCH OR MORE:   1
MIN 32 OR BELOW:   0    0.50 INCH OR MORE:   0
MIN  0 OR BELOW:   0    1.00 INCH OR MORE:   0

[HDD (BASE 65) ]
TOTAL THIS MO.     0    CLEAR  (SCALE 0-3)  30
DPTR FM NORMAL     0    PTCLDY (SCALE 4-7)   0
TOTAL FM JUL 1     0    CLOUDY (SCALE 8-10)  1
DPTR FM NORMAL     0

[CDD (BASE 65) ]
TOTAL THIS MO.   633
DPTR FM NORMAL    49    [PRESSURE DATA]
TOTAL FM JAN 1  2006    HIGHEST SLP M ON M
DPTR FM NORMAL    22    LOWEST  SLP M ON M

[REMARKS]
#FINAL-08-14#




U.S. Dept. of Commerce
NOAA National Weather Service
1325 East West Highway
Silver Spring, MD 20910
E-mail: w-nws.webmaster@noaa.gov
Page last modified: May 16, 2007
NATIONAL WEATHER SERVICE: for Safety, for Work, for Fun - FOR LIFE