271
CXUS55 KVEF 010940
CF6IGM
PRELIMINARY LOCAL CLIMATOLOGICAL DATA (WS FORM: F-6)

                                          STATION:   KINGMAN AZ
                                          MONTH:     JANUARY
                                          YEAR:      2015
                                          LATITUDE:   35 16 N
                                          LONGITUDE: 113 57 W

  TEMPERATURE IN F:       :PCPN:    SNOW:  WIND      :SUNSHINE: SKY     :PK WND
================================================================================
1   2   3   4   5  6A  6B    7    8   9   10  11  12  13   14  15   16   17  18
                                     12Z  AVG MX 2MIN
DY MAX MIN AVG DEP HDD CDD  WTR  SNW DPTH SPD SPD DIR MIN PSBL S-S WX    SPD DR
================================================================================

 1  33  13  23 -19  42   0 0.02    M    M  5.1 10  80   M    M   5 1      12  80
 2  37  10  24 -18  41   0 0.00  0.0    M  5.4 13  10   M    M   0        14  10
 3  45  12  29 -14  36   0 0.00  0.0    M  1.7  7 200   M    M   0        13  50
 4  46  19  33 -10  32   0 0.00  0.0    M  2.5 10 110   M    M   0        10 110
 5  50  25  38  -5  27   0 0.00  0.0    M  5.1 13  40   M    M   0        16 120
 6  61  29  45   2  20   0 0.00  0.0    0  4.7  9 350   M    M   0        11  40
 7  67  36  52   9  13   0 0.00  0.0    0  5.3 14  30   M    M   0        15  30
 8  69  40  55  12  10   0 0.00  0.0    0  4.3 14 130   M    M   1        16 310
 9  66  35  51   8  14   0 0.00  0.0    0  4.7 12 230   M    M   1        14 230
10  62  44  53  10  12   0    T  0.0    0  6.5 14 110   M    M   6        20 130
11  62  44  53  10  12   0 0.07  0.0    0  6.4 14 350   M    M   8 1      16 120
12  57  41  49   5  16   0    T  0.0    0  3.4 13 220   M    M   9        15 220
13  54  36  45   1  20   0 0.01  0.0    0  9.7 25 340   M    M   2 1      29 340
14  57  32  45   1  20   0 0.00  0.0    0  8.5 15  30   M    M   0        19  10
15  61  29  45   1  20   0 0.00  0.0    0  7.0 14  30   M    M   0        17  10
16  65  28  47   3  18   0 0.00  0.0    0  3.3 12  20   M    M   0        13  20
17  64  30  47   3  18   0 0.00  0.0    0  5.3 13 360   M    M   0        16  20
18  70  33  52   8  13   0 0.00  0.0    0  2.8 10 250   M    M   0        12 230
19  67  34  51   7  14   0 0.00  0.0    0  3.4 14  10   M    M   0        15  10
20  59  31  45   1  20   0 0.00  0.0    0  5.5 10  70   M    M   1        13  10
21  58  38  48   4  17   0 0.00  0.0    0 12.5 25 340   M    M   3        30 360
22  55  27  41  -3  24   0 0.00  0.0    0  9.0 17  20   M    M   0        22  30
23  56  27  42  -2  23   0 0.00  0.0    0  7.7 15 350   M    M   0        18 350
24  62  34  48   3  17   0 0.00  0.0    0 11.9 22 360   M    M   0        27 360
25  67  36  52   7  13   0 0.00  0.0    0  9.2 22  20   M    M   0        25  10
26  68  37  53   8  12   0 0.07  0.0    0  6.5 20 230   M    M   3        22 230
27  62  42  52   7  13   0 0.10  0.0    0  6.6 20 240   M    M   4 1      23 240
28  62  36  49   4  16   0 0.00  0.0    0  5.3 12  20   M    M   1 12     15  20
29  60  45  53   8  12   0 0.10  0.0    0  6.6 13  30   M    M   4        15  10
30  49  46  48   3  17   0 0.44  0.0    0  6.1 13  10   M    M  10 1      14 360
31  58  43  51   6  14   0 0.01    M    0  7.7 22 340   M    M   7 1      26 340
================================================================================
SM 1809 1012       596   0  0.82     0.0 189.7          M       65
================================================================================
AV 58.4 32.6                               6.1 FASTST   M    M   2    MAX(MPH)
                                 MISC ---->  # 25 340               # 30  360
================================================================================
NOTES:
# LAST OF SEVERAL OCCURRENCES

COLUMN 17 PEAK WIND IN M.P.H.

PRELIMINARY LOCAL CLIMATOLOGICAL DATA (WS FORM: F-6) , PAGE 2

                                          STATION:  KINGMAN AZ
                                          MONTH:    JANUARY
                                          YEAR:     2015
                                          LATITUDE:   35 16 N
                                          LONGITUDE: 113 57 W

[TEMPERATURE DATA]      [PRECIPITATION DATA]       SYMBOLS USED IN COLUMN 16

AVERAGE MONTHLY: 45.5   TOTAL FOR MONTH:   0.82    1 = FOG OR MIST
DPTR FM NORMAL:   1.7   DPTR FM NORMAL:   -0.20    2 = FOG REDUCING VISIBILITY
HIGHEST:    70 ON 18    GRTST 24HR  0.55 ON 29-30      TO 1/4 MILE OR LESS
LOWEST:     10 ON  2                               3 = THUNDER
                        SNOW, ICE PELLETS, HAIL    4 = ICE PELLETS
                        TOTAL MONTH:   0.0 INCH    5 = HAIL
                        GRTST 24HR     0.0         6 = FREEZING RAIN OR DRIZZLE
                        GRTST DEPTH:   0           7 = DUSTSTORM OR SANDSTORM:
                                                       VSBY 1/2 MILE OR LESS
                                                   8 = SMOKE OR HAZE
[NO. OF DAYS WITH]      [WEATHER - DAYS WITH]      9 = BLOWING SNOW
                                                   X = TORNADO
MAX 32 OR BELOW:   0    0.01 INCH OR MORE:   8
MAX 90 OR ABOVE:   0    0.10 INCH OR MORE:   3
MIN 32 OR BELOW:  13    0.50 INCH OR MORE:   0
MIN  0 OR BELOW:   0    1.00 INCH OR MORE:   0

[HDD (BASE 65) ]
TOTAL THIS MO.   596    CLEAR  (SCALE 0-3)  22
DPTR FM NORMAL   -60    PTCLDY (SCALE 4-7)   6
TOTAL FM JUL 1  1651    CLOUDY (SCALE 8-10)  3
DPTR FM NORMAL  -254

[CDD (BASE 65) ]
TOTAL THIS MO.     0
DPTR FM NORMAL     0    [PRESSURE DATA]
TOTAL FM JAN 1     0    HIGHEST SLP M ON M
DPTR FM NORMAL     0    LOWEST  SLP 29.74 ON 30

[REMARKS]
#FINAL-01-15#




U.S. Dept. of Commerce
NOAA National Weather Service
1325 East West Highway
Silver Spring, MD 20910
E-mail: w-nws.webmaster@noaa.gov
Page last modified: May 16, 2007
NATIONAL WEATHER SERVICE: for Safety, for Work, for Fun - FOR LIFE