017
CXUS55 KVEF 020402
CF6IGM
PRELIMINARY LOCAL CLIMATOLOGICAL DATA (WS FORM: F-6)

                                          STATION:   KINGMAN AZ
                                          MONTH:     NOVEMBER
                                          YEAR:      2014
                                          LATITUDE:   35 16 N
                                          LONGITUDE: 113 57 W

  TEMPERATURE IN F:       :PCPN:    SNOW:  WIND      :SUNSHINE: SKY     :PK WND
================================================================================
1   2   3   4   5  6A  6B    7    8   9   10  11  12  13   14  15   16   17  18
                                     12Z  AVG MX 2MIN
DY MAX MIN AVG DEP HDD CDD  WTR  SNW DPTH SPD SPD DIR MIN PSBL S-S WX    SPD DR
================================================================================

 1  67  48  58   2   7   0 0.00  0.0    0 16.6 29 200   M    M   3        36 200
 2  62  38  50  -6  15   0 0.00  0.0    0  7.7 17 260   M    M   2        22 250
 3  60  34  47  -9  18   0 0.00  0.0    0 10.3 24 340   M    M   0        30 340
 4  65  35  50  -5  15   0 0.00  0.0    0 11.8 22 360   M    M   0        25 360
 5  73  36  55   0  10   0 0.00  0.0    0  9.5 17  30   M    M   0        22  20
 6  78  43  61   7   4   0 0.00  0.0    0  4.5 13 110   M    M   0        13 110
 7  78  36  57   3   8   0 0.00  0.0    0  3.7 10 360   M    M   0        14  20
 8  80  44  62   8   3   0 0.00  0.0    0  6.7 13 140   M    M   0        15 360
 9  78  42  60   7   5   0 0.00  0.0    0  6.3 18 230   M    M   0        22 230
10  76  47  62   9   3   0 0.00  0.0    0 11.2 24 220   M    M   0        31 220
11  73  41  57   5   8   0 0.00  0.0    0 11.2 25 230   M    M   0        29 230
12  68  42  55   3  10   0 0.00  0.0    0  6.9 15 230   M    M   0        18 250
13  69  44  57   5   8   0 0.00  0.0    0 10.5 24 230   M    M   0        28 240
14  64  42  53   2  12   0 0.00  0.0    0  6.4 21 210   M    M   1        27 230
15  66  39  53   2  12   0 0.00  0.0    0 10.5 23 220   M    M   0        28 200
16  53  30  42  -8  23   0 0.00  0.0    0 18.2 36 340   M    M   1 8      45 340
17  56  27  42  -8  23   0 0.00  0.0    0 10.4 18  20   M    M   0        23  20
18  62  27  45  -5  20   0 0.00  0.0    0  6.3 15 360   M    M   0        17 360
19  64  27  46  -3  19   0 0.00  0.0    0  5.7 14 240   M    M   2        17 240
20  66  30  48  -1  17   0 0.00  0.0    0  5.0 17 230   M    M   0        22 250
21  65  38  52   3  13   0 0.00  0.0    0  7.0 13  90   M    M   0        17  40
22  65  30  48   0  17   0 0.00  0.0    0  8.4 24 220   M    M   0        29 210
23  57  33  45  -3  20   0 0.00  0.0    0 12.4 29 340   M    M   0        34 340
24  60  24  42  -6  23   0 0.00  0.0    0  7.4 22 340   M    M   0        27 360
25  64  23  44  -3  21   0 0.00  0.0    0  5.2 13 110   M    M   0        14 240
26  68  35  52   5  13   0 0.00  0.0    0  5.4 12  20   M    M   0        14  20
27  77  34  56   9   9   0 0.00  0.0    0  3.2 12  20   M    M   0        15  20
28  75  33  54   8  11   0 0.00  0.0    0  6.5 20 230   M    M   0        22 220
29  72  35  54   8  11   0 0.00  0.0    0  7.8 21 220   M    M   0        26 210
30  68  44  56  10   9   0 0.00  0.0    0 13.3 28 230   M    M   0        34 220
================================================================================
SM 2029 1081       387   0  0.00     0.0 256.0          M        9
================================================================================
AV 67.6 36.0                               8.5 FASTST   M    M   0    MAX(MPH)
                                 MISC ---->  # 36 340               # 45  340
================================================================================
NOTES:
# LAST OF SEVERAL OCCURRENCES

COLUMN 17 PEAK WIND IN M.P.H.

PRELIMINARY LOCAL CLIMATOLOGICAL DATA (WS FORM: F-6) , PAGE 2

                                          STATION:  KINGMAN AZ
                                          MONTH:    NOVEMBER
                                          YEAR:     2014
                                          LATITUDE:   35 16 N
                                          LONGITUDE: 113 57 W

[TEMPERATURE DATA]      [PRECIPITATION DATA]       SYMBOLS USED IN COLUMN 16

AVERAGE MONTHLY: 51.8   TOTAL FOR MONTH:   0.00    1 = FOG OR MIST
DPTR FM NORMAL:   1.0   DPTR FM NORMAL:   -0.65    2 = FOG REDUCING VISIBILITY
HIGHEST:    80 ON  8    GRTST 24HR  0.00 ON 30-30      TO 1/4 MILE OR LESS
LOWEST:     23 ON 25                               3 = THUNDER
                        SNOW, ICE PELLETS, HAIL    4 = ICE PELLETS
                        TOTAL MONTH:   0.0 INCH    5 = HAIL
                        GRTST 24HR     0.0         6 = FREEZING RAIN OR DRIZZLE
                        GRTST DEPTH:   0           7 = DUSTSTORM OR SANDSTORM:
                                                       VSBY 1/2 MILE OR LESS
                                                   8 = SMOKE OR HAZE
[NO. OF DAYS WITH]      [WEATHER - DAYS WITH]      9 = BLOWING SNOW
                                                   X = TORNADO
MAX 32 OR BELOW:   0    0.01 INCH OR MORE:   0
MAX 90 OR ABOVE:   0    0.10 INCH OR MORE:   0
MIN 32 OR BELOW:   8    0.50 INCH OR MORE:   0
MIN  0 OR BELOW:   0    1.00 INCH OR MORE:   0

[HDD (BASE 65) ]
TOTAL THIS MO.   387    CLEAR  (SCALE 0-3)  30
DPTR FM NORMAL   -40    PTCLDY (SCALE 4-7)   0
TOTAL FM JUL 1   414    CLOUDY (SCALE 8-10)  0
DPTR FM NORMAL  -152

[CDD (BASE 65) ]
TOTAL THIS MO.     0
DPTR FM NORMAL    -1    [PRESSURE DATA]
TOTAL FM JAN 1  2070    HIGHEST SLP 30.48 ON 25
DPTR FM NORMAL   -23    LOWEST  SLP 29.58 ON  1

[REMARKS]
#FINAL-11-14#




U.S. Dept. of Commerce
NOAA National Weather Service
1325 East West Highway
Silver Spring, MD 20910
E-mail: w-nws.webmaster@noaa.gov
Page last modified: May 16, 2007
NATIONAL WEATHER SERVICE: for Safety, for Work, for Fun - FOR LIFE