239
CXUS53 KUNR 010945
CF6IEN
PRELIMINARY LOCAL CLIMATOLOGICAL DATA (WS FORM: F-6)

                                          STATION:   PINE RIDGE SD
                                          MONTH:     NOVEMBER
                                          YEAR:      2014
                                          LATITUDE:   43  1 N
                                          LONGITUDE: 102 31 W

  TEMPERATURE IN F:       :PCPN:    SNOW:  WIND      :SUNSHINE: SKY     :PK WND
================================================================================
1   2   3   4   5  6A  6B    7    8   9   10  11  12  13   14  15   16   17  18
                                     12Z  AVG MX 2MIN
DY MAX MIN AVG DEP HDD CDD  WTR  SNW DPTH SPD SPD DIR MIN PSBL S-S WX    SPD DR
================================================================================

 1  59  34  47   6  18   0 0.00    M    M 16.9 37 190   M    M   0        48 190
 2  62  38  50   9  15   0    T    M    M  6.6 21  20   M    M   3        26 190
 3  51  29  40   0  25   0 0.40    M    M  7.5 24  20   M    M   4 1      31  20
 4  58  29  44   4  21   0 0.00    M    M  6.9 18 250   M    M   0        23 240
 5  60  25  43   4  22   0 0.00    M    M  9.7 28 310   M    M   3        36 310
 6  64  22  43   4  22   0 0.00    M    M  6.5 23 190   M    M   0        30 190
 7  65  40  53  15  12   0    T    M    M 11.4 28 360   M    M   3 8      36 340
 8  60  25  43   5  22   0 0.00    M    M  4.7 18 260   M    M   1        22 250
 9  59  24  42   5  23   0 0.00    M    M  4.9 14  70   M    M   0 8      20  70
10  40  11  26 -11  39   0 0.04    M    M 13.0 24 360   M    M  10 1      33 350
11  13  -6   4 -32  61   0    T    M    M 10.6 17  10   M    M   9        25 350
12  13 -12   1 -35  64   0    T    M    M  6.5 16 310   M    M   4 18     22 310
13  18 -18   0 -35  65   0 0.00    M    M  3.5 15 210   M    M   0 8      20 190
14  26   7  17 -18  48   0 0.11    M    M  6.4 14  30   M    M   8 1      18 190
15  11  -7   2 -32  63   0 0.11    M    M  8.9 17 350   M    M   8 18     23 340
16  25  -9   8 -26  57   0    T    M    M 11.5 24 360   M    M   5        33 350
17  16 -11   3 -30  62   0    T    M    M  6.9 24 350   M    M   6 1      30 350
18  38  -1  19 -13  46   0 0.00    M    M  7.8 21 280   M    M   3        28 270
19  32   2  17 -15  48   0 0.00    M    M  5.6 14 340   M    M   7 1      18 330
20  42  -1  21 -10  44   0 0.00    M    M  3.0 13 210   M    M   2 128    15 200
21  50  16  33   2  32   0 0.00    M    M  4.7 12 230   M    M   0        16 210
22  54  15  35   5  30   0 0.00    M    M  7.3 20 190   M    M   2        25 190
23  44  25  35   5  30   0    T    M    M 10.3 28 300   M    M   6        35 290
24  34  18  26  -3  39   0 0.04    M    M  6.3 14 360   M    M   5 1      17 330
25  38  19  29   0  36   0    T    M    M  6.6 23 340   M    M   6        33 330
26  33  24  29   1  36   0    T    M    M  5.0 28 350   M    M   9 1      37 340
27  53  25  39  11  26   0 0.00    M    M  6.0 12 190   M    M   3        15 200
28  67  24  46  18  19   0 0.00    M    M  8.7 25 240   M    M   0        34 230
29  63  10  37  10  28   0    T    M    M 12.9 22  40   M    M   3 1      27 200
30  14   1   8 -19  57   0    T    M    M  7.3 17  10   M    M   5        21  10
================================================================================
SM 1262  398      1110   0  0.70    M    233.9          M      115
================================================================================
AV 42.1 13.3                               7.8 FASTST   M    M   4    MAX(MPH)
                                 MISC ---->  # 37 190               # 48  190
================================================================================
NOTES:
# LAST OF SEVERAL OCCURRENCES

COLUMN 17 PEAK WIND IN M.P.H.

PRELIMINARY LOCAL CLIMATOLOGICAL DATA (WS FORM: F-6) , PAGE 2

                                          STATION:  PINE RIDGE SD
                                          MONTH:    NOVEMBER
                                          YEAR:     2014
                                          LATITUDE:   43  1 N
                                          LONGITUDE: 102 31 W

[TEMPERATURE DATA]      [PRECIPITATION DATA]       SYMBOLS USED IN COLUMN 16

AVERAGE MONTHLY: 27.7   TOTAL FOR MONTH:   0.70    1 = FOG OR MIST
DPTR FM NORMAL:  -6.1   DPTR FM NORMAL:    0.13    2 = FOG REDUCING VISIBILITY
HIGHEST:    67 ON 28    GRTST 24HR  0.40 ON  3- 3      TO 1/4 MILE OR LESS
LOWEST:    -18 ON 13                               3 = THUNDER
                        SNOW, ICE PELLETS, HAIL    4 = ICE PELLETS
                        TOTAL MONTH:    M          5 = HAIL
                        GRTST 24HR    M  ON   M    6 = FREEZING RAIN OR DRIZZLE
                        GRTST DEPTH:  M  ON   M    7 = DUSTSTORM OR SANDSTORM:
                                                       VSBY 1/2 MILE OR LESS
                                                   8 = SMOKE OR HAZE
[NO. OF DAYS WITH]      [WEATHER - DAYS WITH]      9 = BLOWING SNOW
                                                   X = TORNADO
MAX 32 OR BELOW:   9    0.01 INCH OR MORE:   5
MAX 90 OR ABOVE:   0    0.10 INCH OR MORE:   3
MIN 32 OR BELOW:  27    0.50 INCH OR MORE:   0
MIN  0 OR BELOW:   8    1.00 INCH OR MORE:   0

[HDD (BASE 65) ]
TOTAL THIS MO.  1110    CLEAR  (SCALE 0-3)  14
DPTR FM NORMAL   175    PTCLDY (SCALE 4-7)  13
TOTAL FM JUL 1  1799    CLOUDY (SCALE 8-10)  3
DPTR FM NORMAL   109

[CDD (BASE 65) ]
TOTAL THIS MO.     0
DPTR FM NORMAL     0    [PRESSURE DATA]
TOTAL FM JAN 1   482    HIGHEST SLP 30.86 ON 12
DPTR FM NORMAL  -235    LOWEST  SLP 29.31 ON 10

[REMARKS]
#FINAL-11-14#




U.S. Dept. of Commerce
NOAA National Weather Service
1325 East West Highway
Silver Spring, MD 20910
E-mail: w-nws.webmaster@noaa.gov
Page last modified: May 16, 2007
NATIONAL WEATHER SERVICE: for Safety, for Work, for Fun - FOR LIFE