922
CXUS53 KUNR 010945
CF6IEN
PRELIMINARY LOCAL CLIMATOLOGICAL DATA (WS FORM: F-6)

                                          STATION:   PINE RIDGE SD
                                          MONTH:     AUGUST
                                          YEAR:      2014
                                          LATITUDE:   43  1 N
                                          LONGITUDE: 102 31 W

  TEMPERATURE IN F:       :PCPN:    SNOW:  WIND      :SUNSHINE: SKY     :PK WND
================================================================================
1   2   3   4   5  6A  6B    7    8   9   10  11  12  13   14  15   16   17  18
                                     12Z  AVG MX 2MIN
DY MAX MIN AVG DEP HDD CDD  WTR  SNW DPTH SPD SPD DIR MIN PSBL S-S WX    SPD DR
================================================================================

 1  91  48  70  -5   0   5 0.00    M    M  4.3 25  30   M    M   0 8      33  20
 2  88  51  70  -5   0   5 0.00    M    M  5.5 15 360   M    M   1        20  30
 3  89  51  70  -5   0   5 0.00    M    M  7.8 16 110   M    M   0 8      23 110
 4  94  64  79   5   0  14 0.07    M    M  9.8 23  70   M    M   2 38     31  70
 5  80  62  71  -3   0   6 0.00    M    M  6.5 16  80   M    M   6 1      20  60
 6  82  61  72  -2   0   7    T    M    M  4.1 12  90   M    M   6 1      15  80
 7  88  54  71  -3   0   6 0.02    M    M  5.8 20 260   M    M   2 123    25  70
 8  81  58  70  -4   0   5 0.01    M    M  5.3 16  70   M    M   5 3      21  80
 9  86  51  69  -5   0   4 0.11    M    M  4.5 24 310   M    M   1 13     31 310
10  80  51  66  -8   0   1 0.00    M    M  6.2 16 310   M    M   3        19 310
11  83  49  66  -7   0   1 0.00    M    M  5.3 14  80   M    M   2        18  80
12  88  56  72  -1   0   7 0.00    M    M  7.9 21 170   M    M   0        30 170
13  92  63  78   5   0  13 0.00    M    M 11.3 23 180   M    M   0        33 170
14  94  65  80   7   0  15 0.04    M    M  6.9 28 160   M    M   2 38     38 170
15  86  59  73   0   0   8    T    M    M  3.2 14 310   M    M   3 1      20 300
16  89  54  72   0   0   7 0.00    M    M  5.0 14  80   M    M   0 1      19 320
17  89  58  74   2   0   9 0.23    M    M  7.2 25  20   M    M   0 38     33  20
18  86  55  71  -1   0   6 0.00    M    M  5.2 15  20   M    M   1        19 360
19  93  53  73   1   0   8 0.31    M    M  7.7 24 330   M    M   0 3      32 310
20  90  59  75   4   0  10    T    M    M  4.6 12  10   M    M   1        17 350
21  86  54  70  -1   0   5 0.00    M    M  6.2 18 150   M    M   1        25 200
22  78  57  68  -3   0   3 0.09    M    M  4.6 13  90   M    M   4 1      18 100
23  81  57  69  -1   0   4 0.81    M    M  5.1 36 310   M    M   7 138    45 310
24  80  47  64  -6   1   0 0.00    M    M  8.7 20 280   M    M   0        28 260
25  74  46  60 -10   5   0 0.00    M    M  5.4 13 250   M    M   2        15 260
26  83  52  68  -2   0   3 1.34    M    M  6.8 48 150   M    M   6 1238   76 110
27  77  51  64  -5   1   0 0.27    M    M  8.1 18  10   M    M   7 123    22  10
28  73  51  62  -7   3   0 0.01    M    M  5.6 17 310   M    M   7 12     22 300
29  77  47  62  -6   3   0 0.00    M    M  5.2 23 360   M    M   1        33  10
30  89  47  68   0   0   3 0.08    M    M  9.8 25 280   M    M   2 3      34 280
31  77  47  62  -6   3   0 0.14    M    M  5.7 26 310   M    M   2 13     33 320
================================================================================
SM 2624 1678        16 160  3.53    M    195.3          M       74
================================================================================
AV 84.6 54.1                               6.3 FASTST   M    M   2    MAX(MPH)
                                 MISC ---->  # 48 150               # 76  110
================================================================================
NOTES:
# LAST OF SEVERAL OCCURRENCES

COLUMN 17 PEAK WIND IN M.P.H.

PRELIMINARY LOCAL CLIMATOLOGICAL DATA (WS FORM: F-6) , PAGE 2

                                          STATION:  PINE RIDGE SD
                                          MONTH:    AUGUST
                                          YEAR:     2014
                                          LATITUDE:   43  1 N
                                          LONGITUDE: 102 31 W

[TEMPERATURE DATA]      [PRECIPITATION DATA]       SYMBOLS USED IN COLUMN 16

AVERAGE MONTHLY: 69.4   TOTAL FOR MONTH:   3.53    1 = FOG OR MIST
DPTR FM NORMAL:  -2.6   DPTR FM NORMAL:    1.68    2 = FOG REDUCING VISIBILITY
HIGHEST:    94 ON 14, 4 GRTST 24HR  1.43 ON 26-27      TO 1/4 MILE OR LESS
LOWEST:     46 ON 25                               3 = THUNDER
                        SNOW, ICE PELLETS, HAIL    4 = ICE PELLETS
                        TOTAL MONTH:    M          5 = HAIL
                        GRTST 24HR    M  ON   M    6 = FREEZING RAIN OR DRIZZLE
                        GRTST DEPTH:  M  ON   M    7 = DUSTSTORM OR SANDSTORM:
                                                       VSBY 1/2 MILE OR LESS
                                                   8 = SMOKE OR HAZE
[NO. OF DAYS WITH]      [WEATHER - DAYS WITH]      9 = BLOWING SNOW
                                                   X = TORNADO
MAX 32 OR BELOW:   0    0.01 INCH OR MORE:  14
MAX 90 OR ABOVE:   6    0.10 INCH OR MORE:   7
MIN 32 OR BELOW:   0    0.50 INCH OR MORE:   2
MIN  0 OR BELOW:   0    1.00 INCH OR MORE:   1

[HDD (BASE 65) ]
TOTAL THIS MO.    16    CLEAR  (SCALE 0-3)  22
DPTR FM NORMAL    -9    PTCLDY (SCALE 4-7)   9
TOTAL FM JUL 1    44    CLOUDY (SCALE 8-10)  0
DPTR FM NORMAL     7

[CDD (BASE 65) ]
TOTAL THIS MO.   160
DPTR FM NORMAL   -80    [PRESSURE DATA]
TOTAL FM JAN 1   418    HIGHEST SLP 30.27 ON 11
DPTR FM NORMAL  -230    LOWEST  SLP 29.59 ON 30

[REMARKS]
#FINAL-08-14#




U.S. Dept. of Commerce
NOAA National Weather Service
1325 East West Highway
Silver Spring, MD 20910
E-mail: w-nws.webmaster@noaa.gov
Page last modified: May 16, 2007
NATIONAL WEATHER SERVICE: for Safety, for Work, for Fun - FOR LIFE