417
CXUS53 KUNR 310945
CF6IEN
PRELIMINARY LOCAL CLIMATOLOGICAL DATA (WS FORM: F-6)

                                          STATION:   PINE RIDGE SD
                                          MONTH:     JULY
                                          YEAR:      2014
                                          LATITUDE:   43  1 N
                                          LONGITUDE: 102 31 W

  TEMPERATURE IN F:       :PCPN:    SNOW:  WIND      :SUNSHINE: SKY     :PK WND
================================================================================
1   2   3   4   5  6A  6B    7    8   9   10  11  12  13   14  15   16   17  18
                                     12Z  AVG MX 2MIN
DY MAX MIN AVG DEP HDD CDD  WTR  SNW DPTH SPD SPD DIR MIN PSBL S-S WX    SPD DR
================================================================================

 1  71  48  60 -11   5   0    T    M    M  8.6 24 360   M    M   5        33  20
 2  77  41  59 -12   6   0 0.00    M    M  4.2 15  90   M    M   0        18  90
 3  85  52  69  -2   0   4 0.00    M    M 10.4 22 170   M    M   1        31 170
 4  90  65  78   6   0  13    T    M    M  9.1 24 180   M    M   0        32 180
 5  96  53  75   3   0  10 0.00    M    M  2.9 10 210   M    M   0        15 200
 6  87  58  73   1   0   8 0.00    M    M  5.2 17  40   M    M   0        21  40
 7  87  54  71  -1   0   6 0.04    M    M  9.4 36 350   M    M   3 138    47 350
 8  80  46  63 -10   2   0 0.00    M    M  5.8 15 320   M    M   0        20 330
 9  85  55  70  -3   0   5 0.00    M    M 10.7 21  80   M    M   2        27  70
10  90  60  75   2   0  10 0.05    M    M  9.0 30 190   M    M   3 8      38 180
11  88  62  75   2   0  10 1.51    M    M  6.3 17  20   M    M   5 13     22 110
12  82  59  71  -3   0   6 0.01    M    M  3.4 16 320   M    M   5 12     20 310
13  85  53  69  -5   0   4 0.00    M    M  4.4 13  30   M    M   0 12     18  60
14  72  47  60 -14   5   0 0.00    M    M  7.1 18  20   M    M   1 1      23 360
15  76  43  60 -14   5   0 0.00    M    M  8.4 16 140   M    M   2        20 110
16  72  56  64 -10   1   0 0.00    M    M  8.3 16 140   M    M   6        20 140
17  81  53  67  -7   0   2 0.00    M    M 10.1 25 180   M    M   1        33 180
18  86  59  73  -1   0   8 0.00    M    M 10.0 25 190   M    M   0        34 180
19  87  57  72  -3   0   7 0.31    M    M 11.0 31  10   M    M   1 138    42  10
20  95  62  79   4   0  14 0.00    M    M  4.5 17 190   M    M   0 1      23 180
21  98  64  81   6   0  16 0.00    M    M  8.7 21 280   M    M   0        30 290
22  86  59  73  -2   0   8 0.20    M    M  8.8 28  80   M    M   0 13     38  70
23  89  61  75   0   0  10 0.42    M    M 12.1 29  10   M    M   2 13     40  30
24  99  70  85  10   0  20 0.02    M    M 13.9 36 240   M    M   0 38     46 240
25  83  61  72  -3   0   7    T    M    M  9.1 18 180   M    M   0        24 170
26  84  53  69  -6   0   4 0.00    M    M  7.1 16  30   M    M   0 1      23  40
27  81  46  64 -11   1   0 0.00    M    M  5.7 14  10   M    M   0        23  20
28  83  50  67  -8   0   2 0.00    M    M  6.0 14  70   M    M   1        17  80
29  72  51  62 -13   3   0    T    M    M  4.9 12  80   M    M   4        16  90
30  83  46  65 -10   0   0 0.00    M    M  2.7 10 210   M    M   1        15 210
================================================================================
SM 2530 1644        28 174  2.56    M    227.8          M       43
================================================================================
AV 84.3 54.8                               7.6 FASTST   M    M   1    MAX(MPH)
                                 MISC ---->  # 36 350               # 47  350
================================================================================
NOTES:
# LAST OF SEVERAL OCCURRENCES

COLUMN 17 PEAK WIND IN M.P.H.

PRELIMINARY LOCAL CLIMATOLOGICAL DATA (WS FORM: F-6) , PAGE 2

                                          STATION:  PINE RIDGE SD
                                          MONTH:    JULY
                                          YEAR:     2014
                                          LATITUDE:   43  1 N
                                          LONGITUDE: 102 31 W

[TEMPERATURE DATA]      [PRECIPITATION DATA]       SYMBOLS USED IN COLUMN 16

AVERAGE MONTHLY: 69.6   TOTAL FOR MONTH:   2.56    1 = FOG OR MIST
DPTR FM NORMAL:  -4.1   DPTR FM NORMAL:    0.39    2 = FOG REDUCING VISIBILITY
HIGHEST:    99 ON 24    GRTST 24HR  1.51 ON 11-11      TO 1/4 MILE OR LESS
LOWEST:     41 ON  2                               3 = THUNDER
                        SNOW, ICE PELLETS, HAIL    4 = ICE PELLETS
                        TOTAL MONTH:    M          5 = HAIL
                        GRTST 24HR    M  ON   M    6 = FREEZING RAIN OR DRIZZLE
                        GRTST DEPTH:  M  ON   M    7 = DUSTSTORM OR SANDSTORM:
                                                       VSBY 1/2 MILE OR LESS
                                                   8 = SMOKE OR HAZE
[NO. OF DAYS WITH]      [WEATHER - DAYS WITH]      9 = BLOWING SNOW
                                                   X = TORNADO
MAX 32 OR BELOW:   0    0.01 INCH OR MORE:   8
MAX 90 OR ABOVE:   6    0.10 INCH OR MORE:   4
MIN 32 OR BELOW:   0    0.50 INCH OR MORE:   1
MIN  0 OR BELOW:   0    1.00 INCH OR MORE:   1

[HDD (BASE 65) ]
TOTAL THIS MO.    28    CLEAR  (SCALE 0-3)  25
DPTR FM NORMAL    24    PTCLDY (SCALE 4-7)   5
TOTAL FM JUL 1    28    CLOUDY (SCALE 8-10)  0
DPTR FM NORMAL    24

[CDD (BASE 65) ]
TOTAL THIS MO.   174
DPTR FM NORMAL   -95    [PRESSURE DATA]
TOTAL FM JAN 1   256    HIGHEST SLP M ON M
DPTR FM NORMAL  -140    LOWEST  SLP 29.54 ON 24

[REMARKS]




U.S. Dept. of Commerce
NOAA National Weather Service
1325 East West Highway
Silver Spring, MD 20910
E-mail: w-nws.webmaster@noaa.gov
Page last modified: May 16, 2007
NATIONAL WEATHER SERVICE: for Safety, for Work, for Fun - FOR LIFE