244
CXUS55 KPIH 011200
CF6IDA

PRELIMINARY LOCAL CLIMATOLOGICAL DATA (WS FORM: F-6)

                                          STATION:   IDAHO FALLS ID
                                          MONTH:     JULY
                                          YEAR:      2014
                                          LATITUDE:   43 31 N
                                          LONGITUDE: 112  4 W

  TEMPERATURE IN F:       :PCPN:    SNOW:  WIND      :SUNSHINE: SKY     :PK WND
================================================================================
1   2   3   4   5  6A  6B    7    8   9   10  11  12  13   14  15   16   17  18
                                     12Z  AVG MX 2MIN
DY MAX MIN AVG DEP HDD CDD  WTR  SNW DPTH SPD SPD DIR MIN PSBL S-S WX    SPD DR
================================================================================

 1  84  42  63  -2   2   0 0.00    M    M  6.7 10  20   M    M   0        14  10
 2  91  44  68   2   0   3 0.00    M    M  5.6 10  40   M    M   0 8      12  40
 3  91  50  71   5   0   6    T    M    M  7.0 17  10   M    M   2 38     24 210
 4  97  51  74   8   0   9 0.00    M    M  8.1 28 200   M    M   1        34 210
 5  94  51  73   7   0   8 0.00    M    M 12.5 29 200   M    M   1        35 190
 6  94  48  71   4   0   6 0.00    M    M  6.6 15 180   M    M   0        19 170
 7  92  52  72   5   0   7 0.00    M    M  5.9 15 230   M    M   0        17 230
 8  93  50  72   5   0   7 0.00    M    M  7.7 18 220   M    M   0 8      23 200
 9  92  50  71   4   0   6    T    M    M  6.8 21 200   M    M   2        24 210
10  90  59  75   7   0  10 0.00    M    M  8.3 17 200   M    M   4 8      24 180
11  93  54  74   6   0   9 0.00    M    M  7.4 21 160   M    M   2 3      25 170
12  89  57  73   5   0   8 0.00    M    M  4.8 17  60   M    M   2        23  60
13  94  55  75   7   0  10 0.00    M    M  6.5 10  60   M    M   0        14  40
14  93  56  75   7   0  10    T    M    M 12.4 28 110   M    M   3 38     34 120
15  89  52  71   3   0   6    T    M    M  9.0 20  40   M    M   2        26  70
16  86  50  68  -1   0   3 0.00    M    M  5.5 15  30   M    M   1        17  30
17  91  49  70   1   0   5    T    M    M  5.8 17 200   M    M   3 138    21 200
18  92  50  71   2   0   6 0.00    M    M 12.9 30 200   M    M   0 8      36 200
19  89  53  71   2   0   6 0.00    M    M 15.8 25 190   M    M   0 8      33 170
20  91  58  75   6   0  10 0.00    M    M 14.9 31 190   M    M   0 8      39 190
21  89  63  76   7   0  11    T    M    M 15.1 25 210   M    M   3        33 260
22  92  57  75   6   0  10 0.00    M    M  5.8 17 180   M    M   2        20 190
23  96  49  73   4   0   8 0.00    M    M  7.6 18 210   M    M   2        22 240
24  84  59  72   3   0   7 0.00    M    M 19.8 32 210   M    M   0 78     44 200
25  84  45  65  -4   0   0 0.00    M    M 13.1 24 190   M    M   0 8      31 180
26  88  43  66  -3   0   1 0.00    M    M  5.0 16 220   M    M   0        17 220
27  95  44  70   1   0   5 0.00    M    M  5.9 12 330   M    M   0        15 350
28  90  49  70   1   0   5 0.08    M    M  8.4 18 330   M    M   4        23 330
29  77  60  69   0   0   4 0.03    M    M  3.8 15 100   M    M   8        18  90
30  84  51  68  -1   0   3    T    M    M  5.5 16 190   M    M   2        22 190
31  89  48  69   0   0   4 0.00    M    M  4.7 22 350   M    M   1        27 360
================================================================================
SM 2793 1599         2 193  0.11    M    264.9          M       45
================================================================================
AV 90.1 51.6                               8.5 FASTST   M    M   1    MAX(MPH)
                                 MISC ---->  # 32 210               # 44  200
================================================================================
NOTES:
# LAST OF SEVERAL OCCURRENCES

COLUMN 17 PEAK WIND IN M.P.H.

PRELIMINARY LOCAL CLIMATOLOGICAL DATA (WS FORM: F-6) , PAGE 2

                                          STATION:  IDAHO FALLS ID
                                          MONTH:    JULY
                                          YEAR:     2014
                                          LATITUDE:   43 31 N
                                          LONGITUDE: 112  4 W

[TEMPERATURE DATA]      [PRECIPITATION DATA]       SYMBOLS USED IN COLUMN 16

AVERAGE MONTHLY: 70.8   TOTAL FOR MONTH:   0.11    1 = FOG OR MIST
DPTR FM NORMAL:   2.7   DPTR FM NORMAL:   -0.39    2 = FOG REDUCING VISIBILITY
HIGHEST:    97 ON  4    GRTST 24HR  0.11 ON 28-29      TO 1/4 MILE OR LESS
LOWEST:     42 ON  1                               3 = THUNDER
                        SNOW, ICE PELLETS, HAIL    4 = ICE PELLETS
                        TOTAL MONTH:    M          5 = HAIL
                        GRTST 24HR    M  ON   M    6 = FREEZING RAIN OR DRIZZLE
                        GRTST DEPTH:  M  ON   M    7 = DUSTSTORM OR SANDSTORM:
                                                       VSBY 1/2 MILE OR LESS
                                                   8 = SMOKE OR HAZE
[NO. OF DAYS WITH]      [WEATHER - DAYS WITH]      9 = BLOWING SNOW
                                                   X = TORNADO
MAX 32 OR BELOW:   0    0.01 INCH OR MORE:   2
MAX 90 OR ABOVE:  19    0.10 INCH OR MORE:   0
MIN 32 OR BELOW:   0    0.50 INCH OR MORE:   0
MIN  0 OR BELOW:   0    1.00 INCH OR MORE:   0

[HDD (BASE 65) ]
TOTAL THIS MO.     2    CLEAR  (SCALE 0-3)  27
DPTR FM NORMAL   -25    PTCLDY (SCALE 4-7)   4
TOTAL FM JUL 1     2    CLOUDY (SCALE 8-10)  0
DPTR FM NORMAL   -25

[CDD (BASE 65) ]
TOTAL THIS MO.   193
DPTR FM NORMAL    70    [PRESSURE DATA]
TOTAL FM JAN 1   203    HIGHEST SLP 30.18 ON 30
DPTR FM NORMAL    48    LOWEST  SLP 29.74 ON  9

[REMARKS]




U.S. Dept. of Commerce
NOAA National Weather Service
1325 East West Highway
Silver Spring, MD 20910
E-mail: w-nws.webmaster@noaa.gov
Page last modified: May 16, 2007
NATIONAL WEATHER SERVICE: for Safety, for Work, for Fun - FOR LIFE