295
CXUS55 KPIH 301200
CF6IDA

PRELIMINARY LOCAL CLIMATOLOGICAL DATA (WS FORM: F-6)

                                          STATION:   IDAHO FALLS ID
                                          MONTH:     AUGUST
                                          YEAR:      2014
                                          LATITUDE:   43 31 N
                                          LONGITUDE: 112  4 W

  TEMPERATURE IN F:       :PCPN:    SNOW:  WIND      :SUNSHINE: SKY     :PK WND
================================================================================
1   2   3   4   5  6A  6B    7    8   9   10  11  12  13   14  15   16   17  18
                                     12Z  AVG MX 2MIN
DY MAX MIN AVG DEP HDD CDD  WTR  SNW DPTH SPD SPD DIR MIN PSBL S-S WX    SPD DR
================================================================================

 1  91  49  70   1   0   5    T    M    M  7.8 30 290   M    M   2 3      40 310
 2  91  51  71   2   0   6 0.00    M    M  5.6 10  20   M    M   1        14  20
 3  93  52  73   4   0   8 0.00    M    M  8.4 24 350   M    M   1        33 330
 4  75  62  69   0   0   4 0.20    M    M  8.3 21 360   M    M   8 1      26 360
 5  73  61  67  -2   0   2 0.18    M    M  3.9 14  70   M    M  10 138    17  40
 6  73  57  65  -4   0   0 0.49    M    M  5.9 18 250   M    M   8 138    25 270
 7  79  53  66  -3   0   1    T    M    M  4.7 21  80   M    M   5 1238   28  80
 8  82  49  66  -2   0   1    T    M    M  5.1 29 310   M    M   3 38     40 310
 9  87  48  68   0   0   3 0.00    M    M  3.7 12 280   M    M   1        14 280
10  90  49  70   2   0   5 0.00    M    M  4.6 13  10   M    M   0        16  30
11  93  50  72   4   0   7 0.00    M    M  3.8 14 210   M    M   1        16 220
12  88  54  71   3   0   6 0.02    M    M  7.8 23 200   M    M   3 38     32 230
13  82  54  68   0   0   3 0.31    M    M  7.4 20 150   M    M   6 13     30 180
14  79  56  68   0   0   3 0.23    M    M  6.3 21 280   M    M   5 13     28 280
15  84  56  70   3   0   5 0.11    M    M 10.3 26 240   M    M   1 3      33 220
16  85  52  69   2   0   4 0.00    M    M 11.5 25 200   M    M   0 8      34 220
17  88  47  68   1   0   3 0.00    M    M  4.9 14 160   M    M   0 8      20 150
18  91  50  71   4   0   6 0.00    M    M  6.2 26  10   M    M   2 3      38 350
19  85  50  68   1   0   3 0.15    M    M  8.7 29 360   M    M   5 3      37  20
20  82  49  66   0   0   1 0.05    M    M  7.9 25 320   M    M   5 13     32 330
21  75  55  65  -1   0   0 0.32    M    M  7.9 26 330   M    M   7 13     34 330
22  62  48  55 -11  10   0 0.05    M    M  6.0 21 190   M    M   5 1      25 200
23  58  47  53 -13  12   0 0.17    M    M  6.8 21 210   M    M   9 13     24 230
24  70  42  56  -9   9   0 0.00    M    M  3.6 10 250   M    M   3        14 300
25  68  46  57  -8   8   0 0.01    M    M  6.9 14  10   M    M   5        17  30
26  78  44  61  -4   4   0 0.00    M    M  3.6 10 290   M    M   2        17 200
27  81  43  62  -3   3   0 0.00    M    M  6.1 15 190   M    M   2 1      19 210
28  85  47  66   2   0   1 0.00    M    M  7.8 17 190   M    M   1 8      21 200
29  86  47  67   3   0   2    T    M    M  7.7 18 210   M    M   0 8      23 200
================================================================================
SM 2354 1468        46  79  2.29    M    189.2          M      101
================================================================================
AV 81.2 50.6                               6.5 FASTST   M    M   3    MAX(MPH)
                                 MISC ---->  # 30 290               # 40  310
================================================================================
NOTES:
# LAST OF SEVERAL OCCURRENCES

COLUMN 17 PEAK WIND IN M.P.H.

PRELIMINARY LOCAL CLIMATOLOGICAL DATA (WS FORM: F-6) , PAGE 2

                                          STATION:  IDAHO FALLS ID
                                          MONTH:    AUGUST
                                          YEAR:     2014
                                          LATITUDE:   43 31 N
                                          LONGITUDE: 112  4 W

[TEMPERATURE DATA]      [PRECIPITATION DATA]       SYMBOLS USED IN COLUMN 16

AVERAGE MONTHLY: 65.9   TOTAL FOR MONTH:   2.29    1 = FOG OR MIST
DPTR FM NORMAL:  -1.2   DPTR FM NORMAL:    1.79    2 = FOG REDUCING VISIBILITY
HIGHEST:    93 ON 11, 3 GRTST 24HR  0.54 ON 13-14      TO 1/4 MILE OR LESS
LOWEST:     42 ON 24                               3 = THUNDER
                        SNOW, ICE PELLETS, HAIL    4 = ICE PELLETS
                        TOTAL MONTH:    M          5 = HAIL
                        GRTST 24HR    M  ON   M    6 = FREEZING RAIN OR DRIZZLE
                        GRTST DEPTH:  M  ON   M    7 = DUSTSTORM OR SANDSTORM:
                                                       VSBY 1/2 MILE OR LESS
                                                   8 = SMOKE OR HAZE
[NO. OF DAYS WITH]      [WEATHER - DAYS WITH]      9 = BLOWING SNOW
                                                   X = TORNADO
MAX 32 OR BELOW:   0    0.01 INCH OR MORE:  13
MAX 90 OR ABOVE:   6    0.10 INCH OR MORE:   9
MIN 32 OR BELOW:   0    0.50 INCH OR MORE:   0
MIN  0 OR BELOW:   0    1.00 INCH OR MORE:   0

[HDD (BASE 65) ]
TOTAL THIS MO.    46    CLEAR  (SCALE 0-3)  15
DPTR FM NORMAL    15    PTCLDY (SCALE 4-7)  11
TOTAL FM JUL 1    48    CLOUDY (SCALE 8-10)  3
DPTR FM NORMAL   -10

[CDD (BASE 65) ]
TOTAL THIS MO.    79
DPTR FM NORMAL   -13    [PRESSURE DATA]
TOTAL FM JAN 1   282    HIGHEST SLP M ON M
DPTR FM NORMAL    35    LOWEST  SLP 29.68 ON 19

[REMARKS]




U.S. Dept. of Commerce
NOAA National Weather Service
1325 East West Highway
Silver Spring, MD 20910
E-mail: w-nws.webmaster@noaa.gov
Page last modified: May 16, 2007
NATIONAL WEATHER SERVICE: for Safety, for Work, for Fun - FOR LIFE