007
CXUS55 KPIH 011645
CF6IDA

PRELIMINARY LOCAL CLIMATOLOGICAL DATA (WS FORM: F-6)

                                          STATION:   IDAHO FALLS ID
                                          MONTH:     NOVEMBER
                                          YEAR:      2014
                                          LATITUDE:   43 31 N
                                          LONGITUDE: 112  4 W

  TEMPERATURE IN F:       :PCPN:    SNOW:  WIND      :SUNSHINE: SKY     :PK WND
================================================================================
1   2   3   4   5  6A  6B    7    8   9   10  11  12  13   14  15   16   17  18
                                     12Z  AVG MX 2MIN
DY MAX MIN AVG DEP HDD CDD  WTR  SNW DPTH SPD SPD DIR MIN PSBL S-S WX    SPD DR
================================================================================

 1  71  38  55  16  10   0 0.06    M    M 12.7 36 230   M    M   7 1378   46 240
 2  38  34  36  -3  29   0 0.04    M    M 13.1 20 220   M    M  10 1      24 210
 3  44  25  35  -3  30   0 0.00    M    M  8.0 16 210   M    M   5 1      21 220
 4  49  22  36  -2  29   0 0.00    M    M  8.2 22 210   M    M   8        25 190
 5  53  29  41   3  24   0 0.00    M    M  5.2 15 200   M    M   6        17 200
 6  57  26  42   5  23   0 0.00    M    M  5.5 13 210   M    M   2        13 210
 7  59  35  47  10  18   0 0.00    M    M  7.0 18 220   M    M   1 8      23 220
 8  55  23  39   3  26   0 0.00    M    M  5.0 15 210   M    M   0        19 230
 9  62  29  46  10  19   0 0.00    M    M 13.2 32 210   M    M   3        39 230
10  47  25  36   1  29   0 0.11    M    M  8.7 21 230   M    M   8 13     26 230
11  25   5  15 -20  50   0    T    M    M 17.8 30  20   M    M   6 1      36  30
12  24   2  13 -21  52   0 0.00    M    M 10.7 18  20   M    M   1        22 360
13  23   5  14 -20  51   0 0.08    M    M  4.3  9 350   M    M   7 1      10 360
14  33  19  26  -7  39   0 0.14    M    M  5.9 20 220   M    M  10 16     22 220
15  19 -10   5 -28  60   0 0.00    M    M  4.6 17  10   M    M   3 18     21  10
16  19 -14   3 -29  62   0    T    M    M  3.7 13 210   M    M   7 128    14 210
17  20  -4   8 -24  57   0 0.00    M    M  4.9 12  30   M    M   1 12     14  30
18  25  -3  11 -20  54   0 0.00    M    M  4.6 10 350   M    M   3 18     13 340
19  36  20  28  -2  37   0 0.00    M    M  3.8  9 360   M    M   6        10 360
20  36  18  27  -3  38   0 0.00    M    M  2.3  8 220   M    M   6 1       9 220
21  40  14  27  -3  38   0 0.00    M    M  5.0 10 230   M    M   3 1      12 230
22  39  32  36   7  29   0 0.06    M    M 16.1 31 220   M    M   8 1      40 220
23  39  24  32   4  33   0 0.00    M    M 15.7 28 210   M    M   5        34 210
24  41  25  33   5  32   0 0.00    M    M 12.5 25 200   M    M   5        31 210
25  45  33  39  12  26   0 0.00    M    M 21.5 32 220   M    M   8        40 220
26  51  35  43  16  22   0 0.00    M    M 18.3 32 210   M    M   7 8      40 210
27  58  33  46  20  19   0 0.00    M    M  9.7 28 220   M    M   3        34 210
28  56  36  46  20  19   0 0.00    M    M 12.1 25 220   M    M   4        31 220
29  49  36  43  17  22   0 0.02    M    M 22.9 40 240   M    M   7 1      54 220
30  36  21  29   4  36   0 0.00    M    M 10.5 30 210   M    M   4        39 220
================================================================================
SM 1249  613      1013   0  0.51    M    293.5          M      154
================================================================================
AV 41.6 20.4                               9.8 FASTST   M    M   5    MAX(MPH)
                                 MISC ---->  # 40 240               # 54  220
================================================================================
NOTES:
# LAST OF SEVERAL OCCURRENCES

COLUMN 17 PEAK WIND IN M.P.H.

PRELIMINARY LOCAL CLIMATOLOGICAL DATA (WS FORM: F-6) , PAGE 2

                                          STATION:  IDAHO FALLS ID
                                          MONTH:    NOVEMBER
                                          YEAR:     2014
                                          LATITUDE:   43 31 N
                                          LONGITUDE: 112  4 W

[TEMPERATURE DATA]      [PRECIPITATION DATA]       SYMBOLS USED IN COLUMN 16

AVERAGE MONTHLY: 31.0   TOTAL FOR MONTH:   0.51    1 = FOG OR MIST
DPTR FM NORMAL:  -1.3   DPTR FM NORMAL:   -0.36    2 = FOG REDUCING VISIBILITY
HIGHEST:    71 ON  1    GRTST 24HR  0.15 ON 13-14      TO 1/4 MILE OR LESS
LOWEST:    -14 ON 16                               3 = THUNDER
                        SNOW, ICE PELLETS, HAIL    4 = ICE PELLETS
                        TOTAL MONTH:    M          5 = HAIL
                        GRTST 24HR    M  ON   M    6 = FREEZING RAIN OR DRIZZLE
                        GRTST DEPTH:  M  ON   M    7 = DUSTSTORM OR SANDSTORM:
                                                       VSBY 1/2 MILE OR LESS
                                                   8 = SMOKE OR HAZE
[NO. OF DAYS WITH]      [WEATHER - DAYS WITH]      9 = BLOWING SNOW
                                                   X = TORNADO
MAX 32 OR BELOW:   7    0.01 INCH OR MORE:   7
MAX 90 OR ABOVE:   0    0.10 INCH OR MORE:   2
MIN 32 OR BELOW:  22    0.50 INCH OR MORE:   0
MIN  0 OR BELOW:   4    1.00 INCH OR MORE:   0

[HDD (BASE 65) ]
TOTAL THIS MO.  1013    CLEAR  (SCALE 0-3)   8
DPTR FM NORMAL    32    PTCLDY (SCALE 4-7)  18
TOTAL FM JUL 1  1689    CLOUDY (SCALE 8-10)  4
DPTR FM NORMAL  -214

[CDD (BASE 65) ]
TOTAL THIS MO.     0
DPTR FM NORMAL     0    [PRESSURE DATA]
TOTAL FM JAN 1   303    HIGHEST SLP 30.81 ON 16
DPTR FM NORMAL    39    LOWEST  SLP 29.44 ON  1

[REMARKS]

1ST: HIGH TEMP OF 71 BREAKS RECORD OF 68 SET IN 1965. 12TH: LOW TEMP
OF 2 BREAKS RECORD OF 13 SET IN 1955. 17TH: LOW TEMP OF -4 BREAKS
RECORD OF 2 SET IN 1958. 18TH: LOW TEMP OF -3 BREAKS RECORD OF 2 SET
IN 2000. 28TH: HIGH TEMP 56 BREAKS OLD RECORD OF 53 SET IN 1999

#FINAL-11-14#

PRECIPITATION AMOUNTS ARE SUSPECT DURING FREEZING/FROZEN EVENTS







U.S. Dept. of Commerce
NOAA National Weather Service
1325 East West Highway
Silver Spring, MD 20910
E-mail: w-nws.webmaster@noaa.gov
Page last modified: May 16, 2007
NATIONAL WEATHER SERVICE: for Safety, for Work, for Fun - FOR LIFE