895
CXUS55 KPIH 311200
CF6IDA

PRELIMINARY LOCAL CLIMATOLOGICAL DATA (WS FORM: F-6)

                                          STATION:   IDAHO FALLS ID
                                          MONTH:     JANUARY
                                          YEAR:      2015
                                          LATITUDE:   43 31 N
                                          LONGITUDE: 112  4 W

  TEMPERATURE IN F:       :PCPN:    SNOW:  WIND      :SUNSHINE: SKY     :PK WND
================================================================================
1   2   3   4   5  6A  6B    7    8   9   10  11  12  13   14  15   16   17  18
                                     12Z  AVG MX 2MIN
DY MAX MIN AVG DEP HDD CDD  WTR  SNW DPTH SPD SPD DIR MIN PSBL S-S WX    SPD DR
================================================================================

 1   8 -13  -2 -22  67   0 0.00    M    M  2.3  9 360   M    M   1 18     12 350
 2  13  -9   2 -18  63   0 0.00    M    M  5.5 13 350   M    M   5 18     16 350
 3  18   7  13  -7  52   0 0.00    M    M  2.8 10 350   M    M   8        12 350
 4  24  16  20   0  45   0    T    M    M  3.8  8  10   M    M  10 1      10 360
 5  40  24  32  12  33   0    T    M    M 21.4 41 220   M    M   8 1      52 210
 6  37  27  32  12  33   0 0.00    M    M  4.4 12 360   M    M   4 18     13  10
 7  37  20  29   9  36   0 0.00    M    M  5.6 12 360   M    M   2 12     15 350
 8  32  18  25   5  40   0 0.00    M    M  6.4 15 360   M    M   5 128    18  10
 9  34  16  25   5  40   0 0.00    M    M  6.3 16 360   M    M   1        19 360
10  34  20  27   7  38   0 0.00    M    M  1.7  8 210   M    M   9 1       8 220
11  34  30  32  12  33   0 0.14    M    M  2.9  9 210   M    M  10 12     10 210
12  38  29  34  14  31   0    T    M    M  8.0 14 210   M    M   9 12     16 210
13  31  21  26   6  39   0 0.00    M    M  3.2 12 200   M    M   7 1      14 200
14  26  22  24   4  41   0 0.00    M    M  5.8 12 350   M    M  10 18     14 350
15  24  18  21   1  44   0 0.00    M    M  7.0 13  40   M    M   8 18     16 330
16  35  19  27   7  38   0 0.07    M    M  8.6 23 210   M    M  10 1      30 210
17  29  14  22   2  43   0 0.00    M    M  5.7 20 210   M    M   9 18     23 210
18  44  29  37  17  28   0 0.01    M    M  9.9 28 210   M    M   9 1      35 210
19  37  26  32  12  33   0 0.00    M    M  9.6 25 210   M    M   9        30 210
20  30  18  24   4  41   0 0.00    M    M  6.1 12  20   M    M   8 12     14  30
21  22   6  14  -6  51   0    T    M    M  3.2  9  10   M    M   8 12     11  10
22  26   6  16  -4  49   0 0.00    M    M  7.0 13 350   M    M   0 1      18 330
23  31  11  21   1  44   0 0.00    M    M  3.5 14 230   M    M   5        16 230
24  29  24  27   7  38   0 0.00    M    M  4.6 10  10   M    M  10 1      15 350
25  32  26  29   9  36   0 0.00    M    M  5.8 10  10   M    M  10 12     15 350
26  41  20  31  11  34   0 0.00    M    M  5.6 12 360   M    M   3 12     15 360
27  44  23  34  13  31   0 0.02    M    M  4.7 12 210   M    M   5 1      16 200
28  38  34  36  15  29   0 0.04    M    M  9.6 17 220   M    M  10 12     20 210
29  40  30  35  14  30   0 0.00    M    M  6.6 15  30   M    M   4 18     18  10
30  38  28  33  12  32   0 0.00    M    M  7.1 15 360   M    M   0        17 360
================================================================================
SM  946  560      1192   0  0.28    M    184.7          M      197
================================================================================
AV 31.5 18.7                               6.2 FASTST   M    M   7    MAX(MPH)
                                 MISC ---->  # 41 220               # 52  210
================================================================================
NOTES:
# LAST OF SEVERAL OCCURRENCES

COLUMN 17 PEAK WIND IN M.P.H.

PRELIMINARY LOCAL CLIMATOLOGICAL DATA (WS FORM: F-6) , PAGE 2

                                          STATION:  IDAHO FALLS ID
                                          MONTH:    JANUARY
                                          YEAR:     2015
                                          LATITUDE:   43 31 N
                                          LONGITUDE: 112  4 W

[TEMPERATURE DATA]      [PRECIPITATION DATA]       SYMBOLS USED IN COLUMN 16

AVERAGE MONTHLY: 25.1   TOTAL FOR MONTH:   0.28    1 = FOG OR MIST
DPTR FM NORMAL:   5.0   DPTR FM NORMAL:   -0.39    2 = FOG REDUCING VISIBILITY
HIGHEST:    44 ON 27,18 GRTST 24HR  0.14 ON 11-11      TO 1/4 MILE OR LESS
LOWEST:    -13 ON  1                               3 = THUNDER
                        SNOW, ICE PELLETS, HAIL    4 = ICE PELLETS
                        TOTAL MONTH:    M          5 = HAIL
                        GRTST 24HR    M  ON   M    6 = FREEZING RAIN OR DRIZZLE
                        GRTST DEPTH:  M  ON   M    7 = DUSTSTORM OR SANDSTORM:
                                                       VSBY 1/2 MILE OR LESS
                                                   8 = SMOKE OR HAZE
[NO. OF DAYS WITH]      [WEATHER - DAYS WITH]      9 = BLOWING SNOW
                                                   X = TORNADO
MAX 32 OR BELOW:  15    0.01 INCH OR MORE:   5
MAX 90 OR ABOVE:   0    0.10 INCH OR MORE:   1
MIN 32 OR BELOW:  29    0.50 INCH OR MORE:   0
MIN  0 OR BELOW:   2    1.00 INCH OR MORE:   0

[HDD (BASE 65) ]
TOTAL THIS MO.  1192    CLEAR  (SCALE 0-3)   6
DPTR FM NORMAL  -153    PTCLDY (SCALE 4-7)  10
TOTAL FM JUL 1  4002    CLOUDY (SCALE 8-10) 14
DPTR FM NORMAL  -616

[CDD (BASE 65) ]
TOTAL THIS MO.     0
DPTR FM NORMAL     0    [PRESSURE DATA]
TOTAL FM JAN 1     0    HIGHEST SLP M ON M
DPTR FM NORMAL     0    LOWEST  SLP 30.08 ON 10

[REMARKS]




U.S. Dept. of Commerce
NOAA National Weather Service
1325 East West Highway
Silver Spring, MD 20910
E-mail: w-nws.webmaster@noaa.gov
Page last modified: May 16, 2007
NATIONAL WEATHER SERVICE: for Safety, for Work, for Fun - FOR LIFE