304
CXUS53 KICT 240800
CF6ICT
PRELIMINARY LOCAL CLIMATOLOGICAL DATA (WS FORM: F-6)

                                          STATION:   WICHITA MID CONTINENT KS
                                          MONTH:     APRIL
                                          YEAR:      2014
                                          LATITUDE:   37 39 N
                                          LONGITUDE:  97 25 W

  TEMPERATURE IN F:       :PCPN:    SNOW:  WIND      :SUNSHINE: SKY     :PK WND
================================================================================
1   2   3   4   5  6A  6B    7    8   9   10  11  12  13   14  15   16   17  18
                                     12Z  AVG MX 2MIN
DY MAX MIN AVG DEP HDD CDD  WTR  SNW DPTH SPD SPD DIR MIN PSBL S-S WX    SPD DR
================================================================================

 1  58  35  47  -4  18   0 0.00  0.0    0 11.0 18  10   M    M   6 8      24  10
 2  74  48  61   9   4   0 0.39    M    0  9.5 21  10   M    M   8 1358   25  70
 3  55  39  47  -5  18   0    T  0.0    0 15.2 31 330   M    M  10 18     39 310
 4  57  33  45  -7  20   0 0.00  0.0    0 11.4 24 350   M    M   3        30 340
 5  65  33  49  -4  16   0 0.00  0.0    0 11.4 20 160   M    M   6 8      24 160
 6  59  44  52  -1  13   0 0.02  0.0    0  6.8 22 190   M    M   9 18     29 200
 7  63  39  51  -2  14   0    T  0.0    0 12.7 35 310   M    M   7 18     42 310
 8  67  39  53  -1  12   0 0.00  0.0    0 14.7 30 350   M    M   3        40 350
 9  82  36  59   5   6   0 0.00  0.0    0 14.5 29 200   M    M   3        38 200
10  76  50  63   9   2   0 0.00  0.0    0 13.5 31  50   M    M   5        36  50
11  80  50  65  10   0   0 0.00  0.0    0 10.8 18 120   M    M   4 8      23 110
12  88  59  74  19   0   9 0.00  0.0    0 21.2 35 190   M    M   5 18     42 190
13  82  36  59   4   6   0 0.01  0.0    0 22.0 37 340   M    M   9 1358   47 340
14  50  30  40 -16  25   0 0.03  0.3    T 18.5 33 340   M    M   6 1      40 340
15  63  27  45 -11  20   0 0.00  0.0    0 10.8 22 170   M    M   2        31 220
16  73  46  60   4   5   0 0.00  0.0    0 21.2 39 190   M    M   6        49 180
17  52  35  44 -13  21   0    T  0.0    0  9.2 20  30   M    M   8 18     25  20
18  72  31  52  -5  13   0 0.00  0.0    0  9.0 21 160   M    M   3 18     26 170
19  81  46  64   7   1   0 0.00  0.0    0 16.7 31 190   M    M   6 8      41 180
20  73  58  66   8   0   1    T  0.0    0 12.5 22 180   M    M   8 18     27 170
21  81  52  67   9   0   2    T  0.0    0  8.6 23 340   M    M   6 18     28  10
22  76  47  62   4   3   0 0.00  0.0    0  8.4 16 120   M    M   4        20 130
23  87  56  72  13   0   7 0.00  0.0    0 22.3 48 160   M    M   8 78     59 160
================================================================================
SM 1614  969       217  19  0.45     0.3 311.9          M      135
================================================================================
AV 70.2 42.1                              13.6 FASTST   M    M   6    MAX(MPH)
                                 MISC ---->  # 48 160               # 59  160
================================================================================
NOTES:
# LAST OF SEVERAL OCCURRENCES

COLUMN 17 PEAK WIND IN M.P.H.

PRELIMINARY LOCAL CLIMATOLOGICAL DATA (WS FORM: F-6) , PAGE 2

                                          STATION:  WICHITA MID CONTINENT KS
                                          MONTH:    APRIL
                                          YEAR:     2014
                                          LATITUDE:   37 39 N
                                          LONGITUDE:  97 25 W

[TEMPERATURE DATA]      [PRECIPITATION DATA]       SYMBOLS USED IN COLUMN 16

AVERAGE MONTHLY: 56.2   TOTAL FOR MONTH:   0.45    1 = FOG OR MIST
DPTR FM NORMAL:   1.2   DPTR FM NORMAL:   -1.40    2 = FOG REDUCING VISIBILITY
HIGHEST:    88 ON 12    GRTST 24HR  0.39 ON  1- 2      TO 1/4 MILE OR LESS
LOWEST:     27 ON 15                               3 = THUNDER
                        SNOW, ICE PELLETS, HAIL    4 = ICE PELLETS
                        TOTAL MONTH:   0.3 INCH    5 = HAIL
                        GRTST 24HR   0.3 ON   M    6 = FREEZING RAIN OR DRIZZLE
                        GRTST DEPTH:   T           7 = DUSTSTORM OR SANDSTORM:
                                                       VSBY 1/2 MILE OR LESS
                                                   8 = SMOKE OR HAZE
[NO. OF DAYS WITH]      [WEATHER - DAYS WITH]      9 = BLOWING SNOW
                                                   X = TORNADO
MAX 32 OR BELOW:   0    0.01 INCH OR MORE:   4
MAX 90 OR ABOVE:   0    0.10 INCH OR MORE:   1
MIN 32 OR BELOW:   3    0.50 INCH OR MORE:   0
MIN  0 OR BELOW:   0    1.00 INCH OR MORE:   0

[HDD (BASE 65) ]
TOTAL THIS MO.   217    CLEAR  (SCALE 0-3)   4
DPTR FM NORMAL   -29    PTCLDY (SCALE 4-7)  14
TOTAL FM JUL 1  4813    CLOUDY (SCALE 8-10)  5
DPTR FM NORMAL   350

[CDD (BASE 65) ]
TOTAL THIS MO.    19
DPTR FM NORMAL     3    [PRESSURE DATA]
TOTAL FM JAN 1    19    HIGHEST SLP M ON M
DPTR FM NORMAL     1    LOWEST  SLP 29.38 ON 13

[REMARKS]




U.S. Dept. of Commerce
NOAA National Weather Service
1325 East West Highway
Silver Spring, MD 20910
E-mail: w-nws.webmaster@noaa.gov
Page last modified: May 16, 2007
NATIONAL WEATHER SERVICE: for Safety, for Work, for Fun - FOR LIFE