194
CXUS53 KICT 310800
CF6ICT
PRELIMINARY LOCAL CLIMATOLOGICAL DATA (WS FORM: F-6)

                                          STATION:   WICHITA MID CONTINENT KS
                                          MONTH:     JULY
                                          YEAR:      2014
                                          LATITUDE:   37 39 N
                                          LONGITUDE:  97 25 W

  TEMPERATURE IN F:       :PCPN:    SNOW:  WIND      :SUNSHINE: SKY     :PK WND
================================================================================
1   2   3   4   5  6A  6B    7    8   9   10  11  12  13   14  15   16   17  18
                                     12Z  AVG MX 2MIN
DY MAX MIN AVG DEP HDD CDD  WTR  SNW DPTH SPD SPD DIR MIN PSBL S-S WX    SPD DR
================================================================================

 1  86  66  76  -4   0  11 1.12  0.0    0  8.0 29 280   M    M   7 13     35 290
 2  80  62  71  -9   0   6 0.00  0.0    0 10.2 18  40   M    M   4        25 340
 3  81  57  69 -11   0   4 0.00  0.0    0  5.9 14 110   M    M   2        17 110
 4  86  62  74  -6   0   9 0.00  0.0    0 11.3 21 140   M    M   4 8      26 140
 5  92  71  82   2   0  17 0.00  0.0    0 15.9 24 180   M    M   6 18     30 180
 6  95  73  84   3   0  19 0.00  0.0    0 11.7 21 190   M    M   4 8      27 190
 7  98  69  84   3   0  19 0.00  0.0    0 11.2 24 200   M    M   4        31 210
 8  86  71  79  -2   0  14 0.00  0.0    0  9.5 23  40   M    M   6        27  50
 9  89  67  78  -3   0  13 0.00  0.0    0  7.1 15 140   M    M   5        20 150
10  84  64  74  -7   0   9 1.49  0.0    0 12.9 26  40   M    M   6 13     31  40
11  93  69  81   0   0  16 0.00  0.0    0 13.0 22 180   M    M   4        28 180
12  93  70  82   1   0  17 0.00  0.0    0 12.7 25 210   M    M   3        34 220
13  89  70  80  -1   0  15 0.00  0.0    0  8.3 18 350   M    M   7        23 330
14  92  68  80  -1   0  15 0.04  0.0    0  8.1 24  30   M    M   5 138    30  30
15  80  55  68 -13   0   3 0.00  0.0    0  5.5 14 330   M    M   5        19 300
16  68  60  64 -17   1   0 0.04  0.0    0  7.2 17 190   M    M   9 1      20 190
17  67  62  65 -16   0   0 0.17  0.0    0  5.8 14 140   M    M  10 1      19  90
18  76  61  69 -12   0   4    T  0.0    0  8.4 17 160   M    M   7 1      22 140
19  82  57  70 -11   0   5 0.00  0.0    0 10.3 21 140   M    M   4 1      18 180
20  90  65  78  -3   0  13 0.00  0.0    0 16.1 24 170   M    M   1 18     29 170
21  96  72  84   3   0  19 0.00  0.0    0 14.3 24 180   M    M   4 18     30 180
22  98  75  87   6   0  22 0.00  0.0    0  8.4 16 180   M    M   4 18     22 180
23  91  74  83   2   0  18 0.00  0.0    0  8.0 26  40   M    M   4 18     34  50
24  90  69  80  -1   0  15 0.00  0.0    0 11.7 21 160   M    M   2        26 130
25 102  73  88   7   0  23 0.00  0.0    0 16.7 26 200   M    M   3        33 200
26 104  75  90   9   0  25 0.00  0.0    0 12.3 23 210   M    M   5        29 200
27  91  72  82   1   0  17 0.05  0.0    0  9.3 32  10   M    M   7 8      43  10
28  87  67  77  -4   0  12 0.00  0.0    0  7.4 16 340   M    M   3        20 330
29  89  65  77  -4   0  12 0.00  0.0    0  8.8 17 130   M    M   4        24 100
30  72  65  69 -12   0   4 0.16  0.0    0  7.4 16  40   M    M   8 1      19  70
================================================================================
SM 2627 2006         1 376  3.07     0.0 303.4          M      147
================================================================================
AV 87.6 66.9                              10.1 FASTST   M    M   5    MAX(MPH)
                                 MISC ---->  # 32  10               # 43   10
================================================================================
NOTES:
# LAST OF SEVERAL OCCURRENCES

COLUMN 17 PEAK WIND IN M.P.H.

PRELIMINARY LOCAL CLIMATOLOGICAL DATA (WS FORM: F-6) , PAGE 2

                                          STATION:  WICHITA MID CONTINENT KS
                                          MONTH:    JULY
                                          YEAR:     2014
                                          LATITUDE:   37 39 N
                                          LONGITUDE:  97 25 W

[TEMPERATURE DATA]      [PRECIPITATION DATA]       SYMBOLS USED IN COLUMN 16

AVERAGE MONTHLY: 77.2   TOTAL FOR MONTH:   3.07    1 = FOG OR MIST
DPTR FM NORMAL:  -3.6   DPTR FM NORMAL:   -0.15    2 = FOG REDUCING VISIBILITY
HIGHEST:   104 ON 26    GRTST 24HR  2.25 ON 30- 1      TO 1/4 MILE OR LESS
LOWEST:     55 ON 15                               3 = THUNDER
                        SNOW, ICE PELLETS, HAIL    4 = ICE PELLETS
                        TOTAL MONTH:   0.0 INCH    5 = HAIL
                        GRTST 24HR     0.0         6 = FREEZING RAIN OR DRIZZLE
                        GRTST DEPTH:   0           7 = DUSTSTORM OR SANDSTORM:
                                                       VSBY 1/2 MILE OR LESS
                                                   8 = SMOKE OR HAZE
[NO. OF DAYS WITH]      [WEATHER - DAYS WITH]      9 = BLOWING SNOW
                                                   X = TORNADO
MAX 32 OR BELOW:   0    0.01 INCH OR MORE:   7
MAX 90 OR ABOVE:  14    0.10 INCH OR MORE:   4
MIN 32 OR BELOW:   0    0.50 INCH OR MORE:   2
MIN  0 OR BELOW:   0    1.00 INCH OR MORE:   2

[HDD (BASE 65) ]
TOTAL THIS MO.     1    CLEAR  (SCALE 0-3)   4
DPTR FM NORMAL     1    PTCLDY (SCALE 4-7)  23
TOTAL FM JUL 1     1    CLOUDY (SCALE 8-10)  3
DPTR FM NORMAL     1

[CDD (BASE 65) ]
TOTAL THIS MO.   376
DPTR FM NORMAL   -99    [PRESSURE DATA]
TOTAL FM JAN 1   985    HIGHEST SLP M ON M
DPTR FM NORMAL    45    LOWEST  SLP 29.69 ON  7

[REMARKS]




U.S. Dept. of Commerce
NOAA National Weather Service
1325 East West Highway
Silver Spring, MD 20910
E-mail: w-nws.webmaster@noaa.gov
Page last modified: May 16, 2007
NATIONAL WEATHER SERVICE: for Safety, for Work, for Fun - FOR LIFE