704
CXUS53 KICT 240800
CF6ICT
PRELIMINARY LOCAL CLIMATOLOGICAL DATA (WS FORM: F-6)

                                          STATION:   WICHITA MID CONTINENT KS
                                          MONTH:     NOVEMBER
                                          YEAR:      2014
                                          LATITUDE:   37 39 N
                                          LONGITUDE:  97 25 W

  TEMPERATURE IN F:       :PCPN:    SNOW:  WIND      :SUNSHINE: SKY     :PK WND
================================================================================
1   2   3   4   5  6A  6B    7    8   9   10  11  12  13   14  15   16   17  18
                                     12Z  AVG MX 2MIN
DY MAX MIN AVG DEP HDD CDD  WTR  SNW DPTH SPD SPD DIR MIN PSBL S-S WX    SPD DR
================================================================================

 1  56  31  44  -8  21   0 0.00  0.0    0 15.1 24 160   M    M   4        30 150
 2  63  46  55   3  10   0 0.00  0.0    0 25.7 37 190   M    M   5        44 190
 3  69  50  60   8   5   0 0.13  0.0    0 19.8 33 190   M    M   8 1      40 190
 4  53  42  48  -3  17   0 0.00  0.0    0  7.2 18 360   M    M   8        23 350
 5  68  32  50  -1  15   0 0.00  0.0    0  7.9 16 240   M    M   5 1      20 240
 6  62  38  50   0  15   0 0.00  0.0    0  8.3 18 350   M    M   2        22 360
 7  71  36  54   4  11   0 0.00  0.0    0 13.9 35 190   M    M   5        42 190
 8  61  34  48  -1  17   0 0.00  0.0    0 12.2 25 360   M    M   3        32 350
 9  69  36  53   4  12   0 0.00  0.0    0 11.5 21 190   M    M   5        28 200
10  77  32  55   7  10   0 0.00  0.0    0 21.5 39 350   M    M   5        53 340
11  36  22  29 -19  36   0 0.00  0.0    0 19.9 35 360   M    M   5        45 360
12  28  17  23 -24  42   0 0.00  0.0    0 16.9 25 340   M    M   7        32 350
13  33  16  25 -22  40   0 0.00  0.0    0 11.6 23 340   M    M   5        27 340
14  37  18  28 -18  37   0 0.00  0.0    0  7.6 15 180   M    M   7        21 160
15  40  25  33 -13  32   0    T    T    0 11.8 24 160   M    M  10        29 150
16  32  13  23 -22  42   0 0.21  1.8    2 11.7 25 350   M    M   8 18     32 350
17  30  11  21 -24  44   0 0.00  0.0    1  9.8 24 330   M    M   2        29 320
18  38   5  22 -22  43   0 0.00  0.0    1  7.2 18 190   M    M   2        22 190
19  51  24  38  -6  27   0 0.00  0.0    T  8.7 17 350   M    M   3        24 350
20  52  24  38  -5  27   0 0.00  0.0    0  7.5 14  80   M    M   5        19  80
21  46  32  39  -4  26   0 0.02    M    0  5.3 10  90   M    M   9 128    14  80
22  62  43  53  11  12   0    T  0.0    0 11.6 25 190   M    M  10 12     30 180
23  59  42  51   9  14   0 0.09  0.0    0 16.4 37 350   M    M  10 1      47 350
================================================================================
SM 1193  669       555   0  0.45     1.8 289.1          M      133
================================================================================
AV 51.9 29.1                              12.6 FASTST   M    M   6    MAX(MPH)
                                 MISC ---->  # 39 350               # 53  340
================================================================================
NOTES:
# LAST OF SEVERAL OCCURRENCES

COLUMN 17 PEAK WIND IN M.P.H.

PRELIMINARY LOCAL CLIMATOLOGICAL DATA (WS FORM: F-6) , PAGE 2

                                          STATION:  WICHITA MID CONTINENT KS
                                          MONTH:    NOVEMBER
                                          YEAR:     2014
                                          LATITUDE:   37 39 N
                                          LONGITUDE:  97 25 W

[TEMPERATURE DATA]      [PRECIPITATION DATA]       SYMBOLS USED IN COLUMN 16

AVERAGE MONTHLY: 40.5   TOTAL FOR MONTH:   0.45    1 = FOG OR MIST
DPTR FM NORMAL:  -6.7   DPTR FM NORMAL:   -0.69    2 = FOG REDUCING VISIBILITY
HIGHEST:    77 ON 10    GRTST 24HR  0.21 ON 16-16      TO 1/4 MILE OR LESS
LOWEST:      5 ON 18                               3 = THUNDER
                        SNOW, ICE PELLETS, HAIL    4 = ICE PELLETS
                        TOTAL MONTH:   1.8 INCHES  5 = HAIL
                        GRTST 24HR   1.8 ON   M    6 = FREEZING RAIN OR DRIZZLE
                        GRTST DEPTH:   2 ON 16     7 = DUSTSTORM OR SANDSTORM:
                                                       VSBY 1/2 MILE OR LESS
                                                   8 = SMOKE OR HAZE
[NO. OF DAYS WITH]      [WEATHER - DAYS WITH]      9 = BLOWING SNOW
                                                   X = TORNADO
MAX 32 OR BELOW:   3    0.01 INCH OR MORE:   4
MAX 90 OR ABOVE:   0    0.10 INCH OR MORE:   2
MIN 32 OR BELOW:  14    0.50 INCH OR MORE:   0
MIN  0 OR BELOW:   0    1.00 INCH OR MORE:   0

[HDD (BASE 65) ]
TOTAL THIS MO.   555    CLEAR  (SCALE 0-3)   4
DPTR FM NORMAL   144    PTCLDY (SCALE 4-7)  14
TOTAL FM JUL 1   718    CLOUDY (SCALE 8-10)  5
DPTR FM NORMAL    21

[CDD (BASE 65) ]
TOTAL THIS MO.     0
DPTR FM NORMAL     0    [PRESSURE DATA]
TOTAL FM JAN 1  1849    HIGHEST SLP M ON M
DPTR FM NORMAL   165    LOWEST  SLP 29.32 ON 10

[REMARKS]




U.S. Dept. of Commerce
NOAA National Weather Service
1325 East West Highway
Silver Spring, MD 20910
E-mail: w-nws.webmaster@noaa.gov
Page last modified: May 16, 2007
NATIONAL WEATHER SERVICE: for Safety, for Work, for Fun - FOR LIFE