351
CXUS53 KUNR 010945
CF6ICR
PRELIMINARY LOCAL CLIMATOLOGICAL DATA (WS FORM: F-6)

                                          STATION:   WINNER REGIONAL AIRPORT SD
                                          MONTH:     NOVEMBER
                                          YEAR:      2014
                                          LATITUDE:   43 23 N
                                          LONGITUDE:  99 50 W

  TEMPERATURE IN F:       :PCPN:    SNOW:  WIND      :SUNSHINE: SKY     :PK WND
================================================================================
1   2   3   4   5  6A  6B    7    8   9   10  11  12  13   14  15   16   17  18
                                     12Z  AVG MX 2MIN
DY MAX MIN AVG DEP HDD CDD  WTR  SNW DPTH SPD SPD DIR MIN PSBL S-S WX    SPD DR
================================================================================

 1  55  34  45   1  20   0 0.00    M    M 25.0 39 180   M    M   0        48 170
 2  70  43  57  14   8   0 0.00    M    M  7.7 28 190   M    M   0        36 190
 3  50  34  42  -1  23   0 0.05    M    M 12.7 26 310   M    M   6 1      32 310
 4  62  33  48   6  17   0 0.00    M    M 11.9 20 300   M    M   0        25 310
 5  63  32  48   6  17   0 0.01    M    M 18.0 38 310   M    M   3        48 290
 6  60  28  44   3  21   0 0.00    M    M 10.0 24 170   M    M   0 8      30 180
 7  69  37  53  13  12   0 0.00    M    M 21.2 40 330   M    M   2        52 320
 8  57  29  43   3  22   0 0.00    M    M  9.6 18 330   M    M   1        23 320
 9  51  37  44   5  21   0 0.00    M    M  9.8 20 110   M    M   5        23 120
10  37  14  26 -13  39   0    T    M    M 20.9 31 360   M    M  10 1      39 350
11  16   5  11 -27  54   0    T    M    M 17.2 29 330   M    M   5 89     34 330
12  18   3  11 -27  54   0    T    M    M 20.0 29 320   M    M   6 8      35 320
13  17   1   9 -28  56   0 0.00    M    M 10.0 21 300   M    M   4        25 290
14  27   1  14 -23  51   0    T    M    M 12.7 22 170   M    M   5 1      27 170
15  23  -1  11 -25  54   0 0.12    M    M 14.3 28 310   M    M   8 1289   32 320
16  26  -4  11 -25  54   0    T    M    M 20.1 39 320   M    M   3 89     48 320
17  17   2  10 -25  55   0    T    M    M 14.5 26 310   M    M   7 18     32 300
18  39   2  21 -13  44   0 0.00    M    M 12.5 29 320   M    M   5        36 310
19  33  10  22 -12  43   0    T    M    M 14.1 32 330   M    M   5        39 330
20  28  11  20 -13  45   0 0.00    M    M  8.7 25 190   M    M   5        32 180
21  47  28  38   5  27   0 0.00    M    M 14.9 29 210   M    M   1        38 210
22  62  29  46  14  19   0    T    M    M 10.9 23 200   M    M   2        29 200
23  48  29  39   7  26   0    T    M    M 20.9 41 310   M    M   5        53 320
24  33  19  26  -5  39   0 0.00    M    M 17.7 33 330   M    M   3        43 320
25  44  25  35   4  30   0    T    M    M 10.9 25 310   M    M   6        32 310
26  37  18  28  -2  37   0 0.00    M    M 14.8 36 320   M    M   9 8      45 320
27  41  16  29  -1  36   0 0.00    M    M 14.6 23 210   M    M   7        30 190
28  60  33  47  18  18   0 0.00    M    M  7.9 13 210   M    M   0        16 210
29  71  14  43  14  22   0    T    M    M 17.4 26 270   M    M   3        32 250
30  16   3  10 -19  55   0 0.00    M    M 14.4 25 330   M    M   5        30 330
================================================================================
SM 1277  565      1019   0  0.18    M    435.3          M      121
================================================================================
AV 42.6 18.8                              14.5 FASTST   M    M   4    MAX(MPH)
                                 MISC ---->  # 41 310               # 53  320
================================================================================
NOTES:
# LAST OF SEVERAL OCCURRENCES

COLUMN 17 PEAK WIND IN M.P.H.

PRELIMINARY LOCAL CLIMATOLOGICAL DATA (WS FORM: F-6) , PAGE 2

                                          STATION:  WINNER REGIONAL AIRPORT SD
                                          MONTH:    NOVEMBER
                                          YEAR:     2014
                                          LATITUDE:   43 23 N
                                          LONGITUDE:  99 50 W

[TEMPERATURE DATA]      [PRECIPITATION DATA]       SYMBOLS USED IN COLUMN 16

AVERAGE MONTHLY: 30.7   TOTAL FOR MONTH:   0.18    1 = FOG OR MIST
DPTR FM NORMAL:  -5.2   DPTR FM NORMAL:   -0.44    2 = FOG REDUCING VISIBILITY
HIGHEST:    71 ON 29    GRTST 24HR  0.12 ON 15-15      TO 1/4 MILE OR LESS
LOWEST:     -4 ON 16                               3 = THUNDER
                        SNOW, ICE PELLETS, HAIL    4 = ICE PELLETS
                        TOTAL MONTH:    M          5 = HAIL
                        GRTST 24HR    M  ON   M    6 = FREEZING RAIN OR DRIZZLE
                        GRTST DEPTH:  M  ON   M    7 = DUSTSTORM OR SANDSTORM:
                                                       VSBY 1/2 MILE OR LESS
                                                   8 = SMOKE OR HAZE
[NO. OF DAYS WITH]      [WEATHER - DAYS WITH]      9 = BLOWING SNOW
                                                   X = TORNADO
MAX 32 OR BELOW:   9    0.01 INCH OR MORE:   3
MAX 90 OR ABOVE:   0    0.10 INCH OR MORE:   1
MIN 32 OR BELOW:  23    0.50 INCH OR MORE:   0
MIN  0 OR BELOW:   2    1.00 INCH OR MORE:   0

[HDD (BASE 65) ]
TOTAL THIS MO.  1019    CLEAR  (SCALE 0-3)  12
DPTR FM NORMAL   146    PTCLDY (SCALE 4-7)  15
TOTAL FM JUL 1  1456    CLOUDY (SCALE 8-10)  3
DPTR FM NORMAL   -15

[CDD (BASE 65) ]
TOTAL THIS MO.     0
DPTR FM NORMAL     0    [PRESSURE DATA]
TOTAL FM JAN 1   863    HIGHEST SLP 30.74 ON 13
DPTR FM NORMAL   -53    LOWEST  SLP 29.40 ON 29

[REMARKS]
#FINAL-11-14#




U.S. Dept. of Commerce
NOAA National Weather Service
1325 East West Highway
Silver Spring, MD 20910
E-mail: w-nws.webmaster@noaa.gov
Page last modified: May 16, 2007
NATIONAL WEATHER SERVICE: for Safety, for Work, for Fun - FOR LIFE