044
CXUS53 KUNR 230945
CF6ICR
PRELIMINARY LOCAL CLIMATOLOGICAL DATA (WS FORM: F-6)

                                          STATION:   WINNER REGIONAL AIRPORT SD
                                          MONTH:     SEPTEMBER
                                          YEAR:      2014
                                          LATITUDE:   43 23 N
                                          LONGITUDE:  99 50 W

  TEMPERATURE IN F:       :PCPN:    SNOW:  WIND      :SUNSHINE: SKY     :PK WND
================================================================================
1   2   3   4   5  6A  6B    7    8   9   10  11  12  13   14  15   16   17  18
                                     12Z  AVG MX 2MIN
DY MAX MIN AVG DEP HDD CDD  WTR  SNW DPTH SPD SPD DIR MIN PSBL S-S WX    SPD DR
================================================================================

 1  80  54  67  -3   0   2 0.22    M    M  7.7 24 280   M    M   2 3      30 250
 2  83  53  68  -2   0   3 0.00    M    M  9.4 18 180   M    M   0        23 170
 3  96  71  84  14   0  19    T    M    M 16.5 29 230   M    M   0 3      39 240
 4  86  54  70   1   0   5    T    M    M 16.7 29 330   M    M   1 3      36 330
 5  70  50  60  -9   5   0 0.00    M    M  6.5 15 340   M    M   0        19 340
 6  80  47  64  -4   1   0 0.00    M    M  8.8 17 180   M    M   0        22 190
 7  85  59  72   4   0   7    T    M    M 19.4 37 180   M    M   0 3      43 180
 8  92  57  75   7   0  10 0.00    M    M  9.4 26 200   M    M   0        35 220
 9  71  51  61  -6   4   0 0.48    M    M 10.1 22 340   M    M   6 13     29 320
10  51  46  49 -18  16   0 0.04    M    M 14.4 24 340   M    M  10 1      32 340
11  47  41  44 -22  21   0 0.08    M    M  9.7 20  20   M    M  10        23  20
12  56  37  47 -19  18   0 0.01    M    M  7.5 16 180   M    M   5        20 170
13  70  39  55 -10  10   0 0.00    M    M 13.5 31 190   M    M   0        41 190
14  62  39  51 -14  14   0 0.00    M    M  6.6 18  50   M    M   6 8      22  50
15  66  46  56  -8   9   0 0.00    M    M  6.3 14 150   M    M   3        17  50
16  80  50  65   1   0   0 0.00    M    M 11.4 24 180   M    M   0        31 180
17  81  50  66   3   0   1    T    M    M  7.3 14 140   M    M   0 1      20  80
18  84  58  71   8   0   6 0.00    M    M 15.0 26 180   M    M   0        35 180
19  91  64  78  16   0  13 0.07    M    M 11.3 30 190   M    M   0 3      38 200
20  85  53  69   7   0   4 0.01    M    M 13.4 36 320   M    M   2        45 300
21  75  46  61  -1   4   0 0.00    M    M  7.5 18 350   M    M   0        23 310
22  81  48  65   4   0   0    T    M    M 17.7 26 200   M    M   2        35 160
================================================================================
SM 1672 1113       102  70  0.91    M    246.1          M       47
================================================================================
AV 76.0 50.6                              11.2 FASTST   M    M   2    MAX(MPH)
                                 MISC ---->  # 37 180               # 45  300
================================================================================
NOTES:
# LAST OF SEVERAL OCCURRENCES

COLUMN 17 PEAK WIND IN M.P.H.

PRELIMINARY LOCAL CLIMATOLOGICAL DATA (WS FORM: F-6) , PAGE 2

                                          STATION:  WINNER REGIONAL AIRPORT SD
                                          MONTH:    SEPTEMBER
                                          YEAR:     2014
                                          LATITUDE:   43 23 N
                                          LONGITUDE:  99 50 W

[TEMPERATURE DATA]      [PRECIPITATION DATA]       SYMBOLS USED IN COLUMN 16

AVERAGE MONTHLY: 63.3   TOTAL FOR MONTH:   0.91    1 = FOG OR MIST
DPTR FM NORMAL:  -2.6   DPTR FM NORMAL:   -0.58    2 = FOG REDUCING VISIBILITY
HIGHEST:    96 ON  3    GRTST 24HR  0.52 ON  9-10      TO 1/4 MILE OR LESS
LOWEST:     37 ON 12                               3 = THUNDER
                        SNOW, ICE PELLETS, HAIL    4 = ICE PELLETS
                        TOTAL MONTH:    M          5 = HAIL
                        GRTST 24HR    M  ON   M    6 = FREEZING RAIN OR DRIZZLE
                        GRTST DEPTH:  M  ON   M    7 = DUSTSTORM OR SANDSTORM:
                                                       VSBY 1/2 MILE OR LESS
                                                   8 = SMOKE OR HAZE
[NO. OF DAYS WITH]      [WEATHER - DAYS WITH]      9 = BLOWING SNOW
                                                   X = TORNADO
MAX 32 OR BELOW:   0    0.01 INCH OR MORE:   7
MAX 90 OR ABOVE:   3    0.10 INCH OR MORE:   2
MIN 32 OR BELOW:   0    0.50 INCH OR MORE:   0
MIN  0 OR BELOW:   0    1.00 INCH OR MORE:   0

[HDD (BASE 65) ]
TOTAL THIS MO.   102    CLEAR  (SCALE 0-3)  17
DPTR FM NORMAL    31    PTCLDY (SCALE 4-7)   3
TOTAL FM JUL 1   115    CLOUDY (SCALE 8-10)  2
DPTR FM NORMAL    30

[CDD (BASE 65) ]
TOTAL THIS MO.    70
DPTR FM NORMAL   -21    [PRESSURE DATA]
TOTAL FM JAN 1   800    HIGHEST SLP M ON M
DPTR FM NORMAL   -97    LOWEST  SLP 29.46 ON  3

[REMARKS]




U.S. Dept. of Commerce
NOAA National Weather Service
1325 East West Highway
Silver Spring, MD 20910
E-mail: w-nws.webmaster@noaa.gov
Page last modified: May 16, 2007
NATIONAL WEATHER SERVICE: for Safety, for Work, for Fun - FOR LIFE