981
CXUS53 KUNR 260945
CF6ICR
PRELIMINARY LOCAL CLIMATOLOGICAL DATA (WS FORM: F-6)

                                          STATION:   WINNER REGIONAL AIRPORT SD
                                          MONTH:     JULY
                                          YEAR:      2014
                                          LATITUDE:   43 23 N
                                          LONGITUDE:  99 50 W

  TEMPERATURE IN F:       :PCPN:    SNOW:  WIND      :SUNSHINE: SKY     :PK WND
================================================================================
1   2   3   4   5  6A  6B    7    8   9   10  11  12  13   14  15   16   17  18
                                     12Z  AVG MX 2MIN
DY MAX MIN AVG DEP HDD CDD  WTR  SNW DPTH SPD SPD DIR MIN PSBL S-S WX    SPD DR
================================================================================

 1  71  51  61 -12   4   0 0.03    M    M 18.5 33 310   M    M   5 1      41 320
 2  76  47  62 -11   3   0 0.00    M    M  5.4 13 350   M    M   0        18 310
 3  86  55  71  -3   0   6 0.00    M    M 10.9 21 180   M    M   1        26 180
 4  87  69  78   4   0  13    T    M    M 17.5 28 180   M    M   1        34 170
 5  97  69  83   9   0  18 0.00    M    M  7.4 18 180   M    M   0        24 170
 6  90  65  78   4   0  13 0.00    M    M  9.7 21 330   M    M   0 3      29 330
 7  85  61  73  -1   0   8 0.12    M    M 13.5 37 240   M    M   2        49 240
 8  82  58  70  -5   0   5 0.00    M    M 12.3 22 320   M    M   2 8      30 310
 9  80  56  68  -7   0   3    T    M    M  8.3 21 200   M    M   4 3      23 200
10  91  61  76   1   0  11 0.02    M    M 13.7 39 210   M    M   3 3      55 230
11  95  69  82   7   0  17    T    M    M  7.1 16 140   M    M   2        21 140
12  88  67  78   3   0  13 0.01    M    M  6.9 17  20   M    M   6        21  20
13  90  63  77   1   0  12 0.00    M    M  8.6 22 340   M    M   3        28 310
14  75  52  64 -12   1   0 0.00    M    M 11.8 26 340   M    M   3        33 350
15  77  46  62 -14   3   0 0.00    M    M  6.0 12 340   M    M   1        23 270
16  78  50  64 -12   1   0 0.00    M    M  6.0 13 170   M    M   4        19 120
17  84  59  72  -4   0   7 0.00    M    M 12.7 22 190   M    M   3        30 190
18  85  60  73  -3   0   8 0.00    M    M 18.1 25 190   M    M   0        31 200
19  91  67  79   3   0  14    T    M    M 10.2 22 210   M    M   0        27 200
20 100  69  85   9   0  20 0.00    M    M 10.3 18 190   M    M   0        24 190
21 108  71  90  14   0  25 0.00    M    M  9.4 26 270   M    M   0 1      34 250
22  89  65  77   1   0  12 0.05    M    M  8.7 26 320   M    M   0 3      33 320
23  89  63  76   0   0  11 0.00    M    M 12.2 22 130   M    M   0        28 140
24 100  68  84   8   0  19 0.00    M    M 19.8 35 170   M    M   1        43 180
25  94  66  80   4   0  15 0.00    M    M 10.2 28 190   M    M   0        36 180
================================================================================
SM 2188 1527        12 250  0.23    M    275.2          M       41
================================================================================
AV 87.5 61.1                              11.0 FASTST   M    M   2    MAX(MPH)
                                 MISC ---->  # 39 210               # 55  230
================================================================================
NOTES:
# LAST OF SEVERAL OCCURRENCES

COLUMN 17 PEAK WIND IN M.P.H.

PRELIMINARY LOCAL CLIMATOLOGICAL DATA (WS FORM: F-6) , PAGE 2

                                          STATION:  WINNER REGIONAL AIRPORT SD
                                          MONTH:    JULY
                                          YEAR:     2014
                                          LATITUDE:   43 23 N
                                          LONGITUDE:  99 50 W

[TEMPERATURE DATA]      [PRECIPITATION DATA]       SYMBOLS USED IN COLUMN 16

AVERAGE MONTHLY: 74.3   TOTAL FOR MONTH:   0.23    1 = FOG OR MIST
DPTR FM NORMAL:  -0.9   DPTR FM NORMAL:   -2.10    2 = FOG REDUCING VISIBILITY
HIGHEST:   108 ON 21    GRTST 24HR  0.12 ON  7- 7      TO 1/4 MILE OR LESS
LOWEST:     46 ON 15                               3 = THUNDER
                        SNOW, ICE PELLETS, HAIL    4 = ICE PELLETS
                        TOTAL MONTH:    M          5 = HAIL
                        GRTST 24HR    M  ON   M    6 = FREEZING RAIN OR DRIZZLE
                        GRTST DEPTH:  M  ON   M    7 = DUSTSTORM OR SANDSTORM:
                                                       VSBY 1/2 MILE OR LESS
                                                   8 = SMOKE OR HAZE
[NO. OF DAYS WITH]      [WEATHER - DAYS WITH]      9 = BLOWING SNOW
                                                   X = TORNADO
MAX 32 OR BELOW:   0    0.01 INCH OR MORE:   5
MAX 90 OR ABOVE:  10    0.10 INCH OR MORE:   1
MIN 32 OR BELOW:   0    0.50 INCH OR MORE:   0
MIN  0 OR BELOW:   0    1.00 INCH OR MORE:   0

[HDD (BASE 65) ]
TOTAL THIS MO.    12    CLEAR  (SCALE 0-3)  20
DPTR FM NORMAL    12    PTCLDY (SCALE 4-7)   5
TOTAL FM JUL 1    12    CLOUDY (SCALE 8-10)  0
DPTR FM NORMAL    12

[CDD (BASE 65) ]
TOTAL THIS MO.   250
DPTR FM NORMAL   -10    [PRESSURE DATA]
TOTAL FM JAN 1   448    HIGHEST SLP M ON M
DPTR FM NORMAL    13    LOWEST  SLP 29.54 ON 24

[REMARKS]




U.S. Dept. of Commerce
NOAA National Weather Service
1325 East West Highway
Silver Spring, MD 20910
E-mail: w-nws.webmaster@noaa.gov
Page last modified: May 16, 2007
NATIONAL WEATHER SERVICE: for Safety, for Work, for Fun - FOR LIFE