057
CXUS54 KHGX 261415
CF6IAH
PRELIMINARY LOCAL CLIMATOLOGICAL DATA (WS FORM: F-6)

                                          STATION:   HOUSTON INTERCONTINENTAL
                                          MONTH:     NOVEMBER
                                          YEAR:      2014
                                          LATITUDE:   29 58 N
                                          LONGITUDE:  95 21 W

  TEMPERATURE IN F:       :PCPN:    SNOW:  WIND      :SUNSHINE: SKY     :PK WND
================================================================================
1   2   3   4   5  6A  6B    7    8   9   10  11  12  13   14  15   16   17  18
                                     12Z  AVG MX 2MIN
DY MAX MIN AVG DEP HDD CDD  WTR  SNW DPTH SPD SPD DIR MIN PSBL S-S WX    SPD DR
================================================================================

 1  65  45  55 -12  10   0 0.00  0.0    0  5.2 17  70   M    M   1        22  70
 2  72  41  57 -10   8   0 0.00  0.0    0  8.9 18 140   M    M   5        23 150
 3  80  53  67   1   0   2 0.00  0.0    0  8.7 22 140   M    M   7        25 140
 4  82  62  72   6   0   7 0.00  0.0    0  6.4 20 150   M    M   8        25 170
 5  74  64  69   3   0   4 1.12  0.0    0  6.3 20 300   M    M  10 1      26 290
 6  66  58  62  -3   3   0 0.17  0.0    0  7.3 15  10   M    M   9 1      22  20
 7  65  49  57  -8   8   0 0.00  0.0    0  4.5 13  60   M    M   6        16  60
 8  75  50  63  -2   2   0    T  0.0    0  2.9 15 350   M    M   6        22 350
 9  72  47  60  -4   5   0 0.00  0.0    0  3.7  8 200   M    M   0        22 340
10  80  45  63  -1   2   0 0.00  0.0    0  7.1 17 180   M    M   4 1      24 210
11  71  49  60  -4   5   0 0.01    M    0 10.0 22 310   M    M   9        28 330
12  58  43  51 -13  14   0    T    M    0 13.8 22  10   M    M   8        28  10
13  45  36  41 -22  24   0 0.20  0.0    0 12.7 21 360   M    M   9 1      25 350
14  47  34  41 -22  24   0 0.00  0.0    0  5.5 12  10   M    M   8        15  70
15  53  43  48 -14  17   0 0.30  0.0    0  9.4 16 110   M    M  10 1      20 120
16  57  42  50 -12  15   0 0.65    M    0  7.6 25 350   M    M  10 1      33 350
17  52  36  44 -18  21   0 0.00  0.0    0 13.3 26 340   M    M   5        33 350
18  55  32  44 -18  21   0 0.00  0.0    0  3.7 12  90   M    M   3        14  20
19  69  30  50 -11  15   0 0.00  0.0    0  3.9 13 170   M    M   3 18     17 210
20  76  46  61   0   4   0 0.04    M    0  5.2 20 150   M    M   7 1      25 130
21  66  61  64   4   1   0 0.57  0.0    0 10.2 17 120   M    M   8 1      22 120
22  68  58  63   3   2   0 0.11  0.0    0  9.8 23 130   M    M   8 13     28 130
23  80  61  71  11   0   6 0.23  0.0    0  7.7 21 330   M    M   2 13     26 340
24  66  45  56  -4   9   0 0.00  0.0    0  9.7 21  10   M    M   3        25  20
25  66  41  54  -5  11   0 0.00  0.0    0  4.3 13 340   M    M   3        17 320
================================================================================
SM 1660 1171       221  19  3.40     0.0 187.8          M      152
================================================================================
AV 66.4 46.8                               7.5 FASTST   M    M   6    MAX(MPH)
                                 MISC ---->  # 26 340               # 33  350
================================================================================
NOTES:
# LAST OF SEVERAL OCCURRENCES

COLUMN 17 PEAK WIND IN M.P.H.

PRELIMINARY LOCAL CLIMATOLOGICAL DATA (WS FORM: F-6) , PAGE 2

                                          STATION:  HOUSTON INTERCONTINENTAL
                                          MONTH:    NOVEMBER
                                          YEAR:     2014
                                          LATITUDE:   29 58 N
                                          LONGITUDE:  95 21 W

[TEMPERATURE DATA]      [PRECIPITATION DATA]       SYMBOLS USED IN COLUMN 16

AVERAGE MONTHLY: 56.6   TOTAL FOR MONTH:   3.40    1 = FOG OR MIST
DPTR FM NORMAL:  -6.5   DPTR FM NORMAL:   -0.22    2 = FOG REDUCING VISIBILITY
HIGHEST:    82 ON  4    GRTST 24HR  1.29 ON  5- 6      TO 1/4 MILE OR LESS
LOWEST:     30 ON 19                               3 = THUNDER
                        SNOW, ICE PELLETS, HAIL    4 = ICE PELLETS
                        TOTAL MONTH:   0.0 INCH    5 = HAIL
                        GRTST 24HR     0.0         6 = FREEZING RAIN OR DRIZZLE
                        GRTST DEPTH:   0           7 = DUSTSTORM OR SANDSTORM:
                                                       VSBY 1/2 MILE OR LESS
                                                   8 = SMOKE OR HAZE
[NO. OF DAYS WITH]      [WEATHER - DAYS WITH]      9 = BLOWING SNOW
                                                   X = TORNADO
MAX 32 OR BELOW:   0    0.01 INCH OR MORE:  10
MAX 90 OR ABOVE:   0    0.10 INCH OR MORE:   8
MIN 32 OR BELOW:   2    0.50 INCH OR MORE:   3
MIN  0 OR BELOW:   0    1.00 INCH OR MORE:   1

[HDD (BASE 65) ]
TOTAL THIS MO.   221    CLEAR  (SCALE 0-3)   5
DPTR FM NORMAL   107    PTCLDY (SCALE 4-7)  10
TOTAL FM JUL 1   221    CLOUDY (SCALE 8-10) 10
DPTR FM NORMAL    77

[CDD (BASE 65) ]
TOTAL THIS MO.    19
DPTR FM NORMAL   -49    [PRESSURE DATA]
TOTAL FM JAN 1  3018    HIGHEST SLP M ON M
DPTR FM NORMAL  -104    LOWEST  SLP 29.52 ON 23

[REMARKS]




U.S. Dept. of Commerce
NOAA National Weather Service
1325 East West Highway
Silver Spring, MD 20910
E-mail: w-nws.webmaster@noaa.gov
Page last modified: May 16, 2007
NATIONAL WEATHER SERVICE: for Safety, for Work, for Fun - FOR LIFE