268
CXUS51 KLWX 010620
CF6IAD
PRELIMINARY LOCAL CLIMATOLOGICAL DATA (WS FORM: F-6)

                                          STATION:   WASHINGTON DULLES DC
                                          MONTH:     NOVEMBER
                                          YEAR:      2014
                                          LATITUDE:   38 57 N
                                          LONGITUDE:  77 27 W

  TEMPERATURE IN F:       :PCPN:    SNOW:  WIND      :SUNSHINE: SKY     :PK WND
================================================================================
1   2   3   4   5  6A  6B    7    8   9   10  11  12  13   14  15   16   17  18
                                     12Z  AVG MX 2MIN
DY MAX MIN AVG DEP HDD CDD  WTR  SNW DPTH SPD SPD DIR MIN PSBL S-S WX    SPD DR
================================================================================

 1  50  43  47  -4  18   0 0.00  0.0    0 14.8 28 330   M    M   8        37 330
 2  49  40  45  -6  20   0 0.00  0.0    0 18.7 31 310   M    M   5        41 310
 3  61  35  48  -2  17   0 0.00  0.0    0  6.8 22 310   M    M   4 8      28 300
 4  70  33  52   2  13   0 0.00  0.0    0  4.7 14 190   M    M   8        18 190
 5  64  49  57   7   8   0 0.02  0.0    0  3.5 12 310   M    M   9        14 330
 6  62  48  55   5  10   0 0.31  0.0    0  4.5 20 230   M    M   9 18     29 220
 7  54  34  44  -5  21   0    T  0.0    0 15.2 31 300   M    M   5        41 290
 8  50  26  38 -11  27   0 0.00  0.0    0  6.1 16 190   M    M   5        21 190
 9  57  32  45  -4  20   0 0.00  0.0    0  2.7 13 330   M    M   6        16 340
10  62  29  46  -2  19   0 0.00  0.0    0  3.5 13 150   M    M   2        17 150
11  70  31  51   3  14   0 0.00  0.0    0  3.7 13 140   M    M   2 12     16 140
12  62  39  51   3  14   0 0.00  0.0    0  7.5 22 320   M    M   5 12     28 320
13  44  36  40  -7  25   0    T    T    0  7.7 18 310   M    M   9 1      22 310
14  40  26  33 -14  32   0    T    T    0 10.9 22 300   M    M   4        26 320
15  43  25  34 -13  31   0 0.00  0.0    0  5.5 15 330   M    M   2        20 330
16  43  27  35 -11  30   0 0.06    T    0  3.6 15 190   M    M   9 1      18 190
17  47  35  41  -5  24   0 0.66  0.0    0  9.4 25 310   M    M   9 1      36 320
18  36  18  27 -19  38   0 0.00  0.0    0 15.6 31 320   M    M   2        40 310
19  35  13  24 -21  41   0 0.00  0.0    0  7.2 20 210   M    M   3        29 210
20  52  28  40  -5  25   0 0.00  0.0    0  9.9 20 200   M    M   3        24 330
21  35  18  27 -18  38   0 0.00  0.0    0  9.2 22 320   M    M   1        28 320
22  49  14  32 -12  33   0 0.00  0.0    0  7.2 18 200   M    M   3        24 200
23  54  34  44   0  21   0 0.26  0.0    0  5.7 16 120   M    M   7 1      24 120
24  70  54  62  18   3   0 0.15  0.0    0 12.1 26 200   M    M   6 1      35 190
25  59  41  50   7  15   0 0.00  0.0    0  4.4 17 330   M    M   9        24 330
26  45  32  39  -4  26   0 1.20  1.6    0  7.8 15 350   M    M  10 12     20 350
27  44  32  38  -4  27   0    T    T    1  6.0 18 300   M    M   8 1      23 300
28  37  23  30 -12  35   0    T    T    0  8.1 20 290   M    M   4        26 300
29  45  26  36  -6  29   0 0.00  0.0    0  5.0 15 190   M    M   9        20 200
30  64  36  50   9  15   0 0.00  0.0    0  9.5 21 210   M    M   6        26 200
================================================================================
SM 1553  957       689   0  2.66     1.6 236.5          M      172
================================================================================
AV 51.8 31.9                               7.9 FASTST   M    M   6    MAX(MPH)
                                 MISC ---->  # 31 310               # 41  310
================================================================================
NOTES:
# LAST OF SEVERAL OCCURRENCES

COLUMN 17 PEAK WIND IN M.P.H.

PRELIMINARY LOCAL CLIMATOLOGICAL DATA (WS FORM: F-6) , PAGE 2

                                          STATION:  WASHINGTON DULLES DC
                                          MONTH:    NOVEMBER
                                          YEAR:     2014
                                          LATITUDE:   38 57 N
                                          LONGITUDE:  77 27 W

[TEMPERATURE DATA]      [PRECIPITATION DATA]       SYMBOLS USED IN COLUMN 16

AVERAGE MONTHLY: 41.8   TOTAL FOR MONTH:   2.66    1 = FOG OR MIST
DPTR FM NORMAL:  -4.6   DPTR FM NORMAL:   -0.75    2 = FOG REDUCING VISIBILITY
HIGHEST:    70 ON 24,11 GRTST 24HR  1.20 ON 26-26      TO 1/4 MILE OR LESS
LOWEST:     13 ON 19                               3 = THUNDER
                        SNOW, ICE PELLETS, HAIL    4 = ICE PELLETS
                        TOTAL MONTH:   1.6 INCHES  5 = HAIL
                        GRTST 24HR   1.6 ON   M    6 = FREEZING RAIN OR DRIZZLE
                        GRTST DEPTH:   1 ON 27     7 = DUSTSTORM OR SANDSTORM:
                                                       VSBY 1/2 MILE OR LESS
                                                   8 = SMOKE OR HAZE
[NO. OF DAYS WITH]      [WEATHER - DAYS WITH]      9 = BLOWING SNOW
                                                   X = TORNADO
MAX 32 OR BELOW:   0    0.01 INCH OR MORE:   7
MAX 90 OR ABOVE:   0    0.10 INCH OR MORE:   5
MIN 32 OR BELOW:  16    0.50 INCH OR MORE:   2
MIN  0 OR BELOW:   0    1.00 INCH OR MORE:   1

[HDD (BASE 65) ]
TOTAL THIS MO.   689    CLEAR  (SCALE 0-3)   6
DPTR FM NORMAL   129    PTCLDY (SCALE 4-7)  14
TOTAL FM JUL 1   994    CLOUDY (SCALE 8-10) 10
DPTR FM NORMAL    78

[CDD (BASE 65) ]
TOTAL THIS MO.     0
DPTR FM NORMAL    -2    [PRESSURE DATA]
TOTAL FM JAN 1   968    HIGHEST SLP M ON M
DPTR FM NORMAL  -210    LOWEST  SLP 29.56 ON 17

[REMARKS]
#FINAL-11-14#




U.S. Dept. of Commerce
NOAA National Weather Service
1325 East West Highway
Silver Spring, MD 20910
E-mail: w-nws.webmaster@noaa.gov
Page last modified: May 16, 2007
NATIONAL WEATHER SERVICE: for Safety, for Work, for Fun - FOR LIFE