836
CXUS56 KMTR 011000
CF6HWD
PRELIMINARY LOCAL CLIMATOLOGICAL DATA (WS FORM: F-6)

                                          STATION:   HAYWARD AIRPORT
                                          MONTH:     NOVEMBER
                                          YEAR:      2014
                                          LATITUDE:   37 39 N
                                          LONGITUDE: 122  7 W

  TEMPERATURE IN F:       :PCPN:    SNOW:  WIND      :SUNSHINE: SKY     :PK WND
================================================================================
1   2   3   4   5  6A  6B    7    8   9   10  11  12  13   14  15   16   17  18
                                     12Z  AVG MX 2MIN
DY MAX MIN AVG DEP HDD CDD  WTR  SNW DPTH SPD SPD DIR MIN PSBL S-S WX    SPD DR
================================================================================

 1  64  50  57  -3   8   0 0.00  0.0    0  7.5 17 260   M    M   4        21 250
 2  64  45  55  -4  10   0 0.00  0.0    0  5.5 17 290   M    M   0        21 290
 3  65  44  55  -4  10   0 0.00  0.0    0  4.0 13 300   M    M   0        16 290
 4  66  45  56  -3   9   0 0.00  0.0    0  3.9 12 300   M    M   1        14 300
 5  69  49  59   1   6   0 0.00  0.0    0  3.8  9 270   M    M   0        12 270
 6  71  51  61   3   4   0 0.00  0.0    0  4.4 15 290   M    M   0 8      18 290
 7  72  47  60   2   5   0 0.00  0.0    0  3.8 13 290   M    M   3 128    17 140
 8  76  47  62   4   3   0 0.00  0.0    0  1.8  8 290   M    M   0 18     23 220
 9  71  51  61   4   4   0 0.00  0.0    0  2.7 14 290   M    M   0 8      17 150
10  68  51  60   3   5   0 0.00  0.0    0  2.5 14 320   M    M   4 128    18 140
11  66  57  62   5   3   0 0.00  0.0    0  4.6 14 270   M    M   8        17 260
12  62  54  58   2   7   0 0.02  0.0    0  3.4 10 290   M    M   8 1      22 230
13  66  51  59   3   6   0 0.31  0.0    0  6.6 10 290   M    M   8 18     13 290
14  66  50  58   2   7   0 0.00  0.0    0  5.0 13 290   M    M   4        15 290
15  67  48  58   2   7   0 0.00  0.0    0  4.0 12 290   M    M   0        14 290
16  68  49  59   4   6   0 0.00  0.0    0  4.6 14  10   M    M   0        17  30
17  70  48  59   4   6   0 0.00  0.0    0  6.2 16  80   M    M   0 8      21  80
18  68  49  59   4   6   0 0.00  0.0    0  4.6 15  50   M    M   0 8      18  50
19  66  53  60   6   5   0 0.09  0.0    0  6.5 18 150   M    M   9 18     29  60
20  61  50  56   2   9   0 0.29  0.0    0  3.5 21 120   M    M   9 18     23 120
21  63  51  57   3   8   0 0.00  0.0    0  2.7  8 290   M    M   8 18     10 360
22  66  48  57   3   8   0 0.18  0.0    0  7.8 16 160   M    M   6 18     21 150
23  60  46  53   0  12   0 0.00  0.0    0  3.9  9  50   M    M   0        12  50
24  61  44  53   0  12   0 0.00  0.0    0  3.5  9 260   M    M   0        24 220
25  64  43  54   1  11   0 0.00  0.0    0  4.2 12  40   M    M   0        14  50
26  62  44  53   0  12   0 0.00  0.0    0  2.6  8  60   M    M   0 18     24 210
27  62  43  53   1  12   0 0.00  0.0    0  2.1  7  60   M    M   0 18     17  90
28  63  43  53   1  12   0 0.00  0.0    0  4.1 14 310   M    M   4 18     20  40
29  67  54  61   9   4   0 0.03  0.0    0  6.3 14 170   M    M  10 1      29 180
30  61  50  56   4   9   0 0.37  0.0    0  4.6 17 120   M    M   8 1      22 100
================================================================================
SM 1975 1455       226   0  1.29     0.0 130.7          M       94
================================================================================
AV 65.8 48.5                               4.4 FASTST   M    M   3    MAX(MPH)
                                 MISC ---->  # 21 120               # 29   60
================================================================================
NOTES:
# LAST OF SEVERAL OCCURRENCES

COLUMN 17 PEAK WIND IN M.P.H.

PRELIMINARY LOCAL CLIMATOLOGICAL DATA (WS FORM: F-6) , PAGE 2

                                          STATION:  HAYWARD AIRPORT
                                          MONTH:    NOVEMBER
                                          YEAR:     2014
                                          LATITUDE:   37 39 N
                                          LONGITUDE: 122  7 W

[TEMPERATURE DATA]      [PRECIPITATION DATA]       SYMBOLS USED IN COLUMN 16

AVERAGE MONTHLY: 57.2   TOTAL FOR MONTH:   1.29    1 = FOG OR MIST
DPTR FM NORMAL:   1.7   DPTR FM NORMAL:   -0.88    2 = FOG REDUCING VISIBILITY
HIGHEST:    76 ON  8    GRTST 24HR  0.38 ON 29-30      TO 1/4 MILE OR LESS
LOWEST:     43 ON 28,27                            3 = THUNDER
                        SNOW, ICE PELLETS, HAIL    4 = ICE PELLETS
                        TOTAL MONTH:   0.0 INCH    5 = HAIL
                        GRTST 24HR     0.0         6 = FREEZING RAIN OR DRIZZLE
                        GRTST DEPTH:   0           7 = DUSTSTORM OR SANDSTORM:
                                                       VSBY 1/2 MILE OR LESS
                                                   8 = SMOKE OR HAZE
[NO. OF DAYS WITH]      [WEATHER - DAYS WITH]      9 = BLOWING SNOW
                                                   X = TORNADO
MAX 32 OR BELOW:   0    0.01 INCH OR MORE:   7
MAX 90 OR ABOVE:   0    0.10 INCH OR MORE:   4
MIN 32 OR BELOW:   0    0.50 INCH OR MORE:   0
MIN  0 OR BELOW:   0    1.00 INCH OR MORE:   0

[HDD (BASE 65) ]
TOTAL THIS MO.   226    CLEAR  (SCALE 0-3)  16
DPTR FM NORMAL   -60    PTCLDY (SCALE 4-7)   9
TOTAL FM JUL 1   268    CLOUDY (SCALE 8-10)  5
DPTR FM NORMAL  -222

[CDD (BASE 65) ]
TOTAL THIS MO.     0
DPTR FM NORMAL    -1    [PRESSURE DATA]
TOTAL FM JAN 1   568    HIGHEST SLP M ON M
DPTR FM NORMAL   275    LOWEST  SLP 29.74 ON M

[REMARKS]
#FINAL-11-14#




U.S. Dept. of Commerce
NOAA National Weather Service
1325 East West Highway
Silver Spring, MD 20910
E-mail: w-nws.webmaster@noaa.gov
Page last modified: May 16, 2007
NATIONAL WEATHER SERVICE: for Safety, for Work, for Fun - FOR LIFE