657
CXUS56 KMTR 301000
CF6HWD
PRELIMINARY LOCAL CLIMATOLOGICAL DATA (WS FORM: F-6)

                                          STATION:   HAYWARD AIRPORT
                                          MONTH:     SEPTEMBER
                                          YEAR:      2014
                                          LATITUDE:   37 39 N
                                          LONGITUDE: 122  7 W

  TEMPERATURE IN F:       :PCPN:    SNOW:  WIND      :SUNSHINE: SKY     :PK WND
================================================================================
1   2   3   4   5  6A  6B    7    8   9   10  11  12  13   14  15   16   17  18
                                     12Z  AVG MX 2MIN
DY MAX MIN AVG DEP HDD CDD  WTR  SNW DPTH SPD SPD DIR MIN PSBL S-S WX    SPD DR
================================================================================

 1  90  62  76   9   0  11 0.00  0.0    0  6.1 17 280   M    M   0        20 290
 2  75  63  69   2   0   4 0.00  0.0    0  8.5 17 300   M    M   4        21 290
 3  80  63  72   5   0   7 0.00  0.0    0  7.3 18 310   M    M   4        22 310
 4  79  64  72   5   0   7 0.00  0.0    0  6.6 16 330   M    M   5        23 310
 5  78  62  70   3   0   5 0.00  0.0    0  6.8 20 290   M    M   5        23 290
 6  76  62  69   2   0   4 0.00  0.0    0  7.9 18 290   M    M   5        22 300
 7  74  62  68   1   0   3 0.00  0.0    0  6.5 17 300   M    M   5        21 300
 8  70  61  66  -1   0   1 0.00  0.0    0   M  16 290   M    M   5         M  90
 9  76  61  69   2   0   4 0.00  0.0    0  5.7 15 290   M    M   4        18 300
10  86  58  72   5   0   7 0.00  0.0    0  3.0 14 300   M    M   0        16 310
11  87  60  74   7   0   9 0.00  0.0    0  5.1 14 290   M    M   1 18     16 290
12  82  60  71   4   0   6 0.00  0.0    0  5.4 14 290   M    M   0        16 290
13  80  60  70   3   0   5 0.00  0.0    0  7.1 18 300   M    M   1 1      22 300
14  80  61  71   4   0   6 0.00  0.0    0  6.1 16 300   M    M   0        21 300
15  80  63  72   6   0   7 0.00  0.0    0  6.9 18 300   M    M   3        23 290
16  82  62  72   6   0   7 0.00  0.0    0  5.4 17 290   M    M   3        20 290
17  82  64  73   7   0   8 0.00  0.0    0  7.0 18 220   M    M   5        25 220
18  80  66  73   7   0   8    T  0.0    0  7.1 17 320   M    M   5        23 200
19  78  64  71   5   0   6 0.00  0.0    0  6.2 18 300   M    M   5        22 290
20  77  66  72   6   0   7 0.00  0.0    0  7.3 20 310   M    M   6        23 300
21  72  66  69   3   0   4 0.00  0.0    0  8.0 16 290   M    M  10        24 320
22  79  65  72   6   0   7 0.00  0.0    0  7.1 20 290   M    M   4        23 290
23  79  65  72   6   0   7 0.00  0.0    0  6.5 17 290   M    M   6        21 280
24  81  65  73   7   0   8 0.03  0.0    M  7.2 21 300   M    M   6 18     25 300
25  72  61  67   1   0   2 0.34  0.0    0  5.1 16 300   M    M   5 18     20 290
26  74  62  68   3   0   3 0.00  0.0    0  7.2 22 290   M    M   3        26 280
27  72  61  67   2   0   2 0.00  0.0    0  7.2 17 280   M    M   4        22 290
28  73  60  67   2   0   2 0.00  0.0    0  6.2 16 300   M    M   4        18 310
29  73  60  67   2   0   2 0.00  0.0    0  5.4 18 290   M    M   7        22 300
================================================================================
SM 2267 1809         0 159  0.37     0.0 181.9          M      115
================================================================================
AV 78.2 62.4                               6.5 FASTST   M    M   4    MAX(MPH)
                                 MISC ---->  # 22 290               # 26  280
================================================================================
NOTES:
# LAST OF SEVERAL OCCURRENCES

COLUMN 17 PEAK WIND IN M.P.H.

PRELIMINARY LOCAL CLIMATOLOGICAL DATA (WS FORM: F-6) , PAGE 2

                                          STATION:  HAYWARD AIRPORT
                                          MONTH:    SEPTEMBER
                                          YEAR:     2014
                                          LATITUDE:   37 39 N
                                          LONGITUDE: 122  7 W

[TEMPERATURE DATA]      [PRECIPITATION DATA]       SYMBOLS USED IN COLUMN 16

AVERAGE MONTHLY: 70.3   TOTAL FOR MONTH:   0.37    1 = FOG OR MIST
DPTR FM NORMAL:   3.9   DPTR FM NORMAL:    0.09    2 = FOG REDUCING VISIBILITY
HIGHEST:    90 ON  1    GRTST 24HR  0.34 ON 25-25      TO 1/4 MILE OR LESS
LOWEST:     58 ON 10                               3 = THUNDER
                        SNOW, ICE PELLETS, HAIL    4 = ICE PELLETS
                        TOTAL MONTH:   0.0 INCH    5 = HAIL
                        GRTST 24HR     0.0         6 = FREEZING RAIN OR DRIZZLE
                        GRTST DEPTH:   0           7 = DUSTSTORM OR SANDSTORM:
                                                       VSBY 1/2 MILE OR LESS
                                                   8 = SMOKE OR HAZE
[NO. OF DAYS WITH]      [WEATHER - DAYS WITH]      9 = BLOWING SNOW
                                                   X = TORNADO
MAX 32 OR BELOW:   0    0.01 INCH OR MORE:   2
MAX 90 OR ABOVE:   1    0.10 INCH OR MORE:   1
MIN 32 OR BELOW:   0    0.50 INCH OR MORE:   0
MIN  0 OR BELOW:   0    1.00 INCH OR MORE:   0

[HDD (BASE 65) ]
TOTAL THIS MO.     0    CLEAR  (SCALE 0-3)   9
DPTR FM NORMAL   -36    PTCLDY (SCALE 4-7)  19
TOTAL FM JUL 1     2    CLOUDY (SCALE 8-10)  1
DPTR FM NORMAL  -101

[CDD (BASE 65) ]
TOTAL THIS MO.   159
DPTR FM NORMAL    85    [PRESSURE DATA]
TOTAL FM JAN 1   484    HIGHEST SLP M ON M
DPTR FM NORMAL   220    LOWEST  SLP 29.70 ON  3

[REMARKS]




U.S. Dept. of Commerce
NOAA National Weather Service
1325 East West Highway
Silver Spring, MD 20910
E-mail: w-nws.webmaster@noaa.gov
Page last modified: May 16, 2007
NATIONAL WEATHER SERVICE: for Safety, for Work, for Fun - FOR LIFE