955
CXUS56 KMTR 011000
CF6HWD
PRELIMINARY LOCAL CLIMATOLOGICAL DATA (WS FORM: F-6)

                                          STATION:   HAYWARD AIRPORT
                                          MONTH:     AUGUST
                                          YEAR:      2014
                                          LATITUDE:   37 39 N
                                          LONGITUDE: 122  7 W

  TEMPERATURE IN F:       :PCPN:    SNOW:  WIND      :SUNSHINE: SKY     :PK WND
================================================================================
1   2   3   4   5  6A  6B    7    8   9   10  11  12  13   14  15   16   17  18
                                     12Z  AVG MX 2MIN
DY MAX MIN AVG DEP HDD CDD  WTR  SNW DPTH SPD SPD DIR MIN PSBL S-S WX    SPD DR
================================================================================

 1  79  59  69   3   0   4 0.00  0.0    0  7.5 17 300   M    M   0        22 300
 2  72  59  66   0   0   1 0.00  0.0    0  8.2 16 310   M    M   6        24 330
 3  71  60  66   0   0   1 0.00  0.0    0  9.7 17 310   M    M   8        24 360
 4  76  61  69   3   0   4 0.00  0.0    0  8.6 20 290   M    M   5        23 290
 5  79  62  71   5   0   6 0.00  0.0    0  6.0 20 290   M    M   5        24 280
 6  82  60  71   5   0   6    T  0.0    0  6.1 16 290   M    M   2        21 290
 7  75  61  68   2   0   3 0.00  0.0    0  6.2 16 290   M    M   5        21 300
 8  77  61  69   3   0   4 0.00  0.0    0  6.5 15 290   M    M   3        17 290
 9  70  59  65  -1   0   0 0.00  0.0    0 11.4 21 290   M    M   5        24 290
10  77  62  70   4   0   5 0.00  0.0    0  6.9 16 300   M    M   4        21 300
11  77  62  70   4   0   5 0.00  0.0    0  7.4 20 290   M    M   3        23 290
12  78  63  71   5   0   6 0.00  0.0    0  9.1 20 300   M    M   4        24 290
13  80  60  70   4   0   5 0.00  0.0    0  8.0 20 300   M    M   5        23 300
14  79  59  69   3   0   4 0.00  0.0    0  6.4 17 300   M    M   4        21 320
15  80  61  71   5   0   6 0.00  0.0    0  7.5 16 300   M    M   1        18 300
16  79  59  69   2   0   4 0.00  0.0    0  7.3 20 290   M    M   4 1      22 300
17  77  59  68   1   0   3 0.00  0.0    0  7.2 17 310   M    M   5        26 330
18  72  61  67   0   0   2 0.00  0.0    0  8.4 18 290   M    M   8        24 290
19  77  63  70   3   0   5 0.00  0.0    0  8.1 16 300   M    M   5        20 310
20  76  63  70   3   0   5 0.00  0.0    0  8.6 18 290   M    M   6        25 290
21  79  63  71   4   0   6 0.00  0.0    0  7.1 18 290   M    M   3        21 290
22  79  63  71   4   0   6 0.00  0.0    0  7.9 20 290   M    M   5        23 300
23  78  62  70   3   0   5 0.00  0.0    0  7.2 16 300   M    M   4        20 290
24  78  62  70   3   0   5 0.00  0.0    0  8.4 20 290   M    M   4        25 300
25  75  62  69   2   0   4 0.00  0.0    0  8.8 20 290   M    M   5        23 290
26  78  62  70   3   0   5 0.00  0.0    0  6.6 17 290   M    M   3        22 290
27  82  61  72   5   0   7 0.00  0.0    0  7.0 18 300   M    M   0         M  M
28  80  61  71   4   0   6 0.00  0.0    0  6.7 17 300   M    M   4        20 300
29  79  62  71   4   0   6 0.00  0.0    0  5.4 20 300   M    M   4        23 300
30  80  61  71   4   0   6 0.00  0.0    0  4.9 17 290   M    M   0        18 290
31  79  63  71   4   0   6 0.00  0.0    0  5.5 16 290   M    M   2        18 280
================================================================================
SM 2400 1896         0 141    T      0.0 230.6          M      122
================================================================================
AV 77.4 61.2                               7.4 FASTST   M    M   4    MAX(MPH)
                                 MISC ---->  # 21 290               # 26  330
================================================================================
NOTES:
# LAST OF SEVERAL OCCURRENCES

COLUMN 17 PEAK WIND IN M.P.H.

PRELIMINARY LOCAL CLIMATOLOGICAL DATA (WS FORM: F-6) , PAGE 2

                                          STATION:  HAYWARD AIRPORT
                                          MONTH:    AUGUST
                                          YEAR:     2014
                                          LATITUDE:   37 39 N
                                          LONGITUDE: 122  7 W

[TEMPERATURE DATA]      [PRECIPITATION DATA]       SYMBOLS USED IN COLUMN 16

AVERAGE MONTHLY: 69.3   TOTAL FOR MONTH:      T    1 = FOG OR MIST
DPTR FM NORMAL:   2.8   DPTR FM NORMAL:   -0.04    2 = FOG REDUCING VISIBILITY
HIGHEST:    82 ON 27, 6 GRTST 24HR    T  ON  6- 6      TO 1/4 MILE OR LESS
LOWEST:     59 ON 17,16                            3 = THUNDER
                        SNOW, ICE PELLETS, HAIL    4 = ICE PELLETS
                        TOTAL MONTH:   0.0 INCH    5 = HAIL
                        GRTST 24HR     0.0         6 = FREEZING RAIN OR DRIZZLE
                        GRTST DEPTH:   0           7 = DUSTSTORM OR SANDSTORM:
                                                       VSBY 1/2 MILE OR LESS
                                                   8 = SMOKE OR HAZE
[NO. OF DAYS WITH]      [WEATHER - DAYS WITH]      9 = BLOWING SNOW
                                                   X = TORNADO
MAX 32 OR BELOW:   0    0.01 INCH OR MORE:   0
MAX 90 OR ABOVE:   0    0.10 INCH OR MORE:   0
MIN 32 OR BELOW:   0    0.50 INCH OR MORE:   0
MIN  0 OR BELOW:   0    1.00 INCH OR MORE:   0

[HDD (BASE 65) ]
TOTAL THIS MO.     0    CLEAR  (SCALE 0-3)   7
DPTR FM NORMAL   -22    PTCLDY (SCALE 4-7)  24
TOTAL FM JUL 1     2    CLOUDY (SCALE 8-10)  0
DPTR FM NORMAL   -65

[CDD (BASE 65) ]
TOTAL THIS MO.   141
DPTR FM NORMAL    72    [PRESSURE DATA]
TOTAL FM JAN 1   325    HIGHEST SLP M ON M
DPTR FM NORMAL   135    LOWEST  SLP 29.80 ON 19

[REMARKS]
#FINAL-08-14#




U.S. Dept. of Commerce
NOAA National Weather Service
1325 East West Highway
Silver Spring, MD 20910
E-mail: w-nws.webmaster@noaa.gov
Page last modified: May 16, 2007
NATIONAL WEATHER SERVICE: for Safety, for Work, for Fun - FOR LIFE