953
CXUS56 KTFX 251205
CF6HVR
PRELIMINARY LOCAL CLIMATOLOGICAL DATA (WS FORM: F-6)

                                          STATION:   HAVRE MT
                                          MONTH:     NOVEMBER
                                          YEAR:      2014
                                          LATITUDE:   48 32 N
                                          LONGITUDE: 109 46 W

  TEMPERATURE IN F:       :PCPN:    SNOW:  WIND      :SUNSHINE: SKY     :PK WND
================================================================================
1   2   3   4   5  6A  6B    7    8   9   10  11  12  13   14  15   16   17  18
                                     12Z  AVG MX 2MIN
DY MAX MIN AVG DEP HDD CDD  WTR  SNW DPTH SPD SPD DIR MIN PSBL S-S WX    SPD DR
================================================================================

 1  57  24  41   4  24   0 0.00  0.0    0  5.6 22  30   M    M   2 1      26  30
 2  41  32  37   0  28   0 0.02    T    0 13.4 26 290   M    M  10 1      33 290
 3  54  27  41   5  24   0 0.00  0.0    0 14.1 26 300   M    M   2        32 300
 4  56  28  42   6  23   0    T  0.0    0 17.4 32 230   M    M   4        40 230
 5  55  32  44   9  21   0 0.00  0.0    0  8.9 17 230   M    M   5        20 240
 6  65  29  47  12  18   0 0.00  0.0    0 10.8 30 220   M    M   2        39 230
 7  59  30  45  11  20   0 0.01  0.0    0 10.0 25 250   M    M   8 1      32 260
 8  58  24  41   7  24   0 0.00  0.0    0  9.6 23 220   M    M   2 1      27 220
 9  44  14  29  -4  36   0 0.30  1.0    0 18.0 28  70   M    M  10 16     34  60
10  16  -2   7 -26  58   0 0.01  3.0    4  8.3 20 330   M    M   8 18     24 330
11  11  -6   3 -29  62   0 0.05  0.3    4  9.3 16 230   M    M   9 18     20 230
12   9 -13  -2 -34  67   0 0.00  0.0    4  5.0 12 230   M    M   4        15 220
13   1 -19  -9 -40  74   0 0.00  0.0    4  2.3  9  70   M    M   3 28     10  70
14   3 -19  -8 -39  73   0 0.00  0.0    4  9.4 16 230   M    M   5 18     19 240
15  20 -13   4 -26  61   0 0.00  0.0    4 16.3 38 220   M    M   5        44 210
16  29  12  21  -9  44   0    T    T    4 14.0 38 210   M    M   8        42 210
17  24   3  14 -15  51   0    T    T    4  8.7 16 240   M    M   3 1      18 240
18  38  18  28  -1  37   0 0.00  0.0    4 14.1 26 230   M    M   7        32 230
19  29  24  27  -1  38   0 0.00  0.0    4  5.3 15 310   M    M  10        18 310
20  37  20  29   1  36   0 0.00  0.0    4  7.8 24 220   M    M   5 12     30 220
21  47  32  40  12  25   0 0.00  0.0    T 16.9 26 220   M    M   M        32 210
22  51  34  43  16  22   0    T  0.0    T 20.1 43 260   M    M   6        53 270
23  44  28  36   9  29   0 0.00  0.0    0 11.5 25 300   M    M   6        32 300
24  43  25  34   8  31   0 0.00  0.0    0 13.4 28 220   M    M   5        37 220
================================================================================
SM  891  364       926   0  0.39     4.3 270.2          M      129
================================================================================
AV 37.1 15.2                              11.3 FASTST   M    M   6    MAX(MPH)
                                 MISC ---->  # 43 260               # 53  270
================================================================================
NOTES:
# LAST OF SEVERAL OCCURRENCES

COLUMN 17 PEAK WIND IN M.P.H.

PRELIMINARY LOCAL CLIMATOLOGICAL DATA (WS FORM: F-6) , PAGE 2

                                          STATION:  HAVRE MT
                                          MONTH:    NOVEMBER
                                          YEAR:     2014
                                          LATITUDE:   48 32 N
                                          LONGITUDE: 109 46 W

[TEMPERATURE DATA]      [PRECIPITATION DATA]       SYMBOLS USED IN COLUMN 16

AVERAGE MONTHLY: 26.1   TOTAL FOR MONTH:   0.39    1 = FOG OR MIST
DPTR FM NORMAL:  -5.4   DPTR FM NORMAL:    0.04    2 = FOG REDUCING VISIBILITY
HIGHEST:    65 ON  6    GRTST 24HR  0.30 ON  9- 9      TO 1/4 MILE OR LESS
LOWEST:    -19 ON 14,13                            3 = THUNDER
                        SNOW, ICE PELLETS, HAIL    4 = ICE PELLETS
                        TOTAL MONTH:   4.3 INCHES  5 = HAIL
                        GRTST 24HR   3.0 ON 10-10  6 = FREEZING RAIN OR DRIZZLE
                        GRTST DEPTH:   4 ON 20,19  7 = DUSTSTORM OR SANDSTORM:
                                                       VSBY 1/2 MILE OR LESS
                                                   8 = SMOKE OR HAZE
[NO. OF DAYS WITH]      [WEATHER - DAYS WITH]      9 = BLOWING SNOW
                                                   X = TORNADO
MAX 32 OR BELOW:   9    0.01 INCH OR MORE:   5
MAX 90 OR ABOVE:   0    0.10 INCH OR MORE:   1
MIN 32 OR BELOW:  23    0.50 INCH OR MORE:   0
MIN  0 OR BELOW:   6    1.00 INCH OR MORE:   0

[HDD (BASE 65) ]
TOTAL THIS MO.   926    CLEAR  (SCALE 0-3)   4
DPTR FM NORMAL   124    PTCLDY (SCALE 4-7)  13
TOTAL FM JUL 1  1667    CLOUDY (SCALE 8-10)  6
DPTR FM NORMAL  -134

[CDD (BASE 65) ]
TOTAL THIS MO.     0
DPTR FM NORMAL     0    [PRESSURE DATA]
TOTAL FM JAN 1   402    HIGHEST SLP 29.93 ON 21
DPTR FM NORMAL    15    LOWEST  SLP 29.37 ON  9

[REMARKS]




U.S. Dept. of Commerce
NOAA National Weather Service
1325 East West Highway
Silver Spring, MD 20910
E-mail: w-nws.webmaster@noaa.gov
Page last modified: May 16, 2007
NATIONAL WEATHER SERVICE: for Safety, for Work, for Fun - FOR LIFE