077
CXUS56 KTFX 181205
CF6HVR
PRELIMINARY LOCAL CLIMATOLOGICAL DATA (WS FORM: F-6)

                                          STATION:   HAVRE MT
                                          MONTH:     APRIL
                                          YEAR:      2014
                                          LATITUDE:   48 32 N
                                          LONGITUDE: 109 46 W

  TEMPERATURE IN F:       :PCPN:    SNOW:  WIND      :SUNSHINE: SKY     :PK WND
================================================================================
1   2   3   4   5  6A  6B    7    8   9   10  11  12  13   14  15   16   17  18
                                     12Z  AVG MX 2MIN
DY MAX MIN AVG DEP HDD CDD  WTR  SNW DPTH SPD SPD DIR MIN PSBL S-S WX    SPD DR
================================================================================

 1  43  23  33  -7  32   0 0.00  0.0    0 10.5 20  80   M    M   5        23  80
 2  45  24  35  -5  30   0 0.00  0.0    0  5.8 15  70   M    M   7        18  70
 3  49  24  37  -3  28   0 0.00  0.0    0  4.6 12  80   M    M   5 1      14 280
 4  55  28  42   1  23   0 0.00  0.0    0 11.1 26 250   M    M   3        33 230
 5  57  29  43   2  22   0 0.00  0.0    0 12.7 22 240   M    M   4        29 240
 6  58  31  45   3  20   0    T  0.0    0 13.4 28 310   M    M   5        34 310
 7  64  27  46   4  19   0 0.00  0.0    0  9.3 24 300   M    M   1        30 310
 8  75  39  57  15   8   0 0.00  0.0    0 19.2 37 250   M    M   0        47 250
 9  57  28  43   1  22   0    T  0.0    0 11.8 29 300   M    M   7        37 300
10  65  27  46   3  19   0 0.00  0.0    0 13.1 30 270   M    M   1        39 260
11  66  33  50   7  15   0    T  0.0    0 13.4 37 280   M    M   7        43 280
12  42  21  32 -11  33   0 0.05    T    0 10.7 20 330   M    M  10 1      24 330
13  48  15  32 -12  33   0 0.00  0.0    0  9.7 28 310   M    M   1        34 320
14  60  17  39  -5  26   0 0.00  0.0    0  7.6 20  70   M    M   1        24 240
15  61  32  47   3  18   0 0.00  0.0    0 13.2 31 320   M    M   3        37 310
16  45  31  38  -7  27   0 0.02    T    T  7.4 17  90   M    M   8 1      21 120
17  60  26  43  -2  22   0    T  0.0    0  8.5 22 230   M    M   7        28 240
================================================================================
SM  950  455       397   0  0.07    T    182.0          M       75
================================================================================
AV 55.9 26.8                              10.7 FASTST   M    M   4    MAX(MPH)
                                 MISC ---->  # 37 250               # 47  250
================================================================================
NOTES:
# LAST OF SEVERAL OCCURRENCES

COLUMN 17 PEAK WIND IN M.P.H.

PRELIMINARY LOCAL CLIMATOLOGICAL DATA (WS FORM: F-6) , PAGE 2

                                          STATION:  HAVRE MT
                                          MONTH:    APRIL
                                          YEAR:     2014
                                          LATITUDE:   48 32 N
                                          LONGITUDE: 109 46 W

[TEMPERATURE DATA]      [PRECIPITATION DATA]       SYMBOLS USED IN COLUMN 16

AVERAGE MONTHLY: 41.3   TOTAL FOR MONTH:   0.07    1 = FOG OR MIST
DPTR FM NORMAL:  -1.1   DPTR FM NORMAL:   -0.34    2 = FOG REDUCING VISIBILITY
HIGHEST:    75 ON  8    GRTST 24HR  0.05 ON 12-12      TO 1/4 MILE OR LESS
LOWEST:     15 ON 13                               3 = THUNDER
                        SNOW, ICE PELLETS, HAIL    4 = ICE PELLETS
                        TOTAL MONTH:    T          5 = HAIL
                        GRTST 24HR    T  ON 16-16  6 = FREEZING RAIN OR DRIZZLE
                        GRTST DEPTH:   T           7 = DUSTSTORM OR SANDSTORM:
                                                       VSBY 1/2 MILE OR LESS
                                                   8 = SMOKE OR HAZE
[NO. OF DAYS WITH]      [WEATHER - DAYS WITH]      9 = BLOWING SNOW
                                                   X = TORNADO
MAX 32 OR BELOW:   0    0.01 INCH OR MORE:   2
MAX 90 OR ABOVE:   0    0.10 INCH OR MORE:   0
MIN 32 OR BELOW:  15    0.50 INCH OR MORE:   0
MIN  0 OR BELOW:   0    1.00 INCH OR MORE:   0

[HDD (BASE 65) ]
TOTAL THIS MO.   397    CLEAR  (SCALE 0-3)   6
DPTR FM NORMAL    12    PTCLDY (SCALE 4-7)  10
TOTAL FM JUL 1  7800    CLOUDY (SCALE 8-10)  1
DPTR FM NORMAL   297

[CDD (BASE 65) ]
TOTAL THIS MO.     0
DPTR FM NORMAL     0    [PRESSURE DATA]
TOTAL FM JAN 1     0    HIGHEST SLP M ON M
DPTR FM NORMAL     0    LOWEST  SLP 29.63 ON 17

[REMARKS]




U.S. Dept. of Commerce
NOAA National Weather Service
1325 East West Highway
Silver Spring, MD 20910
E-mail: w-nws.webmaster@noaa.gov
Page last modified: May 16, 2007
NATIONAL WEATHER SERVICE: for Safety, for Work, for Fun - FOR LIFE