801
CXUS51 KCAR 240600
CF6HUL
PRELIMINARY LOCAL CLIMATOLOGICAL DATA (WS FORM: F-6)

                                          STATION:   HOULTON ME
                                          MONTH:     APRIL
                                          YEAR:      2014
                                          LATITUDE:   46  7 N
                                          LONGITUDE:  67 48 W

  TEMPERATURE IN F:       :PCPN:    SNOW:  WIND      :SUNSHINE: SKY     :PK WND
================================================================================
1   2   3   4   5  6A  6B    7    8   9   10  11  12  13   14  15   16   17  18
                                     12Z  AVG MX 2MIN
DY MAX MIN AVG DEP HDD CDD  WTR  SNW DPTH SPD SPD DIR MIN PSBL S-S WX    SPD DR
================================================================================

 1  46  20  33   1  32   0 0.00    M    M 13.8 29  20   M    M   3        35  20
 2  41   8  25  -8  40   0 0.00    M    M  5.4 13 120   M    M   0        18 140
 3  39  28  34   1  31   0    T    M    M  6.9 14 360   M    M  10 18     18 360
 4  47  29  38   4  27   0 0.00    M    M  7.0 13 150   M    M   4        18 190
 5  37  32  35   1  30   0 0.46    M    M  6.1 14 250   M    M  10 1      20 150
 6  44  31  38   3  27   0 0.01    M    M 11.8 23 270   M    M   5 1      33 290
 7  57  33  45  10  20   0 0.00  0.0    M  5.9 15 230   M    M   1 8      20 220
 8  46  36  41   5  24   0 0.55    M    M  8.7 25 110   M    M  10 12     36 140
 9  45  27  36   0  29   0 0.00  0.0    M 10.7 20 290   M    M   5        26 280
10  50  16  33  -3  32   0 0.00  0.0    M 10.3 21 200   M    M   1        34 210
11  59  31  45   8  20   0 0.02    M    M  8.0 21 240   M    M   3        27 260
12  54  25  40   2  25   0 0.00    M    M  5.9 24 250   M    M   3        31 250
13  37  23  30  -8  35   0 0.21    M    M  4.9 13 120   M    M   7 1      19 140
14  65  36  51  13  14   0 0.23    M    M  7.4 15 180   M    M   5 12     25 190
15  58  42  50  11  15   0 0.46    M    M 11.4 18 180   M    M   8 1      32 180
16  42  16  29 -10  36   0 0.35    M    M 10.6 21 310   M    M   7 128    30 340
17  41  10  26 -14  39   0 0.00  0.0    M  2.7  9 140   M    M   0        13 150
18  49  19  34  -6  31   0 0.00    M    M  5.8 15 230   M    M   0        20 220
19  47  31  39  -2  26   0    T    M    M  9.3 22 340   M    M   8        32 350
20  51  24  38  -3  27   0 0.00    M    M  6.1 15  10   M    M   1        19 340
21  56  37  47   5  18   0    T    M    M  8.8 20 210   M    M   9        28 230
22  55  30  43   1  22   0 0.13    M    M  4.8 15 120   M    M   7 1      23 100
23  50  34  42  -1  23   0 0.54    M    M  7.1 15 340   M    M  10 1      20 360
================================================================================
SM 1116  618       623   0  2.96     0.0 179.4          M      117
================================================================================
AV 48.5 26.9                               7.8 FASTST   M    M   5    MAX(MPH)
                                 MISC ---->  # 29  20               # 36  140
================================================================================
NOTES:
# LAST OF SEVERAL OCCURRENCES

COLUMN 17 PEAK WIND IN M.P.H.

PRELIMINARY LOCAL CLIMATOLOGICAL DATA (WS FORM: F-6) , PAGE 2

                                          STATION:  HOULTON ME
                                          MONTH:    APRIL
                                          YEAR:     2014
                                          LATITUDE:   46  7 N
                                          LONGITUDE:  67 48 W

[TEMPERATURE DATA]      [PRECIPITATION DATA]       SYMBOLS USED IN COLUMN 16

AVERAGE MONTHLY: 37.7   TOTAL FOR MONTH:   2.96    1 = FOG OR MIST
DPTR FM NORMAL:   0.2   DPTR FM NORMAL:    0.02    2 = FOG REDUCING VISIBILITY
HIGHEST:    65 ON 14    GRTST 24HR  0.81 ON 15-16      TO 1/4 MILE OR LESS
LOWEST:      8 ON  2                               3 = THUNDER
                        SNOW, ICE PELLETS, HAIL    4 = ICE PELLETS
                        TOTAL MONTH:   0.0 INCH    5 = HAIL
                        GRTST 24HR     0.0         6 = FREEZING RAIN OR DRIZZLE
                        GRTST DEPTH:  M  ON   M    7 = DUSTSTORM OR SANDSTORM:
                                                       VSBY 1/2 MILE OR LESS
                                                   8 = SMOKE OR HAZE
[NO. OF DAYS WITH]      [WEATHER - DAYS WITH]      9 = BLOWING SNOW
                                                   X = TORNADO
MAX 32 OR BELOW:   0    0.01 INCH OR MORE:  10
MAX 90 OR ABOVE:   0    0.10 INCH OR MORE:   8
MIN 32 OR BELOW:  17    0.50 INCH OR MORE:   2
MIN  0 OR BELOW:   0    1.00 INCH OR MORE:   0

[HDD (BASE 65) ]
TOTAL THIS MO.   623    CLEAR  (SCALE 0-3)   9
DPTR FM NORMAL   -10    PTCLDY (SCALE 4-7)   7
TOTAL FM JUL 1  8714    CLOUDY (SCALE 8-10)  7
DPTR FM NORMAL   285

[CDD (BASE 65) ]
TOTAL THIS MO.     0
DPTR FM NORMAL     0    [PRESSURE DATA]
TOTAL FM JAN 1     0    HIGHEST SLP M ON M
DPTR FM NORMAL     0    LOWEST  SLP 29.18 ON  8

[REMARKS]




U.S. Dept. of Commerce
NOAA National Weather Service
1325 East West Highway
Silver Spring, MD 20910
E-mail: w-nws.webmaster@noaa.gov
Page last modified: May 16, 2007
NATIONAL WEATHER SERVICE: for Safety, for Work, for Fun - FOR LIFE