792
CXUS51 KCAR 290600
CF6HUL
PRELIMINARY LOCAL CLIMATOLOGICAL DATA (WS FORM: F-6)

                                          STATION:   HOULTON ME
                                          MONTH:     AUGUST
                                          YEAR:      2014
                                          LATITUDE:   46  7 N
                                          LONGITUDE:  67 48 W

  TEMPERATURE IN F:       :PCPN:    SNOW:  WIND      :SUNSHINE: SKY     :PK WND
================================================================================
1   2   3   4   5  6A  6B    7    8   9   10  11  12  13   14  15   16   17  18
                                     12Z  AVG MX 2MIN
DY MAX MIN AVG DEP HDD CDD  WTR  SNW DPTH SPD SPD DIR MIN PSBL S-S WX    SPD DR
================================================================================

 1  80  56  68   2   0   3 0.00    M    M  5.1 13 210   M    M   4 1      18 220
 2  78  60  69   3   0   4 0.00    M    M  5.9 14 220   M    M   5 1      20 230
 3  79  57  68   2   0   3 0.00    M    M  4.9 10 240   M    M   1 1      16 220
 4  80  61  71   5   0   6 0.37    M    M  3.8 14 120   M    M   8 13     18 130
 5  83  60  72   7   0   7 0.04    M    M  3.6 14 240   M    M   5 123    20 240
 6  71  51  61  -4   4   0 0.40    M    M  2.7 10  20   M    M   7 12     21 310
 7  79  47  63  -2   2   0 0.00    M    M  2.7 13  20   M    M   2 1      20 350
 8  74  49  62  -3   3   0 0.05    M    M  4.1 14 340   M    M   2 1      22 230
 9  78  51  65   0   0   0    T    M    M  5.7 17  10   M    M   3        24 360
10  81  46  64  -1   1   0 0.00    M    M  3.2 14 350   M    M   0        18 360
11  79  53  66   1   0   1 0.00    M    M  3.4 12 120   M    M   1 1      16 110
12  80  50  65   0   0   0 0.00    M    M  3.8 10 150   M    M   0 1      15 230
13  72  53  63  -1   2   0 0.01    M    M  4.7 14 130   M    M   3        22 180
14  66  58  62  -2   3   0 1.18    M    M  7.7 18 130   M    M   9 1      29 120
15  72  50  61  -3   4   0 0.00    M    M  3.6 14 260   M    M   4 1      23  20
16  70  56  63  -1   2   0 0.04    M    M  4.3 15 210   M    M   9        22 220
17  63  55  59  -5   6   0 0.12    M    M  2.8 10 120   M    M  10 12     15 110
18  73  54  64   0   1   0    T    M    M  5.0 16 340   M    M   8 12     21 350
19  76  48  62  -2   3   0 0.00    M    M  3.8 14 330   M    M   3 1      18 340
20  81  47  64   1   1   0 0.00    M    M  2.3 13 360   M    M   0        17  10
21  74  50  62  -1   3   0 0.00    M    M  3.7  9 100   M    M   6 12     12  90
22  71  57  64   1   1   0 0.01    M    M  2.5  9 120   M    M   9        13  90
23  75  52  64   1   1   0 0.00    M    0  1.0  8 300   M    M   7 1      11 350
24  86  48  67   5   0   2 0.00    M    M  3.0 14 360   M    M   4 1      18  10
25  88  54  71   9   0   6 0.00    M    M  2.2  8 340   M    M   1 1      13 340
26  85  57  71   9   0   6 0.00    M    M  6.9 20 220   M    M   1        27 210
27  84  59  72  10   0   7 0.00    M    M  7.3 21 250   M    M   1        29 240
28  73  55  64   2   1   0 0.03    M    M  7.3 17 350   M    M   6 1      25 290
================================================================================
SM 2151 1494        38  45  2.25    M    117.0          M      119
================================================================================
AV 76.8 53.4                               4.2 FASTST   M    M   4    MAX(MPH)
                                 MISC ---->  # 21 250               # 29  120
================================================================================
NOTES:
# LAST OF SEVERAL OCCURRENCES

COLUMN 17 PEAK WIND IN M.P.H.

PRELIMINARY LOCAL CLIMATOLOGICAL DATA (WS FORM: F-6) , PAGE 2

                                          STATION:  HOULTON ME
                                          MONTH:    AUGUST
                                          YEAR:     2014
                                          LATITUDE:   46  7 N
                                          LONGITUDE:  67 48 W

[TEMPERATURE DATA]      [PRECIPITATION DATA]       SYMBOLS USED IN COLUMN 16

AVERAGE MONTHLY: 65.1   TOTAL FOR MONTH:   2.25    1 = FOG OR MIST
DPTR FM NORMAL:   1.0   DPTR FM NORMAL:   -1.14    2 = FOG REDUCING VISIBILITY
HIGHEST:    88 ON 25    GRTST 24HR  1.19 ON 13-14      TO 1/4 MILE OR LESS
LOWEST:     46 ON 10                               3 = THUNDER
                        SNOW, ICE PELLETS, HAIL    4 = ICE PELLETS
                        TOTAL MONTH:    M          5 = HAIL
                        GRTST 24HR    M  ON   M    6 = FREEZING RAIN OR DRIZZLE
                        GRTST DEPTH:   0           7 = DUSTSTORM OR SANDSTORM:
                                                       VSBY 1/2 MILE OR LESS
                                                   8 = SMOKE OR HAZE
[NO. OF DAYS WITH]      [WEATHER - DAYS WITH]      9 = BLOWING SNOW
                                                   X = TORNADO
MAX 32 OR BELOW:   0    0.01 INCH OR MORE:  10
MAX 90 OR ABOVE:   0    0.10 INCH OR MORE:   4
MIN 32 OR BELOW:   0    0.50 INCH OR MORE:   1
MIN  0 OR BELOW:   0    1.00 INCH OR MORE:   1

[HDD (BASE 65) ]
TOTAL THIS MO.    38    CLEAR  (SCALE 0-3)  13
DPTR FM NORMAL   -43    PTCLDY (SCALE 4-7)  11
TOTAL FM JUL 1    75    CLOUDY (SCALE 8-10)  4
DPTR FM NORMAL   -66

[CDD (BASE 65) ]
TOTAL THIS MO.    45
DPTR FM NORMAL    -7    [PRESSURE DATA]
TOTAL FM JAN 1   201    HIGHEST SLP M ON M
DPTR FM NORMAL    29    LOWEST  SLP 29.69 ON 18

[REMARKS]




U.S. Dept. of Commerce
NOAA National Weather Service
1325 East West Highway
Silver Spring, MD 20910
E-mail: w-nws.webmaster@noaa.gov
Page last modified: May 16, 2007
NATIONAL WEATHER SERVICE: for Safety, for Work, for Fun - FOR LIFE