532
CXUS51 KCAR 230600
CF6HUL
PRELIMINARY LOCAL CLIMATOLOGICAL DATA (WS FORM: F-6)

                                          STATION:   HOULTON ME
                                          MONTH:     NOVEMBER
                                          YEAR:      2014
                                          LATITUDE:   46  7 N
                                          LONGITUDE:  67 48 W

  TEMPERATURE IN F:       :PCPN:    SNOW:  WIND      :SUNSHINE: SKY     :PK WND
================================================================================
1   2   3   4   5  6A  6B    7    8   9   10  11  12  13   14  15   16   17  18
                                     12Z  AVG MX 2MIN
DY MAX MIN AVG DEP HDD CDD  WTR  SNW DPTH SPD SPD DIR MIN PSBL S-S WX    SPD DR
================================================================================

 1  42  32  37  -1  28   0 0.07    M    M 10.8 18  50   M    M  10 1      24  40
 2   M   M   M   M   M   M    M    M    M 18.7 27 360   M    M  10 12     43 360
 3  36  29  33  -5  32   0    T    M    M 12.1 32 360   M    M   9 128    44 360
 4  41  17  29  -8  36   0    T    M    M  3.6 10 150   M    M   4        16 170
 5  48  31  40   3  25   0 0.03    M    M  5.2 12 220   M    M   7 1      18 140
 6  45  29  37   1  28   0 0.05    M    M  3.2  9 360   M    M   8        12 190
 7  38  31  35  -1  30   0 0.73    M    M 14.2 24 340   M    M  10 18     32 330
 8  34  20  27  -9  38   0 0.00    M    M 10.7 23 310   M    M   3        38 310
 9  43  24  34  -1  31   0 0.00    M    M  2.4 12 220   M    M   8        15 230
10  47  22  35   0  30   0 0.00    M    M  3.2 12 230   M    M   2        17 220
11  49  26  38   3  27   0    T    M    M  5.3 16 120   M    M   7 1      22 120
12  41  32  37   3  28   0 0.11    M    M  4.4 20 290   M    M  10 12     27 280
13  42  29  36   2  29   0 0.00    M    M  5.3 18 270   M    M   1 1      26 280
14  37  25  31  -2  34   0 0.04    M    M  3.9 13 310   M    M   7 1      18 310
15  31  16  24  -9  41   0 0.00    M    M  7.5 17 290   M    M   4        25 290
16  33  13  23 -10  42   0    T    M    M  5.5 17 220   M    M   6 8      24 220
17  35  28  32   0  33   0 0.49    M    M  4.1 13  70   M    M  10 168    21  50
18  35  20  28  -4  37   0 0.00    M    M  8.0 25 250   M    M   7 12     35 250
19  30  12  21 -10  44   0 0.00    M    M  9.7 21 240   M    M   3        31 240
20  32  13  23  -8  42   0    T    M    M  4.3 17 290   M    M   7 18     23 300
21  27  15  21  -9  44   0    T    M    M  8.6 20 310   M    M   3 8      29 290
22  30  13  22  -8  43   0    T    M    M  8.9 16 210   M    M   6        24 210
================================================================================
SM  796  477       722   0  1.52    M    159.6          M      142
================================================================================
AV 37.9 22.7                               7.3 FASTST   M    M   6    MAX(MPH)
                                 MISC ---->  # 32 360               # 44  360
================================================================================
NOTES:
# LAST OF SEVERAL OCCURRENCES

COLUMN 17 PEAK WIND IN M.P.H.

PRELIMINARY LOCAL CLIMATOLOGICAL DATA (WS FORM: F-6) , PAGE 2

                                          STATION:  HOULTON ME
                                          MONTH:    NOVEMBER
                                          YEAR:     2014
                                          LATITUDE:   46  7 N
                                          LONGITUDE:  67 48 W

[TEMPERATURE DATA]      [PRECIPITATION DATA]       SYMBOLS USED IN COLUMN 16

AVERAGE MONTHLY: 30.3   TOTAL FOR MONTH:   1.52    1 = FOG OR MIST
DPTR FM NORMAL:  -4.0   DPTR FM NORMAL:   -1.45    2 = FOG REDUCING VISIBILITY
HIGHEST:    49 ON 11    GRTST 24HR  0.78 ON  6- 7      TO 1/4 MILE OR LESS
LOWEST:     12 ON 19                               3 = THUNDER
                        SNOW, ICE PELLETS, HAIL    4 = ICE PELLETS
                        TOTAL MONTH:    M          5 = HAIL
                        GRTST 24HR    M  ON   M    6 = FREEZING RAIN OR DRIZZLE
                        GRTST DEPTH:  M  ON   M    7 = DUSTSTORM OR SANDSTORM:
                                                       VSBY 1/2 MILE OR LESS
                                                   8 = SMOKE OR HAZE
[NO. OF DAYS WITH]      [WEATHER - DAYS WITH]      9 = BLOWING SNOW
                                                   X = TORNADO
MAX 32 OR BELOW:   5    0.01 INCH OR MORE:   7
MAX 90 OR ABOVE:   0    0.10 INCH OR MORE:   3
MIN 32 OR BELOW:  21    0.50 INCH OR MORE:   1
MIN  0 OR BELOW:   0    1.00 INCH OR MORE:   0

[HDD (BASE 65) ]
TOTAL THIS MO.   722    CLEAR  (SCALE 0-3)   4
DPTR FM NORMAL    46    PTCLDY (SCALE 4-7)  11
TOTAL FM JUL 1  1616    CLOUDY (SCALE 8-10)  7
DPTR FM NORMAL  -196

[CDD (BASE 65) ]
TOTAL THIS MO.     0
DPTR FM NORMAL     0    [PRESSURE DATA]
TOTAL FM JAN 1   233    HIGHEST SLP M ON M
DPTR FM NORMAL    42    LOWEST  SLP 29.27 ON 18

[REMARKS]




U.S. Dept. of Commerce
NOAA National Weather Service
1325 East West Highway
Silver Spring, MD 20910
E-mail: w-nws.webmaster@noaa.gov
Page last modified: May 16, 2007
NATIONAL WEATHER SERVICE: for Safety, for Work, for Fun - FOR LIFE