714
CXUS53 KIND 280730
CF6HUF
PRELIMINARY LOCAL CLIMATOLOGICAL DATA (WS FORM: F-6)

                                          STATION:   TERRE HAUTE IN
                                          MONTH:     JANUARY
                                          YEAR:      2015
                                          LATITUDE:   39 27 N
                                          LONGITUDE:  87 18 W

  TEMPERATURE IN F:       :PCPN:    SNOW:  WIND      :SUNSHINE: SKY     :PK WND
================================================================================
1   2   3   4   5  6A  6B    7    8   9   10  11  12  13   14  15   16   17  18
                                     12Z  AVG MX 2MIN
DY MAX MIN AVG DEP HDD CDD  WTR  SNW DPTH SPD SPD DIR MIN PSBL S-S WX    SPD DR
================================================================================

 1  35  20  28   0  37   0 0.00    M    M 10.5 20 240   M    M   0        25 240
 2  39  28  34   6  31   0 0.04    M    M  4.4  9 140   M    M   8 1      12 140
 3  50  35  43  15  22   0 0.73    M    M  6.0 15 310   M    M  10 1      21 300
 4  41  14  28   0  37   0 0.02    M    M 13.8 23 280   M    M  10 1      32 300
 5  16   7  12 -16  53   0    M    M    M  8.7 17 310   M    M   5 1      23 310
 6  21  13  17 -11  48   0    T    M    M  6.9 14 290   M    M   6        19 330
 7  17  -2   8 -20  57   0    T    M    M 15.8 26 330   M    M   7 18     35 330
 8  22  -4   9 -19  56   0    T    M    M 12.9 26 190   M    M   4        33 180
 9  24   6  15 -13  50   0    T    M    M 13.3 24 310   M    M   4 8      39 290
10  25   1  13 -15  52   0 0.00    M    M  8.3 17 180   M    M   2        22 200
11  35  25  30   2  35   0 0.47    M    M  7.9 15 190   M    M  10 16     20 190
12  34  21  28   0  37   0 0.17    M    M 10.2 21  20   M    M   9 1      28  10
13  27  11  19  -9  46   0    T    M    M  9.6 14  50   M    M   2        17  10
14  24   9  17 -11  48   0 0.02    M    M  2.4  7 300   M    M   8 18      9 350
15  38  14  26  -2  39   0 0.00    M    M  5.7 15 220   M    M   1        19 220
16  44  20  32   4  33   0 0.00    M    M  4.1 10 240   M    M   0 1      14 240
17  50  30  40  12  25   0 0.03    M    M 13.3 25 180   M    M   2 18     32 210
18  46  27  37   9  28   0 0.00    M    M  7.8 21 260   M    M   3        26 270
19  50  22  36   8  29   0 0.00    M    M  2.3  7 100   M    M   1         9 120
20  50  27  39  11  26   0 0.00    M    M  4.9 14 320   M    M   5        17 250
21  42  26  34   6  31   0 0.00    M    M  8.1 23 290   M    M   6 1      29 290
22  38  33  36   8  29   0 0.00    M    M  2.8 15 310   M    M  10 1      20 310
23  36  29  33   5  32   0 0.00    M    M  4.0 12 340   M    M  10        14 330
24  45  24  35   7  30   0 0.00    M    M  6.9 15 260   M    M   2 18     18 250
25  39  27  33   5  32   0 0.19    M    M  8.0 23  20   M    M   8 1      30  30
26  30  26  28   0  37   0    T    M    M  6.9 20  10   M    M  10 1      26  10
27  31  21  26  -3  39   0    T    M    M  4.0  9  10   M    M   8 1      11 360
================================================================================
SM  949  510      1019   0  1.67    M    209.5          M      151
================================================================================
AV 35.1 18.9                               7.8 FASTST   M    M   6    MAX(MPH)
                                 MISC ---->  # 26 330               # 39  290
================================================================================
NOTES:
# LAST OF SEVERAL OCCURRENCES

COLUMN 17 PEAK WIND IN M.P.H.

PRELIMINARY LOCAL CLIMATOLOGICAL DATA (WS FORM: F-6) , PAGE 2

                                          STATION:  TERRE HAUTE IN
                                          MONTH:    JANUARY
                                          YEAR:     2015
                                          LATITUDE:   39 27 N
                                          LONGITUDE:  87 18 W

[TEMPERATURE DATA]      [PRECIPITATION DATA]       SYMBOLS USED IN COLUMN 16

AVERAGE MONTHLY: 27.0   TOTAL FOR MONTH:   1.67    1 = FOG OR MIST
DPTR FM NORMAL:  -1.0   DPTR FM NORMAL:   -0.48    2 = FOG REDUCING VISIBILITY
HIGHEST:    50 ON 20,19 GRTST 24HR  0.77 ON  2- 3      TO 1/4 MILE OR LESS
LOWEST:     -4 ON  8                               3 = THUNDER
                        SNOW, ICE PELLETS, HAIL    4 = ICE PELLETS
                        TOTAL MONTH:    M          5 = HAIL
                        GRTST 24HR    M  ON   M    6 = FREEZING RAIN OR DRIZZLE
                        GRTST DEPTH:  M  ON   M    7 = DUSTSTORM OR SANDSTORM:
                                                       VSBY 1/2 MILE OR LESS
                                                   8 = SMOKE OR HAZE
[NO. OF DAYS WITH]      [WEATHER - DAYS WITH]      9 = BLOWING SNOW
                                                   X = TORNADO
MAX 32 OR BELOW:  10    0.01 INCH OR MORE:   8
MAX 90 OR ABOVE:   0    0.10 INCH OR MORE:   4
MIN 32 OR BELOW:  25    0.50 INCH OR MORE:   1
MIN  0 OR BELOW:   2    1.00 INCH OR MORE:   0

[HDD (BASE 65) ]
TOTAL THIS MO.  1019    CLEAR  (SCALE 0-3)   9
DPTR FM NORMAL    22    PTCLDY (SCALE 4-7)  10
TOTAL FM JUL 1  3252    CLOUDY (SCALE 8-10)  8
DPTR FM NORMAL   144

[CDD (BASE 65) ]
TOTAL THIS MO.     0
DPTR FM NORMAL     0    [PRESSURE DATA]
TOTAL FM JAN 1     0    HIGHEST SLP M ON M
DPTR FM NORMAL     0    LOWEST  SLP 29.62 ON 25

[REMARKS]




U.S. Dept. of Commerce
NOAA National Weather Service
1325 East West Highway
Silver Spring, MD 20910
E-mail: w-nws.webmaster@noaa.gov
Page last modified: May 16, 2007
NATIONAL WEATHER SERVICE: for Safety, for Work, for Fun - FOR LIFE