631
CXUS53 KIND 280730
CF6HUF
PRELIMINARY LOCAL CLIMATOLOGICAL DATA (WS FORM: F-6)

                                          STATION:   TERRE HAUTE IN
                                          MONTH:     JULY
                                          YEAR:      2014
                                          LATITUDE:   39 27 N
                                          LONGITUDE:  87 18 W

  TEMPERATURE IN F:       :PCPN:    SNOW:  WIND      :SUNSHINE: SKY     :PK WND
================================================================================
1   2   3   4   5  6A  6B    7    8   9   10  11  12  13   14  15   16   17  18
                                     12Z  AVG MX 2MIN
DY MAX MIN AVG DEP HDD CDD  WTR  SNW DPTH SPD SPD DIR MIN PSBL S-S WX    SPD DR
================================================================================

 1  87  67  77   2   0  12 0.05    M    M  8.1 22 310   M    M   3        31 310
 2  79  62  71  -4   0   6 0.00    M    M  8.7 17 310   M    M   3        22 320
 3  75  58  67  -9   0   2 0.03    M    M  5.8 14 360   M    M   7 1      19 350
 4  80  53  67  -9   0   2 0.00    M    M  3.1 13  60   M    M   0 12     17  70
 5  80  53  67  -9   0   2 0.00    M    M  4.4 14 170   M    M   0 12     18 200
 6  86  65  76   0   0  11 0.01    M    M  9.9 18 200   M    M   5        25 210
 7  84  70  77   1   0  12 0.76    M    M  9.2 26  70   M    M   5 13     33  40
 8  83  67  75  -1   0  10 0.14    M    M 11.1 22 260   M    M   2 13     28 250
 9  81  60  71  -5   0   6 0.00    M    M  5.8 15 290   M    M   3        19 300
10  81  58  70  -6   0   5 0.00    M    M  4.3 12  40   M    M   1        16  30
11  83  55  69  -7   0   4 0.00    M    M  2.9 10 160   M    M   0        18 170
12  83  69  76   1   0  11 0.39    M    M  6.6 17 210   M    M   3 13     21 210
13  85  73  79   4   0  14 0.00    M    M  6.5 15 270   M    M   3        20 300
14  86  65  76   1   0  11 0.48    M    M  5.8 25 320   M    M   7 13     31 330
15  71  56  64 -11   1   0 0.00    M    M  7.6 15 310   M    M   3        20 310
16  75  53  64 -11   1   0 0.00    M    M  4.8 12 340   M    M   2        14 340
17  77  51  64 -11   1   0 0.00    M    M  1.4  8 120   M    M   3 1      12 120
18  79  55  67  -8   0   2 0.00    M    M  4.4 12  50   M    M   1        15  40
19  77  52  65 -10   0   0 0.00    M    M  3.8 13  70   M    M   3 12     18  50
20  81  56  69  -6   0   4 0.00    M    M  0.9  8  90   M    M   3 12      9 140
21  85  58  72  -3   0   7 0.00    M    M  1.2  8 190   M    M   1 12     14 150
22  88  61  75   0   0  10 0.00    M    M  4.7 14 240   M    M   1 128    17 210
23  78  59  69  -6   0   4 0.03    M    M  6.3 17  10   M    M   7 138    22 360
24  79  54  67  -7   0   2 0.00    M    M  5.5 14  40   M    M   3        16  20
25  74  50  62 -12   3   0    T    M    M  4.7 23 170   M    M   1 12     29 180
26  86  66  76   2   0  11 0.16    M    M  8.0 26 280   M    M   6 3      33 280
27  87  68  78   4   0  13 0.36    M    M  9.2 24 300   M    M   5 138    36 310
================================================================================
SM 2190 1614         6 161  2.41    M    154.7          M       81
================================================================================
AV 81.1 59.8                               5.7 FASTST   M    M   3    MAX(MPH)
                                 MISC ---->  # 26  70               # 36  310
================================================================================
NOTES:
# LAST OF SEVERAL OCCURRENCES

COLUMN 17 PEAK WIND IN M.P.H.

PRELIMINARY LOCAL CLIMATOLOGICAL DATA (WS FORM: F-6) , PAGE 2

                                          STATION:  TERRE HAUTE IN
                                          MONTH:    JULY
                                          YEAR:     2014
                                          LATITUDE:   39 27 N
                                          LONGITUDE:  87 18 W

[TEMPERATURE DATA]      [PRECIPITATION DATA]       SYMBOLS USED IN COLUMN 16

AVERAGE MONTHLY: 70.4   TOTAL FOR MONTH:   2.41    1 = FOG OR MIST
DPTR FM NORMAL:  -4.7   DPTR FM NORMAL:   -1.88    2 = FOG REDUCING VISIBILITY
HIGHEST:    88 ON 22    GRTST 24HR  0.90 ON 30- 1      TO 1/4 MILE OR LESS
LOWEST:     50 ON 25                               3 = THUNDER
                        SNOW, ICE PELLETS, HAIL    4 = ICE PELLETS
                        TOTAL MONTH:    M          5 = HAIL
                        GRTST 24HR    M  ON   M    6 = FREEZING RAIN OR DRIZZLE
                        GRTST DEPTH:  M  ON   M    7 = DUSTSTORM OR SANDSTORM:
                                                       VSBY 1/2 MILE OR LESS
                                                   8 = SMOKE OR HAZE
[NO. OF DAYS WITH]      [WEATHER - DAYS WITH]      9 = BLOWING SNOW
                                                   X = TORNADO
MAX 32 OR BELOW:   0    0.01 INCH OR MORE:  10
MAX 90 OR ABOVE:   0    0.10 INCH OR MORE:   6
MIN 32 OR BELOW:   0    0.50 INCH OR MORE:   1
MIN  0 OR BELOW:   0    1.00 INCH OR MORE:   0

[HDD (BASE 65) ]
TOTAL THIS MO.     6    CLEAR  (SCALE 0-3)  16
DPTR FM NORMAL     6    PTCLDY (SCALE 4-7)  11
TOTAL FM JUL 1     6    CLOUDY (SCALE 8-10)  0
DPTR FM NORMAL     6

[CDD (BASE 65) ]
TOTAL THIS MO.   161
DPTR FM NORMAL  -113    [PRESSURE DATA]
TOTAL FM JAN 1   575    HIGHEST SLP M ON M
DPTR FM NORMAL   -20    LOWEST  SLP 29.68 ON  8

[REMARKS]




U.S. Dept. of Commerce
NOAA National Weather Service
1325 East West Highway
Silver Spring, MD 20910
E-mail: w-nws.webmaster@noaa.gov
Page last modified: May 16, 2007
NATIONAL WEATHER SERVICE: for Safety, for Work, for Fun - FOR LIFE