601
CXUS53 KIND 280730
CF6HUF
PRELIMINARY LOCAL CLIMATOLOGICAL DATA (WS FORM: F-6)

                                          STATION:   TERRE HAUTE IN
                                          MONTH:     NOVEMBER
                                          YEAR:      2014
                                          LATITUDE:   39 27 N
                                          LONGITUDE:  87 18 W

  TEMPERATURE IN F:       :PCPN:    SNOW:  WIND      :SUNSHINE: SKY     :PK WND
================================================================================
1   2   3   4   5  6A  6B    7    8   9   10  11  12  13   14  15   16   17  18
                                     12Z  AVG MX 2MIN
DY MAX MIN AVG DEP HDD CDD  WTR  SNW DPTH SPD SPD DIR MIN PSBL S-S WX    SPD DR
================================================================================

 1  46  28  37 -12  28   0 0.00    M    M  9.9 21 360   M    M   2        26 360
 2  51  21  36 -13  29   0 0.00    M    M  5.0 12 200   M    M   2        16 240
 3  65  43  54   6  11   0 0.00    M    M 12.9 22 210   M    M   2        27 220
 4  55  45  50   2  15   0 0.40    M    M  9.0 17 220   M    M   8 1      23 200
 5  55  38  47  -1  18   0 0.00    M    M  1.9  8 190   M    M   3 12     10 190
 6  47  40  44  -3  21   0 0.03    M    M 12.6 25 310   M    M  10 18     38 310
 7  47  29  38  -9  27   0 0.00    M    M  5.4 15 320   M    M   3        19 330
 8  48  35  42  -5  23   0 0.00    M    M  8.8 18 300   M    M   4        27 290
 9  53  28  41  -5  24   0 0.00    M    M  7.1 20 180   M    M   0        23 180
10  63  36  50   4  15   0 0.00    M    M 11.5 25 190   M    M   0        33 180
11  59  34  47   2  18   0 0.06    M    M 13.8 22 310   M    M   7 1      30 310
12  34  27  31 -14  34   0 0.00    M    M  9.9 17 310   M    M  10 8      23 320
13  27  24  26 -19  39   0    T    M    M 10.0 17 300   M    M   8        23 310
14  31  18  25 -19  40   0 0.00    M    M  4.5 13 290   M    M   2        18 260
15  35  16  26 -18  39   0    T    M    M  2.1  9 120   M    M   2        12 170
16  36  28  32 -11  33   0    M    M    M  2.8  9 200   M    M   9 1      11 200
17  30  14  22 -21  43   0    T    M    M 12.2 22 270   M    M   5 18     29 270
18  22   9  16 -26  49   0    T    M    M 11.4 25 260   M    M   3 8      32 260
19  39  13  26 -16  39   0 0.00    M    M 13.6 23 270   M    M   7        33 270
20  32  18  25 -17  40   0 0.00    M    M  8.7 21 260   M    M   3 8      26 260
21  37  11  24 -17  41   0 0.00    M    M  5.8 13 150   M    M   1        15 160
22  57  35  46   5  19   0 0.04    M    M 10.7 21 210   M    M  10        28 220
23  56  48  52  12  13   0 1.29    M    M 10.1 20 170   M    M   8 1      29 230
24  57  37  47   7  18   0 0.22    M    M 17.0 35 240   M    M  10 13     46 240
25  37  28  33  -6  32   0 0.00    M    M  7.2 20 270   M    M  10        25 270
26  36  21  29 -10  36   0 0.00    M    M  4.9 12 360   M    M   6        14 360
27  29  19  24 -14  41   0    T    M    M  8.4 18 310   M    M   8 18     26 310
================================================================================
SM 1184  743       785   0  2.04    M    237.2          M      143
================================================================================
AV 43.9 27.5                               8.8 FASTST   M    M   5    MAX(MPH)
                                 MISC ---->  # 35 240               # 46  240
================================================================================
NOTES:
# LAST OF SEVERAL OCCURRENCES

COLUMN 17 PEAK WIND IN M.P.H.

PRELIMINARY LOCAL CLIMATOLOGICAL DATA (WS FORM: F-6) , PAGE 2

                                          STATION:  TERRE HAUTE IN
                                          MONTH:    NOVEMBER
                                          YEAR:     2014
                                          LATITUDE:   39 27 N
                                          LONGITUDE:  87 18 W

[TEMPERATURE DATA]      [PRECIPITATION DATA]       SYMBOLS USED IN COLUMN 16

AVERAGE MONTHLY: 35.7   TOTAL FOR MONTH:   2.04    1 = FOG OR MIST
DPTR FM NORMAL:  -8.3   DPTR FM NORMAL:   -1.40    2 = FOG REDUCING VISIBILITY
HIGHEST:    65 ON  3    GRTST 24HR  1.50 ON 23-24      TO 1/4 MILE OR LESS
LOWEST:      9 ON 18                               3 = THUNDER
                        SNOW, ICE PELLETS, HAIL    4 = ICE PELLETS
                        TOTAL MONTH:    M          5 = HAIL
                        GRTST 24HR    M  ON   M    6 = FREEZING RAIN OR DRIZZLE
                        GRTST DEPTH:  M  ON   M    7 = DUSTSTORM OR SANDSTORM:
                                                       VSBY 1/2 MILE OR LESS
                                                   8 = SMOKE OR HAZE
[NO. OF DAYS WITH]      [WEATHER - DAYS WITH]      9 = BLOWING SNOW
                                                   X = TORNADO
MAX 32 OR BELOW:   6    0.01 INCH OR MORE:   6
MAX 90 OR ABOVE:   0    0.10 INCH OR MORE:   3
MIN 32 OR BELOW:  17    0.50 INCH OR MORE:   1
MIN  0 OR BELOW:   0    1.00 INCH OR MORE:   1

[HDD (BASE 65) ]
TOTAL THIS MO.   785    CLEAR  (SCALE 0-3)  11
DPTR FM NORMAL   217    PTCLDY (SCALE 4-7)   8
TOTAL FM JUL 1  1228    CLOUDY (SCALE 8-10)  8
DPTR FM NORMAL   233

[CDD (BASE 65) ]
TOTAL THIS MO.     0
DPTR FM NORMAL     0    [PRESSURE DATA]
TOTAL FM JAN 1   939    HIGHEST SLP M ON M
DPTR FM NORMAL   -54    LOWEST  SLP 29.14 ON 23

[REMARKS]




U.S. Dept. of Commerce
NOAA National Weather Service
1325 East West Highway
Silver Spring, MD 20910
E-mail: w-nws.webmaster@noaa.gov
Page last modified: May 16, 2007
NATIONAL WEATHER SERVICE: for Safety, for Work, for Fun - FOR LIFE