956
CXUS53 KIND 230730
CF6HUF
PRELIMINARY LOCAL CLIMATOLOGICAL DATA (WS FORM: F-6)

                                          STATION:   TERRE HAUTE IN
                                          MONTH:     AUGUST
                                          YEAR:      2014
                                          LATITUDE:   39 27 N
                                          LONGITUDE:  87 18 W

  TEMPERATURE IN F:       :PCPN:    SNOW:  WIND      :SUNSHINE: SKY     :PK WND
================================================================================
1   2   3   4   5  6A  6B    7    8   9   10  11  12  13   14  15   16   17  18
                                     12Z  AVG MX 2MIN
DY MAX MIN AVG DEP HDD CDD  WTR  SNW DPTH SPD SPD DIR MIN PSBL S-S WX    SPD DR
================================================================================

 1  82  56  69  -5   0   4 0.04    M    M  2.5 16 310   M    M   3 123    21 300
 2  83  62  73  -1   0   8 0.00    M    M  3.6 10  20   M    M   2 18     14  20
 3  86  56  71  -3   0   6 0.00    M    M  1.2 10  30   M    M   2 128    13  40
 4  85  57  71  -3   0   6 0.00    M    M  1.8  9 190   M    M   0 12     11 190
 5  83  61  72  -2   0   7 0.01    M    M  2.7 10 330   M    M   4 128    13 200
 6  80  62  71  -3   0   6    T    M    M  3.0  9 340   M    M   5 128    13 330
 7  75  64  70  -4   0   5 0.08    M    M  4.9 10  80   M    M   4 1      13 100
 8  71  65  68  -6   0   3 0.31    M    M  8.9 20  80   M    M  10 1      25  80
 9  78  67  73   0   0   8 0.42    M    M  4.1 10  70   M    M   9 128    14  90
10  81  67  74   1   0   9 0.02    M    M  2.7  9  70   M    M   7 138    12  80
11  81  66  74   1   0   9    T    M    M  5.9 17 330   M    M   7 128    22 330
12  75  63  69  -4   0   4 0.00    M    M  8.9 20 310   M    M   8        27 310
13  80  54  67  -6   0   2 0.00    M    M  4.4 13 320   M    M   1 12     19 340
14  82  58  70  -3   0   5 0.00    M    M  4.9 15 360   M    M   3        19 350
15  77  47  62 -11   3   0 0.00    M    M  1.9  7  50   M    M   1         9  30
16  77  61  69  -4   0   4 0.12    M    M  5.9 14 210   M    M   8 1      19 190
17  80  66  73   0   0   8 0.10    M    M  5.8 13 140   M    M   7 12     16 120
18  84  64  74   1   0   9 0.00    M    M  3.6  9 360   M    M   5 128    13 360
19  87  62  75   2   0  10 0.04    M    M  5.9 15 210   M    M   4 123    20 240
20  82  64  73   0   0   8 0.14    M    M  3.7 16 290   M    M   4 123    22 310
21  89  68  79   6   0  14 0.01    M    M  6.3 13 210   M    M   1 3      17 240
22  86  72  79   7   0  14 0.00    M    M  4.1 10 170   M    M   3 1      15 240
================================================================================
SM 1784 1362         3 149  1.29    M     96.7          M       98
================================================================================
AV 81.1 61.9                               4.4 FASTST   M    M   4    MAX(MPH)
                                 MISC ---->  # 20  80               # 27  310
================================================================================
NOTES:
# LAST OF SEVERAL OCCURRENCES

COLUMN 17 PEAK WIND IN M.P.H.

PRELIMINARY LOCAL CLIMATOLOGICAL DATA (WS FORM: F-6) , PAGE 2

                                          STATION:  TERRE HAUTE IN
                                          MONTH:    AUGUST
                                          YEAR:     2014
                                          LATITUDE:   39 27 N
                                          LONGITUDE:  87 18 W

[TEMPERATURE DATA]      [PRECIPITATION DATA]       SYMBOLS USED IN COLUMN 16

AVERAGE MONTHLY: 71.5   TOTAL FOR MONTH:   1.29    1 = FOG OR MIST
DPTR FM NORMAL:  -1.8   DPTR FM NORMAL:   -1.01    2 = FOG REDUCING VISIBILITY
HIGHEST:    89 ON 21    GRTST 24HR  0.42 ON  9- 9      TO 1/4 MILE OR LESS
LOWEST:     47 ON 15                               3 = THUNDER
                        SNOW, ICE PELLETS, HAIL    4 = ICE PELLETS
                        TOTAL MONTH:    M          5 = HAIL
                        GRTST 24HR    M  ON   M    6 = FREEZING RAIN OR DRIZZLE
                        GRTST DEPTH:  M  ON   M    7 = DUSTSTORM OR SANDSTORM:
                                                       VSBY 1/2 MILE OR LESS
                                                   8 = SMOKE OR HAZE
[NO. OF DAYS WITH]      [WEATHER - DAYS WITH]      9 = BLOWING SNOW
                                                   X = TORNADO
MAX 32 OR BELOW:   0    0.01 INCH OR MORE:  11
MAX 90 OR ABOVE:   0    0.10 INCH OR MORE:   5
MIN 32 OR BELOW:   0    0.50 INCH OR MORE:   0
MIN  0 OR BELOW:   0    1.00 INCH OR MORE:   0

[HDD (BASE 65) ]
TOTAL THIS MO.     3    CLEAR  (SCALE 0-3)   7
DPTR FM NORMAL     3    PTCLDY (SCALE 4-7)  13
TOTAL FM JUL 1    11    CLOUDY (SCALE 8-10)  2
DPTR FM NORMAL    10

[CDD (BASE 65) ]
TOTAL THIS MO.   149
DPTR FM NORMAL   -37    [PRESSURE DATA]
TOTAL FM JAN 1   730    HIGHEST SLP M ON M
DPTR FM NORMAL   -88    LOWEST  SLP 29.75 ON 19

[REMARKS]




U.S. Dept. of Commerce
NOAA National Weather Service
1325 East West Highway
Silver Spring, MD 20910
E-mail: w-nws.webmaster@noaa.gov
Page last modified: May 16, 2007
NATIONAL WEATHER SERVICE: for Safety, for Work, for Fun - FOR LIFE