418
CXUS51 KRLX 181400
CF6HTS
PRELIMINARY LOCAL CLIMATOLOGICAL DATA (WS FORM: F-6)

                                          STATION:   HUNTINGTON WV
                                          MONTH:     SEPTEMBER
                                          YEAR:      2014
                                          LATITUDE:   38 22 N
                                          LONGITUDE:  82 33 W

  TEMPERATURE IN F:       :PCPN:    SNOW:  WIND      :SUNSHINE: SKY     :PK WND
================================================================================
1   2   3   4   5  6A  6B    7    8   9   10  11  12  13   14  15   16   17  18
                                     12Z  AVG MX 2MIN
DY MAX MIN AVG DEP HDD CDD  WTR  SNW DPTH SPD SPD DIR MIN PSBL S-S WX    SPD DR
================================================================================

 1  86  71  79   6   0  14 0.24  0.0    0  6.2 24 270   M    M   6 13     34 270
 2  86  69  78   6   0  13 0.50  0.0    0  6.5 16 220   M    M   4 138    26 240
 3  84  68  76   4   0  11 0.00  0.0    0  2.5  7 170   M    M   5 18     11 240
 4  88  65  77   5   0  12    T  0.0    0  2.0 10 280   M    M   3 1238   16 260
 5  86  65  76   4   0  11 0.00  0.0    0  3.4  8 200   M    M   3 12     15 140
 6  85  65  75   4   0  10 1.59  0.0    0  5.0 12 360   M    M   5 138    15  20
 7  74  59  67  -4   0   2 0.00  0.0    0  4.8 13  80   M    M   3        16  30
 8  80  62  71   0   0   6 0.00  0.0    0  4.8  9 130   M    M   6        13 130
 9  84  61  73   3   0   8 0.00  0.0    0  3.1  9 140   M    M   2 18     12 140
10  82  65  74   4   0   9 0.00  0.0    0  7.0 14 200   M    M   1 18     20 230
11  74  62  68  -2   0   3 0.81  0.0    0  6.1 14 190   M    M   7 1      20 240
12  69  55  62  -7   3   0 0.00  0.0    0  5.0 10  30   M    M   8        15  60
13  67  49  58 -11   7   0 0.05  0.0    0  4.1 10 350   M    M   7 1      17 330
14  70  47  59  -9   6   0 0.00  0.0    0  2.3  9  90   M    M   3 12     13 100
15  73  47  60  -8   5   0 0.02  0.0    0  3.0 12 330   M    M   4 12     16 330
16  64  52  58 -10   7   0 0.01  0.0    0  3.5  9 360   M    M   9 18     12  10
17  73  48  61  -6   4   0 0.00  0.0    0  1.5  7 360   M    M   4 128     9 360
================================================================================
SM 1325 1010        32  99  3.22     0.0  70.8          M       80
================================================================================
AV 77.9 59.4                               4.2 FASTST   M    M   5    MAX(MPH)
                                 MISC ---->  # 24 270               # 34  270
================================================================================
NOTES:
# LAST OF SEVERAL OCCURRENCES

COLUMN 17 PEAK WIND IN M.P.H.

PRELIMINARY LOCAL CLIMATOLOGICAL DATA (WS FORM: F-6) , PAGE 2

                                          STATION:  HUNTINGTON WV
                                          MONTH:    SEPTEMBER
                                          YEAR:     2014
                                          LATITUDE:   38 22 N
                                          LONGITUDE:  82 33 W

[TEMPERATURE DATA]      [PRECIPITATION DATA]       SYMBOLS USED IN COLUMN 16

AVERAGE MONTHLY: 68.7   TOTAL FOR MONTH:   3.22    1 = FOG OR MIST
DPTR FM NORMAL:  -1.5   DPTR FM NORMAL:    1.56    2 = FOG REDUCING VISIBILITY
HIGHEST:    88 ON  4    GRTST 24HR  1.59 ON  6- 6      TO 1/4 MILE OR LESS
LOWEST:     47 ON 15,14                            3 = THUNDER
                        SNOW, ICE PELLETS, HAIL    4 = ICE PELLETS
                        TOTAL MONTH:   0.0 INCH    5 = HAIL
                        GRTST 24HR     0.0         6 = FREEZING RAIN OR DRIZZLE
                        GRTST DEPTH:   0           7 = DUSTSTORM OR SANDSTORM:
                                                       VSBY 1/2 MILE OR LESS
                                                   8 = SMOKE OR HAZE
[NO. OF DAYS WITH]      [WEATHER - DAYS WITH]      9 = BLOWING SNOW
                                                   X = TORNADO
MAX 32 OR BELOW:   0    0.01 INCH OR MORE:   7
MAX 90 OR ABOVE:   0    0.10 INCH OR MORE:   4
MIN 32 OR BELOW:   0    0.50 INCH OR MORE:   3
MIN  0 OR BELOW:   0    1.00 INCH OR MORE:   1

[HDD (BASE 65) ]
TOTAL THIS MO.    32    CLEAR  (SCALE 0-3)   5
DPTR FM NORMAL    21    PTCLDY (SCALE 4-7)  11
TOTAL FM JUL 1    35    CLOUDY (SCALE 8-10)  1
DPTR FM NORMAL    22

[CDD (BASE 65) ]
TOTAL THIS MO.    99
DPTR FM NORMAL     0    [PRESSURE DATA]
TOTAL FM JAN 1   940    HIGHEST SLP M ON M
DPTR FM NORMAL  -136    LOWEST  SLP 29.87 ON 10

[REMARKS]




U.S. Dept. of Commerce
NOAA National Weather Service
1325 East West Highway
Silver Spring, MD 20910
E-mail: w-nws.webmaster@noaa.gov
Page last modified: May 16, 2007
NATIONAL WEATHER SERVICE: for Safety, for Work, for Fun - FOR LIFE