121
CXUS51 KRLX 241400
CF6HTS
PRELIMINARY LOCAL CLIMATOLOGICAL DATA (WS FORM: F-6)

                                          STATION:   HUNTINGTON WV
                                          MONTH:     APRIL
                                          YEAR:      2014
                                          LATITUDE:   38 22 N
                                          LONGITUDE:  82 33 W

  TEMPERATURE IN F:       :PCPN:    SNOW:  WIND      :SUNSHINE: SKY     :PK WND
================================================================================
1   2   3   4   5  6A  6B    7    8   9   10  11  12  13   14  15   16   17  18
                                     12Z  AVG MX 2MIN
DY MAX MIN AVG DEP HDD CDD  WTR  SNW DPTH SPD SPD DIR MIN PSBL S-S WX    SPD DR
================================================================================

 1  80  41  61   9   4   0    T  0.0    0  9.1 28 250   M    M   1 8      37 220
 2  73  50  62  10   3   0    T  0.0    0  5.9 14 360   M    M   3        20 350
 3  74  50  62  10   3   0 0.63  0.0    0  5.4 29 320   M    M   5 13     42 340
 4  68  44  56   3   9   0 0.23  0.0    0 10.7 24 270   M    M   5 13     34 230
 5  53  40  47  -6  18   0 0.00  0.0    0  7.2 14 350   M    M   5        21 260
 6  65  33  49  -4  16   0 0.00  0.0    0  6.1 13 100   M    M   0        23  60
 7  68  49  59   5   6   0 0.02  0.0    0  9.2 28 260   M    M   7 1      41 240
 8  63  44  54   0  11   0    T  0.0    0  8.3 24 260   M    M   6        41 250
 9  62  43  53  -1  12   0    T  0.0    0  6.2 15 330   M    M   5        21 320
10  76  40  58   3   7   0 0.00  0.0    0  9.5 20 200   M    M   0        30 210
11  71  58  65  10   0   0 0.03  0.0    0  8.8 25 240   M    M   4 3      35 240
12  80  48  64   9   1   0 0.00  0.0    0  6.1 16 200   M    M   1 1      23 310
13  85  63  74  18   0   9 0.00  0.0    0  9.5 20 220   M    M   0        29 230
14  74  65  70  14   0   5    T  0.0    0 11.5 28 210   M    M   5        37 200
15  66  30  48  -8  17   0 0.36    T    0  9.3 20 310   M    M   9 1      26 300
16  53  25  39 -17  26   0 0.00  0.0    0  4.8 13  50   M    M   0        18  90
17  70  36  53  -4  12   0 0.00  0.0    0  4.6 13 190   M    M   0        19 180
18  73  50  62   5   3   0 0.00  0.0    0  5.0 13 350   M    M   1        17 190
19  72  47  60   3   5   0 0.00  0.0    0  7.6 16  40   M    M   0        24 360
20  78  44  61   3   4   0 0.00  0.0    0  3.6 13 110   M    M   0        18 100
21  80  43  62   4   3   0 0.00  0.0    0  4.3 13 240   M    M   0        19 270
22  75  49  62   4   3   0 0.07  0.0    0  8.0 18 330   M    M   5 1      29 270
23  62  40  51  -7  14   0 0.00  0.0    0  7.6 15 320   M    M   0        21 340
================================================================================
SM 1621 1032       177  14  1.34    T    168.3          M       62
================================================================================
AV 70.5 44.9                               7.3 FASTST   M    M   3    MAX(MPH)
                                 MISC ---->  # 29 320               # 42  340
================================================================================
NOTES:
# LAST OF SEVERAL OCCURRENCES

COLUMN 17 PEAK WIND IN M.P.H.

PRELIMINARY LOCAL CLIMATOLOGICAL DATA (WS FORM: F-6) , PAGE 2

                                          STATION:  HUNTINGTON WV
                                          MONTH:    APRIL
                                          YEAR:     2014
                                          LATITUDE:   38 22 N
                                          LONGITUDE:  82 33 W

[TEMPERATURE DATA]      [PRECIPITATION DATA]       SYMBOLS USED IN COLUMN 16

AVERAGE MONTHLY: 57.7   TOTAL FOR MONTH:   1.34    1 = FOG OR MIST
DPTR FM NORMAL:   2.5   DPTR FM NORMAL:   -1.24    2 = FOG REDUCING VISIBILITY
HIGHEST:    85 ON 13    GRTST 24HR  0.85 ON  3- 4      TO 1/4 MILE OR LESS
LOWEST:     25 ON 16                               3 = THUNDER
                        SNOW, ICE PELLETS, HAIL    4 = ICE PELLETS
                        TOTAL MONTH:    T          5 = HAIL
                        GRTST 24HR    T  ON 15-15  6 = FREEZING RAIN OR DRIZZLE
                        GRTST DEPTH:   0           7 = DUSTSTORM OR SANDSTORM:
                                                       VSBY 1/2 MILE OR LESS
                                                   8 = SMOKE OR HAZE
[NO. OF DAYS WITH]      [WEATHER - DAYS WITH]      9 = BLOWING SNOW
                                                   X = TORNADO
MAX 32 OR BELOW:   0    0.01 INCH OR MORE:   6
MAX 90 OR ABOVE:   0    0.10 INCH OR MORE:   3
MIN 32 OR BELOW:   2    0.50 INCH OR MORE:   1
MIN  0 OR BELOW:   0    1.00 INCH OR MORE:   0

[HDD (BASE 65) ]
TOTAL THIS MO.   177    CLEAR  (SCALE 0-3)  13
DPTR FM NORMAL   -68    PTCLDY (SCALE 4-7)   9
TOTAL FM JUL 1  4678    CLOUDY (SCALE 8-10)  1
DPTR FM NORMAL   336

[CDD (BASE 65) ]
TOTAL THIS MO.    14
DPTR FM NORMAL    -8    [PRESSURE DATA]
TOTAL FM JAN 1    14    HIGHEST SLP M ON M
DPTR FM NORMAL   -13    LOWEST  SLP 29.42 ON  7

[REMARKS]




U.S. Dept. of Commerce
NOAA National Weather Service
1325 East West Highway
Silver Spring, MD 20910
E-mail: w-nws.webmaster@noaa.gov
Page last modified: May 16, 2007
NATIONAL WEATHER SERVICE: for Safety, for Work, for Fun - FOR LIFE