174
CXUS51 KRLX 291400
CF6HTS
PRELIMINARY LOCAL CLIMATOLOGICAL DATA (WS FORM: F-6)

                                          STATION:   HUNTINGTON WV
                                          MONTH:     JULY
                                          YEAR:      2014
                                          LATITUDE:   38 22 N
                                          LONGITUDE:  82 33 W

  TEMPERATURE IN F:       :PCPN:    SNOW:  WIND      :SUNSHINE: SKY     :PK WND
================================================================================
1   2   3   4   5  6A  6B    7    8   9   10  11  12  13   14  15   16   17  18
                                     12Z  AVG MX 2MIN
DY MAX MIN AVG DEP HDD CDD  WTR  SNW DPTH SPD SPD DIR MIN PSBL S-S WX    SPD DR
================================================================================

 1  90  71  81   6   0  16    T  0.0    0  7.5 16 220   M    M   3        23 220
 2  87  68  78   3   0  13    T  0.0    0  4.5 15 340   M    M   2        22 350
 3  80  63  72  -3   0   7 0.00  0.0    0  6.6 15 330   M    M   6        21 340
 4  81  56  69  -7   0   4 0.00  0.0    0  5.6 14  10   M    M   2        19  10
 5  81  53  67  -9   0   2 0.00  0.0    0  2.7  9  70   M    M   0 1      14 130
 6  86  54  70  -6   0   5 0.00  0.0    0  5.2 18 210   M    M   3        24 210
 7  90  68  79   3   0  14 0.00  0.0    0  9.1 20 200   M    M   1        28 220
 8  89  72  81   5   0  16    T  0.0    0  9.9 24 230   M    M   3        38 220
 9  87  66  77   1   0  12 0.00  0.0    0  5.0 13 260   M    M   4        19 210
10  85  61  73  -3   0   8 0.28  0.0    0  1.7  8 340   M    M   3 138    12 120
11  89  62  76   0   0  11 0.00  0.0    0  2.4  8 190   M    M   2 1      11 340
12  92  61  77   1   0  12 0.00  0.0    0  3.8 13 220   M    M   2 18     17 220
13  93  73  83   7   0  18 0.13  0.0    0  7.8 17 240   M    M   3 13     26 220
14  80  70  75  -1   0  10 0.80  0.0    0  5.8 21 190   M    M   7 13     28 190
15  80  62  71  -5   0   6 0.64  0.0    0  5.9 14 270   M    M   6 1      20 330
16  75  52  64 -12   1   0 0.00  0.0    0  1.8  8 240   M    M   5 1      11 150
17  76  56  66 -10   0   1 0.00  0.0    0  2.3  9 350   M    M   3        12 350
18  79  56  68  -8   0   3 0.61  0.0    0  2.7 13 180   M    M   5 1      17 170
19  75  64  70  -6   0   5 0.32  0.0    0  3.0  7 120   M    M  10 12     10 190
20  76  63  70  -6   0   5 0.17  0.0    0  2.5  7 180   M    M   7 128     9 120
21  88  66  77   1   0  12 0.00  0.0    0  0.4  7  10   M    M   6 128     8 340
22  89  67  78   2   0  13 0.00  0.0    0  3.1  9 190   M    M   1 1      13 240
23  91  70  81   5   0  16 0.01  0.0    0  4.5 14 330   M    M   3 1      20 330
24  74  61  68  -8   0   3 0.39  0.0    0  5.0 14  40   M    M   9 12     19  40
25  78  54  66 -10   0   1 0.00  0.0    0  2.2  8 220   M    M   3 12     11 150
26  84  61  73  -3   0   8 0.07  0.0    0  4.8 15 190   M    M   3 138    19 170
27  81  68  75  -1   0  10 0.32  0.0    0  7.7 22 250   M    M   8 13     34 270
28  72  60  66 -10   0   1 0.11  0.0    0  5.8 14 340   M    M   7 12     20 270
================================================================================
SM 2328 1758         1 232  3.85     0.0 129.3          M      117
================================================================================
AV 83.1 62.8                               4.6 FASTST   M    M   4    MAX(MPH)
                                 MISC ---->  # 24 230               # 38  220
================================================================================
NOTES:
# LAST OF SEVERAL OCCURRENCES

COLUMN 17 PEAK WIND IN M.P.H.

PRELIMINARY LOCAL CLIMATOLOGICAL DATA (WS FORM: F-6) , PAGE 2

                                          STATION:  HUNTINGTON WV
                                          MONTH:    JULY
                                          YEAR:     2014
                                          LATITUDE:   38 22 N
                                          LONGITUDE:  82 33 W

[TEMPERATURE DATA]      [PRECIPITATION DATA]       SYMBOLS USED IN COLUMN 16

AVERAGE MONTHLY: 73.0   TOTAL FOR MONTH:   3.85    1 = FOG OR MIST
DPTR FM NORMAL:  -2.9   DPTR FM NORMAL:   -0.26    2 = FOG REDUCING VISIBILITY
HIGHEST:    93 ON 13    GRTST 24HR  1.16 ON 14-15      TO 1/4 MILE OR LESS
LOWEST:     52 ON 16                               3 = THUNDER
                        SNOW, ICE PELLETS, HAIL    4 = ICE PELLETS
                        TOTAL MONTH:   0.0 INCH    5 = HAIL
                        GRTST 24HR     0.0         6 = FREEZING RAIN OR DRIZZLE
                        GRTST DEPTH:   0           7 = DUSTSTORM OR SANDSTORM:
                                                       VSBY 1/2 MILE OR LESS
                                                   8 = SMOKE OR HAZE
[NO. OF DAYS WITH]      [WEATHER - DAYS WITH]      9 = BLOWING SNOW
                                                   X = TORNADO
MAX 32 OR BELOW:   0    0.01 INCH OR MORE:  12
MAX 90 OR ABOVE:   5    0.10 INCH OR MORE:  10
MIN 32 OR BELOW:   0    0.50 INCH OR MORE:   3
MIN  0 OR BELOW:   0    1.00 INCH OR MORE:   0

[HDD (BASE 65) ]
TOTAL THIS MO.     1    CLEAR  (SCALE 0-3)  13
DPTR FM NORMAL     1    PTCLDY (SCALE 4-7)  13
TOTAL FM JUL 1     1    CLOUDY (SCALE 8-10)  2
DPTR FM NORMAL     1

[CDD (BASE 65) ]
TOTAL THIS MO.   232
DPTR FM NORMAL   -73    [PRESSURE DATA]
TOTAL FM JAN 1   591    HIGHEST SLP M ON M
DPTR FM NORMAL   -52    LOWEST  SLP 29.69 ON 27

[REMARKS]




U.S. Dept. of Commerce
NOAA National Weather Service
1325 East West Highway
Silver Spring, MD 20910
E-mail: w-nws.webmaster@noaa.gov
Page last modified: May 16, 2007
NATIONAL WEATHER SERVICE: for Safety, for Work, for Fun - FOR LIFE