652
CXUS53 KAPX 300631
CF6HTL
PRELIMINARY LOCAL CLIMATOLOGICAL DATA (WS FORM: F-6)

                                          STATION:   HOUGHTON LAKE MI
                                          MONTH:     SEPTEMBER
                                          YEAR:      2014
                                          LATITUDE:   44 22 N
                                          LONGITUDE:  84 41 W

  TEMPERATURE IN F:       :PCPN:    SNOW:  WIND      :SUNSHINE: SKY     :PK WND
================================================================================
1   2   3   4   5  6A  6B    7    8   9   10  11  12  13   14  15   16   17  18
                                     12Z  AVG MX 2MIN
DY MAX MIN AVG DEP HDD CDD  WTR  SNW DPTH SPD SPD DIR MIN PSBL S-S WX    SPD DR
================================================================================

 1  78  58  68   6   0   3 0.53  0.0    0  7.6 25 220   M    M   6 123    39 220
 2  76  54  65   3   0   0 0.00  0.0    0  7.1 15 300   M    M   2 1      21 300
 3  80  54  67   5   0   2 0.00  0.0    0  5.4 12 270   M    M   1        15 260
 4  82  62  72  11   0   7 0.35  0.0    0  8.6 22 200   M    M   4 138    32 190
 5  76  60  68   7   0   3 0.84  0.0    0  9.0 25 330   M    M   5 13     36 190
 6  71  48  60  -1   5   0 0.00  0.0    0  8.0 17 280   M    M   4        22 280
 7  75  40  58  -2   7   0 0.00  0.0    0  2.8 13 250   M    M   1 12     16 250
 8  75  44  60   0   5   0 0.00  0.0    0  5.7 14 190   M    M   1 1      20 190
 9  78  51  65   5   0   0 0.00  0.0    0  4.9 10 190   M    M   1 1      17 190
10  70  51  61   2   4   0 0.38  0.0    0 10.7 25 280   M    M   8 1      34 290
11  55  45  50  -9  15   0 0.02  0.0    0 10.4 26 300   M    M  10 1      37 310
12  51  43  47 -12  18   0 0.28  0.0    0  6.1 12  30   M    M  10 18     15  30
13  56  32  44 -14  21   0 0.17  0.0    0  6.8 15 340   M    M   8 1      20  10
14  58  31  45 -13  20   0 0.00  0.0    0  6.2 14 230   M    M   6 1      19 210
15  56  39  48 -10  17   0 0.06  0.0    0  4.9 12 230   M    M   8 12     19 230
16  62  38  50  -7  15   0 0.00  0.0    0  5.3 13 270   M    M   6 12     17 280
17  66  45  56  -1   9   0 0.00  0.0    0  6.3 13 270   M    M   1        18 270
18  60  41  51  -5  14   0 0.00  0.0    0  5.7 13  70   M    M   7 1      17  70
19  65  37  51  -5  14   0 0.00  0.0    0  8.9 15 180   M    M   3        22 190
20  73  56  65   9   0   0 0.17  0.0    0  8.7 17 240   M    M   5 13     25 250
21  60  46  53  -2  12   0 0.25  0.0    0 10.2 24 320   M    M   8 13     32 330
22  62  41  52  -3  13   0 0.00  0.0    0  8.2 15 300   M    M   5        20 300
23  73  47  60   6   5   0 0.00  0.0    0  5.1 10 250   M    M   1 12     13 230
24  72  41  57   3   8   0 0.00  0.0    0  3.6 12 190   M    M   2 12     14 160
25  75  40  58   4   7   0 0.00  0.0    0  2.6  9 160   M    M   1 12     13 170
26  75  39  57   4   8   0 0.00  0.0    0  2.0  9 190   M    M   1 12     13 190
27  77  41  59   6   6   0 0.00  0.0    0  2.0  8 250   M    M   3 12     10 240
28  73  43  58   6   7   0 0.00  0.0    0  1.2  6 250   M    M   2 12      8 240
29  77  42  60   8   5   0 0.18  0.0    0  6.3 17 320   M    M   8 12     22 300
================================================================================
SM 2007 1309       235  15  3.23     0.0 180.3          M      128
================================================================================
AV 69.2 45.1                               6.2 FASTST   M    M   4    MAX(MPH)
                                 MISC ---->  # 26 300               # 39  220
================================================================================
NOTES:
# LAST OF SEVERAL OCCURRENCES

COLUMN 17 PEAK WIND IN M.P.H.

PRELIMINARY LOCAL CLIMATOLOGICAL DATA (WS FORM: F-6) , PAGE 2

                                          STATION:  HOUGHTON LAKE MI
                                          MONTH:    SEPTEMBER
                                          YEAR:     2014
                                          LATITUDE:   44 22 N
                                          LONGITUDE:  84 41 W

[TEMPERATURE DATA]      [PRECIPITATION DATA]       SYMBOLS USED IN COLUMN 16

AVERAGE MONTHLY: 57.2   TOTAL FOR MONTH:   3.23    1 = FOG OR MIST
DPTR FM NORMAL:  -0.2   DPTR FM NORMAL:    0.23    2 = FOG REDUCING VISIBILITY
HIGHEST:    82 ON  4    GRTST 24HR  1.10 ON  4- 5      TO 1/4 MILE OR LESS
LOWEST:     31 ON 14                               3 = THUNDER
                        SNOW, ICE PELLETS, HAIL    4 = ICE PELLETS
                        TOTAL MONTH:   0.0 INCH    5 = HAIL
                        GRTST 24HR     0.0         6 = FREEZING RAIN OR DRIZZLE
                        GRTST DEPTH:   0           7 = DUSTSTORM OR SANDSTORM:
                                                       VSBY 1/2 MILE OR LESS
                                                   8 = SMOKE OR HAZE
[NO. OF DAYS WITH]      [WEATHER - DAYS WITH]      9 = BLOWING SNOW
                                                   X = TORNADO
MAX 32 OR BELOW:   0    0.01 INCH OR MORE:  11
MAX 90 OR ABOVE:   0    0.10 INCH OR MORE:   9
MIN 32 OR BELOW:   2    0.50 INCH OR MORE:   2
MIN  0 OR BELOW:   0    1.00 INCH OR MORE:   0

[HDD (BASE 65) ]
TOTAL THIS MO.   235    CLEAR  (SCALE 0-3)  13
DPTR FM NORMAL    -5    PTCLDY (SCALE 4-7)  14
TOTAL FM JUL 1   391    CLOUDY (SCALE 8-10)  2
DPTR FM NORMAL    24

[CDD (BASE 65) ]
TOTAL THIS MO.    15
DPTR FM NORMAL    -3    [PRESSURE DATA]
TOTAL FM JAN 1   210    HIGHEST SLP M ON M
DPTR FM NORMAL   -73    LOWEST  SLP 29.39 ON 10

[REMARKS]




U.S. Dept. of Commerce
NOAA National Weather Service
1325 East West Highway
Silver Spring, MD 20910
E-mail: w-nws.webmaster@noaa.gov
Page last modified: May 16, 2007
NATIONAL WEATHER SERVICE: for Safety, for Work, for Fun - FOR LIFE