552
CXUS53 KAPX 081739
CF6HTL
PRELIMINARY LOCAL CLIMATOLOGICAL DATA (WS FORM: F-6)

                                          STATION:   HOUGHTON LAKE MI
                                          MONTH:     NOVEMBER
                                          YEAR:      2014
                                          LATITUDE:   44 22 N
                                          LONGITUDE:  84 41 W

  TEMPERATURE IN F:       :PCPN:    SNOW:  WIND      :SUNSHINE: SKY     :PK WND
================================================================================
1   2   3   4   5  6A  6B    7    8   9   10  11  12  13   14  15   16   17  18
                                     12Z  AVG MX 2MIN
DY MAX MIN AVG DEP HDD CDD  WTR  SNW DPTH SPD SPD DIR MIN PSBL S-S WX    SPD DR
================================================================================

 1  39  19  29 -11  36   0 0.00  0.0    0  8.3 16  30   M    M   3        28  30
 2  48  16  32  -8  33   0 0.00  0.0    0  5.1  9 210   M    M   1         M  M
 3  54  41  48   8  17   0    T  0.0    0  8.1 12 220   M    M   6         M  M
 4  53  38  46   7  19   0 0.06  0.0    0 13.0 18 270   M    M   9        31 240
 5  46  38  42   3  23   0 0.04  0.0    0 10.1 17 300   M    M   9        31 300
 6  42  33  38   0  27   0 0.34    T    0  9.7 15 350   M    M  10 1      30 350
 7  39  30  35  -3  30   0 0.03    T    0  6.7 12 310   M    M   8 18     18 360
 8  40  30  35  -3  30   0 0.21    T    0 11.2 17 300   M    M  10 1      30 320
 9  37  30  34  -3  31   0 0.06    T    T 10.4 17 230   M    M   8 1      24 230
10  47  30  39   2  26   0 0.07    T    T  7.7 14 110   M    M   7 1       M  M
11  49  30  40   3  25   0 0.15    T    0  8.7 20 270   M    M   9 1      35 280
12  32  27  30  -6  35   0    T    M    T 16.3 24 290   M    M   9        35 290
13  31  25  28  -8  37   0 0.05  0.7    T 11.7 15 290   M    M   6        23 280
14  29  24  27  -9  38   0 0.09  1.0    1  7.8 12 270   M    M   8 1       M  M
15  28  23  26  -9  39   0 0.02  0.3    2 10.9 14 270   M    M   9 1      24 250
16  28  23  26  -9  39   0 0.08  2.3    2  7.7 13 180   M    M  10 1       M  M
17  27  13  20 -14  45   0 0.02  0.5    3 11.6 16 240   M    M   8        27 240
18  23  13  18 -16  47   0    T  0.6    3 15.5 23 270   M    M   7 18     38 290
19  22  13  18 -16  47   0 0.10  1.3    3 10.3 15 260   M    M  10        32 270
20  20  11  16 -17  49   0 0.04  0.3    4 11.4 17 270   M    M   3 18     28 270
21  25   9  17 -16  48   0 0.00  0.0    4  8.0 14 200   M    M   3         M  M
22  39  24  32   0  33   0 0.02  0.0    4 10.3 14 200   M    M   9 126    21 200
23  48  39  44  12  21   0 0.62  0.0    2  7.5 12 160   M    M  10 12      M  M
24  47  31  39   7  26   0 0.94  4.0    0 10.4 21 210   M    M  10 1      33 210
25  31  25  28  -3  37   0 0.06  0.9    5 11.3 18 280   M    M  10 1      24 280
26  27  23  25  -6  40   0    T    T    4  3.7  8 260   M    M  10         M  M
27  26  16  21  -9  44   0 0.01  0.4    3  8.7 14 300   M    M  10 1       M  M
28  22  11  17 -13  48   0 0.04  0.6    3  5.3  9 150   M    M   9 1       M  M
29  42  22  32   2  33   0    T    T    4 10.4 13 160   M    M   6 1       M  M
30  46  26  36   7  29   0 0.00  0.0    1 10.2 14 310   M    M  10 1      22 310
================================================================================
SM 1087  733      1032   0  3.05    12.9 288.0          M      237
================================================================================
AV 36.2 24.4                               9.6 FASTST   M    M   8    MAX(MPH)
                                 MISC ---->    24   M               # 38  290
================================================================================
NOTES:
# LAST OF SEVERAL OCCURRENCES

COLUMN 17 PEAK WIND IN M.P.H.

PRELIMINARY LOCAL CLIMATOLOGICAL DATA (WS FORM: F-6) , PAGE 2

                                          STATION:  HOUGHTON LAKE MI
                                          MONTH:    NOVEMBER
                                          YEAR:     2014
                                          LATITUDE:   44 22 N
                                          LONGITUDE:  84 41 W

[TEMPERATURE DATA]      [PRECIPITATION DATA]       SYMBOLS USED IN COLUMN 16

AVERAGE MONTHLY: 30.3   TOTAL FOR MONTH:   3.05    1 = FOG OR MIST
DPTR FM NORMAL:  -4.6   DPTR FM NORMAL:    0.73    2 = FOG REDUCING VISIBILITY
HIGHEST:    54 ON  3    GRTST 24HR  0.94 ON 24-24      TO 1/4 MILE OR LESS
LOWEST:      9 ON 21                               3 = THUNDER
                        SNOW, ICE PELLETS, HAIL    4 = ICE PELLETS
                        TOTAL MONTH:  12.9 INCHES  5 = HAIL
                        GRTST 24HR   4.0 ON 24-24  6 = FREEZING RAIN OR DRIZZLE
                        GRTST DEPTH:   5 ON 25     7 = DUSTSTORM OR SANDSTORM:
                                                       VSBY 1/2 MILE OR LESS
                                                   8 = SMOKE OR HAZE
[NO. OF DAYS WITH]      [WEATHER - DAYS WITH]      9 = BLOWING SNOW
                                                   X = TORNADO
MAX 32 OR BELOW:  14    0.01 INCH OR MORE:  21
MAX 90 OR ABOVE:   0    0.10 INCH OR MORE:   6
MIN 32 OR BELOW:  25    0.50 INCH OR MORE:   2
MIN  0 OR BELOW:   0    1.00 INCH OR MORE:   0

[HDD (BASE 65) ]
TOTAL THIS MO.  1032    CLEAR  (SCALE 0-3)   4
DPTR FM NORMAL   127    PTCLDY (SCALE 4-7)   8
TOTAL FM JUL 1  2003    CLOUDY (SCALE 8-10) 18
DPTR FM NORMAL   120

[CDD (BASE 65) ]
TOTAL THIS MO.     0
DPTR FM NORMAL     0    [PRESSURE DATA]
TOTAL FM JAN 1   210    HIGHEST SLP M ON M
DPTR FM NORMAL   -77    LOWEST  SLP M ON M

[REMARKS]
#FINAL-11-14#




U.S. Dept. of Commerce
NOAA National Weather Service
1325 East West Highway
Silver Spring, MD 20910
E-mail: w-nws.webmaster@noaa.gov
Page last modified: May 16, 2007
NATIONAL WEATHER SERVICE: for Safety, for Work, for Fun - FOR LIFE