694
CXUS54 KHUN 022041
CF6HSV
PRELIMINARY LOCAL CLIMATOLOGICAL DATA (WS FORM: F-6)

                                          STATION:   HUNTSVILLE
                                          MONTH:     NOVEMBER
                                          YEAR:      2014
                                          LATITUDE:   34 39 N
                                          LONGITUDE:  86 46 W

  TEMPERATURE IN F:       :PCPN:    SNOW:  WIND      :SUNSHINE: SKY     :PK WND
================================================================================
1   2   3   4   5  6A  6B    7    8   9   10  11  12  13   14  15   16   17  18
                                     12Z  AVG MX 2MIN
DY MAX MIN AVG DEP HDD CDD  WTR  SNW DPTH SPD SPD DIR MIN PSBL S-S WX    SPD DR
================================================================================

 1  50  35  43 -15  22   0 0.00  0.0    0 10.9 20  10   M    M   4        28 360
 2  60  29  45 -12  20   0 0.00  0.0    0  4.0 16  60   M    M   1        21 300
 3  69  36  53  -4  12   0 0.00  0.0    0  3.6 10 170   M    M   2        13 150
 4  72  46  59   2   6   0 0.00  0.0    0  6.0 16 200   M    M   6        21 200
 5  69  55  62   6   3   0 0.12  0.0    0  5.6 14 220   M    M   9 1      17 220
 6  67  46  57   1   8   0 0.19  0.0    0 10.0 22  10   M    M   5 1      30  10
 7  59  38  49  -7  16   0 0.00  0.0    0  6.1 21  20   M    M   2        29  10
 8  65  35  50  -5  15   0 0.00  0.0    0  4.0 12 230   M    M   4 1      17 260
 9  63  37  50  -5  15   0 0.00  0.0    0  3.0 10 320   M    M   1 1      13 310
10  71  34  53  -2  12   0 0.00  0.0    0  6.3 15 150   M    M   2 18     18 150
11  76  43  60   6   5   0 0.06  0.0    0  7.7 20 200   M    M   5 1      28 210
12  50  38  44 -10  21   0 0.01  0.0    0 11.0 17  10   M    M   9 18     22  20
13  40  28  34 -20  31   0    T    T    0 10.4 16 350   M    M   7 14     23 340
14  40  22  31 -22  34   0 0.00  0.0    0  8.3 17  20   M    M   1        25 340
15  52  26  39 -14  26   0 0.00  0.0    0  6.0 15 170   M    M   4        20 130
16  57  42  50  -3  15   0 0.98  0.0    0  7.9 26 130   M    M  10 1      31 130
17  53  25  39 -13  26   0 1.00  0.0    0 11.6 20 320   M    M   7 1      28 340
18  35  22  29 -23  36   0 0.00  0.0    0  7.0 16 320   M    M   2        21 310
19  54  21  38 -14  27   0 0.00  0.0    0  8.1 20 230   M    M   3        26 230
20  57  38  48  -3  17   0 0.00  0.0    0  6.0 16 220   M    M   4        20 220
21  62  37  50  -1  15   0 0.00  0.0    0  5.8 15  50   M    M   4        17  50
22  66  44  55   5  10   0 0.00  0.0    0 10.9 17 170   M    M   6        23 130
23  66  53  60  10   5   0 0.31  0.0    0 16.8 28 120   M    M   9 18     36 120
24  66  44  55   5  10   0 0.00  0.0    0 10.6 23 230   M    M   4        30 240
25  57  35  46  -3  19   0 0.00  0.0    0  3.5 13 290   M    M   5 1      16 290
26  55  31  43  -6  22   0    T  0.0    0  6.7 26 260   M    M   4        36 260
27  44  31  38 -11  27   0    T    T    0  8.7 20 340   M    M   6 4      24 350
28  51  25  38 -10  27   0 0.00  0.0    0  4.6 10 170   M    M   0 18     12 180
29  61  34  48   0  17   0 0.00  0.0    0 10.0 18 190   M    M   5        23 180
30  72  57  65  17   0   0    T  0.0    0 12.0 23 190   M    M   5        30 180
================================================================================
SM 1759 1087       519   0  2.67    T    233.1          M      136
================================================================================
AV 58.6 36.2                               7.8 FASTST   M    M   5    MAX(MPH)
                                 MISC ---->  # 28 120               # 36  120
================================================================================
NOTES:
# LAST OF SEVERAL OCCURRENCES

COLUMN 17 PEAK WIND IN M.P.H.

PRELIMINARY LOCAL CLIMATOLOGICAL DATA (WS FORM: F-6) , PAGE 2

                                          STATION:  HUNTSVILLE
                                          MONTH:    NOVEMBER
                                          YEAR:     2014
                                          LATITUDE:   34 39 N
                                          LONGITUDE:  86 46 W

[TEMPERATURE DATA]      [PRECIPITATION DATA]       SYMBOLS USED IN COLUMN 16

AVERAGE MONTHLY: 47.4   TOTAL FOR MONTH:   2.67    1 = FOG OR MIST
DPTR FM NORMAL:  -5.3   DPTR FM NORMAL:   -2.27    2 = FOG REDUCING VISIBILITY
HIGHEST:    76 ON 11    GRTST 24HR  1.98 ON 16-17      TO 1/4 MILE OR LESS
LOWEST:     21 ON 19                               3 = THUNDER
                        SNOW, ICE PELLETS, HAIL    4 = ICE PELLETS
                        TOTAL MONTH:    T          5 = HAIL
                        GRTST 24HR    T  ON 27-27  6 = FREEZING RAIN OR DRIZZLE
                        GRTST DEPTH:   0           7 = DUSTSTORM OR SANDSTORM:
                                                       VSBY 1/2 MILE OR LESS
                                                   8 = SMOKE OR HAZE
[NO. OF DAYS WITH]      [WEATHER - DAYS WITH]      9 = BLOWING SNOW
                                                   X = TORNADO
MAX 32 OR BELOW:   0    0.01 INCH OR MORE:   7
MAX 90 OR ABOVE:   0    0.10 INCH OR MORE:   5
MIN 32 OR BELOW:  10    0.50 INCH OR MORE:   2
MIN  0 OR BELOW:   0    1.00 INCH OR MORE:   1

[HDD (BASE 65) ]
TOTAL THIS MO.   519    CLEAR  (SCALE 0-3)   8
DPTR FM NORMAL   143    PTCLDY (SCALE 4-7)  18
TOTAL FM JUL 1   616    CLOUDY (SCALE 8-10)  4
DPTR FM NORMAL    89

[CDD (BASE 65) ]
TOTAL THIS MO.     0
DPTR FM NORMAL    -9    [PRESSURE DATA]
TOTAL FM JAN 1  2032    HIGHEST SLP 30.48 ON  2
DPTR FM NORMAL    83    LOWEST  SLP 29.47 ON 23

[REMARKS]
#FINAL-11-14#




U.S. Dept. of Commerce
NOAA National Weather Service
1325 East West Highway
Silver Spring, MD 20910
E-mail: w-nws.webmaster@noaa.gov
Page last modified: May 16, 2007
NATIONAL WEATHER SERVICE: for Safety, for Work, for Fun - FOR LIFE