823
CXUS54 KHUN 301015
CF6HSV
PRELIMINARY LOCAL CLIMATOLOGICAL DATA (WS FORM: F-6)

                                          STATION:   HUNTSVILLE
                                          MONTH:     SEPTEMBER
                                          YEAR:      2014
                                          LATITUDE:   34 39 N
                                          LONGITUDE:  86 46 W

  TEMPERATURE IN F:       :PCPN:    SNOW:  WIND      :SUNSHINE: SKY     :PK WND
================================================================================
1   2   3   4   5  6A  6B    7    8   9   10  11  12  13   14  15   16   17  18
                                     12Z  AVG MX 2MIN
DY MAX MIN AVG DEP HDD CDD  WTR  SNW DPTH SPD SPD DIR MIN PSBL S-S WX    SPD DR
================================================================================

 1  93  73  83   5   0  18 0.00  0.0    0  4.9 12 250   M    M   2        15 230
 2  93  73  83   5   0  18    T  0.0    0  4.8 20 240   M    M   5        24 240
 3  91  74  83   5   0  18    T  0.0    0  3.8 12 290   M    M   7        20 280
 4  90  72  81   3   0  16 0.00  0.0    0  3.7  8 120   M    M   5 1      12 170
 5  90  73  82   5   0  17 0.26  0.0    0  4.0 13  90   M    M   4 13     16  90
 6  93  71  82   5   0  17    T  0.0    0  1.9 17 330   M    M   4 13     25 320
 7  90  71  81   4   0  16 0.00  0.0    0  8.1 15 360   M    M   5 8      20 360
 8  90  69  80   4   0  15 0.00  0.0    0  3.1  8 350   M    M   4 18     10 350
 9  91  73  82   6   0  17 0.00  0.0    0  5.1 14 100   M    M   5 1      20  70
10  92  73  83   7   0  18 0.00  0.0    0  8.4 17 170   M    M   5        22 170
11  94  75  85   9   0  20 0.01  0.0    0  5.5 20 350   M    M   7 3      28 360
12  87  70  79   4   0  14    T  0.0    0  5.8 13 340   M    M   8 18     16 340
13  78  62  70  -5   0   5 0.00  0.0    0  9.1 16  30   M    M   8 8      23  20
14  87  59  73  -1   0   8 0.00  0.0    0  2.9  9 350   M    M   2        14 320
15  88  64  76   2   0  11 0.00  0.0    0  2.5  9 340   M    M   7 18     14 330
16  91  67  79   5   0  14    T  0.0    0  4.6 13 340   M    M   4 1      18 360
17  84  64  74   1   0   9 0.00  0.0    0  4.3 13 330   M    M   5 18     16 320
18  86  63  75   2   0  10 0.22  0.0    0  3.3 15 260   M    M   7 18     20 260
19  89  65  77   4   0  12 0.00  0.0    0  5.3 13 110   M    M   4        15 110
20  87  67  77   5   0  12 0.00  0.0    0  6.8 16 110   M    M   1        22 120
21  92  64  78   6   0  13 0.00  0.0    0  6.2 17 310   M    M   3        23 240
22  81  58  70  -2   0   5 0.00  0.0    0  8.6 17  20   M    M   1        24  20
23  85  50  68  -3   0   3 0.00  0.0    0  5.0 12 110   M    M   1 8      21  90
24  84  59  72   1   0   7 0.00  0.0    0  5.2 17 120   M    M   1        21 120
25  89  57  73   3   0   8 0.00  0.0    0  3.7 15  10   M    M   3        21 330
26  84  63  74   4   0   9 0.00  0.0    0  4.7 12  60   M    M   5 8      15 150
27  80  65  73   3   0   8 0.00  0.0    0  6.9 16 110   M    M   5        25 110
28  84  65  75   6   0  10    T  0.0    0  5.9 12 100   M    M   6        14 130
29  89  65  77   8   0  12    T  0.0    0  3.2 12  40   M    M   5        16  10
================================================================================
SM 2552 1924         0 360  0.49     0.0 147.3          M      129
================================================================================
AV 88.0 66.3                               5.1 FASTST   M    M   4    MAX(MPH)
                                 MISC ---->  # 20 240               # 28  360
================================================================================
NOTES:
# LAST OF SEVERAL OCCURRENCES

COLUMN 17 PEAK WIND IN M.P.H.

PRELIMINARY LOCAL CLIMATOLOGICAL DATA (WS FORM: F-6) , PAGE 2

                                          STATION:  HUNTSVILLE
                                          MONTH:    SEPTEMBER
                                          YEAR:     2014
                                          LATITUDE:   34 39 N
                                          LONGITUDE:  86 46 W

[TEMPERATURE DATA]      [PRECIPITATION DATA]       SYMBOLS USED IN COLUMN 16

AVERAGE MONTHLY: 77.2   TOTAL FOR MONTH:   0.49    1 = FOG OR MIST
DPTR FM NORMAL:   3.2   DPTR FM NORMAL:   -3.10    2 = FOG REDUCING VISIBILITY
HIGHEST:    94 ON 11    GRTST 24HR  0.56 ON 31- 1      TO 1/4 MILE OR LESS
LOWEST:     50 ON 23                               3 = THUNDER
                        SNOW, ICE PELLETS, HAIL    4 = ICE PELLETS
                        TOTAL MONTH:   0.0 INCH    5 = HAIL
                        GRTST 24HR     0.0         6 = FREEZING RAIN OR DRIZZLE
                        GRTST DEPTH:   0           7 = DUSTSTORM OR SANDSTORM:
                                                       VSBY 1/2 MILE OR LESS
                                                   8 = SMOKE OR HAZE
[NO. OF DAYS WITH]      [WEATHER - DAYS WITH]      9 = BLOWING SNOW
                                                   X = TORNADO
MAX 32 OR BELOW:   0    0.01 INCH OR MORE:   3
MAX 90 OR ABOVE:  13    0.10 INCH OR MORE:   2
MIN 32 OR BELOW:   0    0.50 INCH OR MORE:   0
MIN  0 OR BELOW:   0    1.00 INCH OR MORE:   0

[HDD (BASE 65) ]
TOTAL THIS MO.     0    CLEAR  (SCALE 0-3)   8
DPTR FM NORMAL   -10    PTCLDY (SCALE 4-7)  20
TOTAL FM JUL 1     0    CLOUDY (SCALE 8-10)  1
DPTR FM NORMAL   -10

[CDD (BASE 65) ]
TOTAL THIS MO.   360
DPTR FM NORMAL    91    [PRESSURE DATA]
TOTAL FM JAN 1  1912    HIGHEST SLP M ON M
DPTR FM NORMAL    48    LOWEST  SLP 29.88 ON 29

[REMARKS]




U.S. Dept. of Commerce
NOAA National Weather Service
1325 East West Highway
Silver Spring, MD 20910
E-mail: w-nws.webmaster@noaa.gov
Page last modified: May 16, 2007
NATIONAL WEATHER SERVICE: for Safety, for Work, for Fun - FOR LIFE