483
CXUS54 KHUN 011015
CF6HSV
PRELIMINARY LOCAL CLIMATOLOGICAL DATA (WS FORM: F-6)

                                          STATION:   HUNTSVILLE
                                          MONTH:     AUGUST
                                          YEAR:      2014
                                          LATITUDE:   34 39 N
                                          LONGITUDE:  86 46 W

  TEMPERATURE IN F:       :PCPN:    SNOW:  WIND      :SUNSHINE: SKY     :PK WND
================================================================================
1   2   3   4   5  6A  6B    7    8   9   10  11  12  13   14  15   16   17  18
                                     12Z  AVG MX 2MIN
DY MAX MIN AVG DEP HDD CDD  WTR  SNW DPTH SPD SPD DIR MIN PSBL S-S WX    SPD DR
================================================================================

 1  88  66  77  -4   0  12    T  0.0    0  3.5 12  20   M    M   5 18     16  10
 2  90  68  79  -2   0  14 0.20  0.0    0  3.7 16 150   M    M   6 13     20 160
 3  89  67  78  -3   0  13 0.00  0.0    0  3.6 10 100   M    M   3 1      18 120
 4  93  66  80  -1   0  15 0.00  0.0    0  3.1 10  30   M    M   1 18     15  90
 5  93  64  79  -2   0  14 0.00  0.0    0  2.6  9 270   M    M   2 18     14 260
 6  94  70  82   1   0  17 0.00  0.0    0  2.7 12 250   M    M   4 18     17 280
 7  95  69  82   1   0  17 0.06  0.0    0  3.0 13 140   M    M   5 138    16 130
 8  93  72  83   2   0  18 0.11  0.0    0  4.0 18 300   M    M   5 1      26 310
 9  84  73  79  -2   0  14 0.04  0.0    0  4.5 15 290   M    M   7 13     24 290
10  92  73  83   2   0  18 0.06  0.0    0  3.9 17 240   M    M   7 1238   22 230
11  89  72  81   0   0  16    T  0.0    0  4.5 14 220   M    M   6        17 220
12  91  68  80  -1   0  15    T  0.0    0  5.1 16 320   M    M   5 1      21 290
13  85  60  73  -8   0   8 0.00  0.0    0  6.1 15  20   M    M   1        21 360
14  88  57  73  -7   0   8 0.00  0.0    0  2.7 14  20   M    M   1        18  10
15  91  60  76  -4   0  11 0.00  0.0    0  2.1 12  20   M    M   2 18     16  40
16  92  66  79  -1   0  14 0.00  0.0    0  3.1 12 190   M    M   2        16 230
17  94  70  82   2   0  17 0.07  0.0    0  5.3 20 260   M    M   5 3      30 260
18  88  73  81   1   0  16 1.55  0.0    0  4.4 22 190   M    M   7 138    29 300
19  91  72  82   2   0  17 0.00  0.0    0  3.4 10 240   M    M   6        14 240
20  96  74  85   5   0  20 0.00  0.0    0  4.9 14 290   M    M   3 1      18 290
21  96  72  84   4   0  19 0.00  0.0    0  3.5 13 300   M    M   2        23 300
22  96  73  85   5   0  20 0.00  0.0    0  2.9 12 300   M    M   2 1      16 260
23  97  73  85   5   0  20    T  0.0    0  3.3 16 340   M    M   3 13     24 360
24  95  74  85   5   0  20    T  0.0    0  7.0 14  80   M    M   7        20  30
25  89  76  83   3   0  18 0.00  0.0    0  5.8 15 120   M    M   5        18 130
26  90  70  80   0   0  15 0.00  0.0    0  5.3 10 130   M    M   4        14 130
27  93  68  81   2   0  16 0.00  0.0    0  2.2 10  80   M    M   3 1      17  60
28  95  69  82   3   0  17 0.00  0.0    0  3.3 10 110   M    M   1 18     14 110
29  94  69  82   3   0  17 0.00  0.0    0  5.2 14 210   M    M   4        20 210
30  93  72  83   4   0  18 0.43  0.0    0  5.1 20 250   M    M   6 13     26 250
31  84  72  78  -1   0  13 0.56  0.0    0  5.1 26 250   M    M   7 138    37 250
================================================================================
SM 2838 2148         0 487  3.08     0.0 124.9          M      127
================================================================================
AV 91.5 69.3                               4.0 FASTST   M    M   4    MAX(MPH)
                                 MISC ---->  # 26 250               # 37  250
================================================================================
NOTES:
# LAST OF SEVERAL OCCURRENCES

COLUMN 17 PEAK WIND IN M.P.H.

PRELIMINARY LOCAL CLIMATOLOGICAL DATA (WS FORM: F-6) , PAGE 2

                                          STATION:  HUNTSVILLE
                                          MONTH:    AUGUST
                                          YEAR:     2014
                                          LATITUDE:   34 39 N
                                          LONGITUDE:  86 46 W

[TEMPERATURE DATA]      [PRECIPITATION DATA]       SYMBOLS USED IN COLUMN 16

AVERAGE MONTHLY: 80.4   TOTAL FOR MONTH:   3.08    1 = FOG OR MIST
DPTR FM NORMAL:   0.3   DPTR FM NORMAL:   -0.53    2 = FOG REDUCING VISIBILITY
HIGHEST:    97 ON 23    GRTST 24HR  1.55 ON 18-18      TO 1/4 MILE OR LESS
LOWEST:     57 ON 14                               3 = THUNDER
                        SNOW, ICE PELLETS, HAIL    4 = ICE PELLETS
                        TOTAL MONTH:   0.0 INCH    5 = HAIL
                        GRTST 24HR     0.0         6 = FREEZING RAIN OR DRIZZLE
                        GRTST DEPTH:   0           7 = DUSTSTORM OR SANDSTORM:
                                                       VSBY 1/2 MILE OR LESS
                                                   8 = SMOKE OR HAZE
[NO. OF DAYS WITH]      [WEATHER - DAYS WITH]      9 = BLOWING SNOW
                                                   X = TORNADO
MAX 32 OR BELOW:   0    0.01 INCH OR MORE:   9
MAX 90 OR ABOVE:  22    0.10 INCH OR MORE:   5
MIN 32 OR BELOW:   0    0.50 INCH OR MORE:   2
MIN  0 OR BELOW:   0    1.00 INCH OR MORE:   1

[HDD (BASE 65) ]
TOTAL THIS MO.     0    CLEAR  (SCALE 0-3)  13
DPTR FM NORMAL     0    PTCLDY (SCALE 4-7)  18
TOTAL FM JUL 1     0    CLOUDY (SCALE 8-10)  0
DPTR FM NORMAL     0

[CDD (BASE 65) ]
TOTAL THIS MO.   487
DPTR FM NORMAL    17    [PRESSURE DATA]
TOTAL FM JAN 1  1552    HIGHEST SLP 30.14 ON 26
DPTR FM NORMAL   -43    LOWEST  SLP 29.84 ON 18

[REMARKS]
#FINAL-08-14#




U.S. Dept. of Commerce
NOAA National Weather Service
1325 East West Highway
Silver Spring, MD 20910
E-mail: w-nws.webmaster@noaa.gov
Page last modified: May 16, 2007
NATIONAL WEATHER SERVICE: for Safety, for Work, for Fun - FOR LIFE