429
CXUS53 KGID 240730
CF6HSI
PRELIMINARY LOCAL CLIMATOLOGICAL DATA (WS FORM: F-6)

                                          STATION:   HASTINGS NE
                                          MONTH:     APRIL
                                          YEAR:      2014
                                          LATITUDE:   40 35 N
                                          LONGITUDE:  98 26 W

  TEMPERATURE IN F:       :PCPN:    SNOW:  WIND      :SUNSHINE: SKY     :PK WND
================================================================================
1   2   3   4   5  6A  6B    7    8   9   10  11  12  13   14  15   16   17  18
                                     12Z  AVG MX 2MIN
DY MAX MIN AVG DEP HDD CDD  WTR  SNW DPTH SPD SPD DIR MIN PSBL S-S WX    SPD DR
================================================================================

 1  47  20  34 -12  31   0 0.00  0.0    0  9.6 18 340   M    M   3        23 350
 2  42  31  37  -9  28   0 0.00  0.0    0 13.4 20  80   M    M   8 18     24  80
 3  38  33  36 -11  29   0 0.24  0.8    0 19.4 28 350   M    M  10 13     33 350
 4  51  32  42  -5  23   0 0.00  0.0    1 13.5 31 340   M    M   6        40 330
 5  66  32  49   2  16   0 0.00  0.0    0 13.4 26 180   M    M   1        38 200
 6  65  45  55   7  10   0 0.11  0.0    0 10.1 21 160   M    M   4 1      28 160
 7  60  35  48   0  17   0 0.03  0.0    0 14.2 37 310   M    M   3 1      44 310
 8  61  35  48   0  17   0 0.00  0.0    0 11.9 24 350   M    M   0        33 320
 9  84  39  62  13   3   0 0.00  0.0    0  8.4 20 210   M    M   0        25 190
10  67  50  59  10   6   0 0.00  0.0    0 11.9 33 330   M    M   0        43 340
11  76  37  57   8   8   0    T  0.0    0  8.6 17 190   M    M   1        26 180
12  78  57  68  18   0   3 0.00  0.0    0 10.1 23  20   M    M   0        28  10
13  58  31  45  -5  20   0 0.98  1.4    0 27.2 43 360   M    M   8 13     52 360
14  47  27  37 -13  28   0    T    T    1 17.2 35 360   M    M   5        41 360
15  63  23  43  -8  22   0 0.00  0.0    0 10.8 23 200   M    M   0        31 200
16  61  34  48  -3  17   0 0.00  0.0    0 17.8 29 340   M    M   3        37 350
17  55  31  43  -8  22   0 0.00  0.0    0  8.1 20 350   M    M   4        25 340
18  70  36  53   1  12   0 0.00  0.0    0 13.8 24 180   M    M   0        35 170
19  79  53  66  14   0   1 0.00  0.0    0 10.0 22 200   M    M   2        30 210
20  78  50  64  12   1   0    T  0.0    0  7.7 21 200   M    M   2 3      31 200
21  72  49  61   8   4   0 0.04  0.0    0 14.2 30  30   M    M   2 3      35  20
22  72  37  55   2  10   0 0.00  0.0    0 11.6 23 160   M    M   2        32 130
23  80  53  67  14   0   2 1.77  0.0    0 16.2 32 160   M    M   4 13     42 160
================================================================================
SM 1470  870       324   6  3.17     2.2 299.1          M       68
================================================================================
AV 63.9 37.8                              13.0 FASTST   M    M   3    MAX(MPH)
                                 MISC ---->  # 43 360               # 52  360
================================================================================
NOTES:
# LAST OF SEVERAL OCCURRENCES

COLUMN 17 PEAK WIND IN M.P.H.

PRELIMINARY LOCAL CLIMATOLOGICAL DATA (WS FORM: F-6) , PAGE 2

                                          STATION:  HASTINGS NE
                                          MONTH:    APRIL
                                          YEAR:     2014
                                          LATITUDE:   40 35 N
                                          LONGITUDE:  98 26 W

[TEMPERATURE DATA]      [PRECIPITATION DATA]       SYMBOLS USED IN COLUMN 16

AVERAGE MONTHLY: 50.9   TOTAL FOR MONTH:   3.17    1 = FOG OR MIST
DPTR FM NORMAL:   1.2   DPTR FM NORMAL:    1.42    2 = FOG REDUCING VISIBILITY
HIGHEST:    84 ON  9    GRTST 24HR  1.77 ON 23-23      TO 1/4 MILE OR LESS
LOWEST:     20 ON  1                               3 = THUNDER
                        SNOW, ICE PELLETS, HAIL    4 = ICE PELLETS
                        TOTAL MONTH:   2.2 INCHES  5 = HAIL
                        GRTST 24HR   1.4 ON   M    6 = FREEZING RAIN OR DRIZZLE
                        GRTST DEPTH:   1 ON 14, 4  7 = DUSTSTORM OR SANDSTORM:
                                                       VSBY 1/2 MILE OR LESS
                                                   8 = SMOKE OR HAZE
[NO. OF DAYS WITH]      [WEATHER - DAYS WITH]      9 = BLOWING SNOW
                                                   X = TORNADO
MAX 32 OR BELOW:   0    0.01 INCH OR MORE:   6
MAX 90 OR ABOVE:   0    0.10 INCH OR MORE:   4
MIN 32 OR BELOW:   8    0.50 INCH OR MORE:   2
MIN  0 OR BELOW:   0    1.00 INCH OR MORE:   1

[HDD (BASE 65) ]
TOTAL THIS MO.   324    CLEAR  (SCALE 0-3)  14
DPTR FM NORMAL   -34    PTCLDY (SCALE 4-7)   7
TOTAL FM JUL 1  6063    CLOUDY (SCALE 8-10)  2
DPTR FM NORMAL   298

[CDD (BASE 65) ]
TOTAL THIS MO.     6
DPTR FM NORMAL     6    [PRESSURE DATA]
TOTAL FM JAN 1     6    HIGHEST SLP M ON M
DPTR FM NORMAL     6    LOWEST  SLP 29.45 ON 23

[REMARKS]




U.S. Dept. of Commerce
NOAA National Weather Service
1325 East West Highway
Silver Spring, MD 20910
E-mail: w-nws.webmaster@noaa.gov
Page last modified: May 16, 2007
NATIONAL WEATHER SERVICE: for Safety, for Work, for Fun - FOR LIFE