246
CXUS53 KGID 011438
CF6HSI

PRELIMINARY LOCAL CLIMATOLOGICAL DATA (WS FORM: F-6)

                                          STATION:   HASTINGS NE
                                          MONTH:     NOVEMBER
                                          YEAR:      2014
                                          LATITUDE:   40 35 N
                                          LONGITUDE:  98 26 W

  TEMPERATURE IN F:       :PCPN:    SNOW:  WIND      :SUNSHINE: SKY     :PK WND
================================================================================
1   2   3   4   5  6A  6B    7    8   9   10  11  12  13   14  15   16   17  18
                                     12Z  AVG MX 2MIN
DY MAX MIN AVG DEP HDD CDD  WTR  SNW DPTH SPD SPD DIR MIN PSBL S-S WX    SPD DR
================================================================================

 1  53  28  41  -5  24   0 0.00  0.0    0 16.1 24 170   M    M   0        34 170
 2  68  42  55  10  10   0 0.00  0.0    0 15.0 22 190   M    M   0        31 190
 3  65  36  51   6  14   0 0.01  0.0    0 14.6 30 330   M    M   4 3      36 330
 4  63  30  47   3  18   0 0.00  0.0    0  9.1 20 280   M    M   0        24 280
 5  69  38  54  10  11   0 0.00  0.0    0 12.8 30 300   M    M   0        37 300
 6  58  32  45   2  20   0 0.00  0.0    0  9.1 15 340   M    M   0        20 350
 7  70  40  55  12  10   0 0.00  0.0    0 13.1 30 350   M    M   0        40 340
 8  55  33  44   2  21   0 0.00  0.0    0 12.4 29 340   M    M   0        36 340
 9  70  35  53  11  12   0 0.00  0.0    0  6.3 14 200   M    M   0        20 210
10  53  21  37  -4  28   0 0.01  0.3    0 21.1 39 340   M    M   5 1      49 340
11  23  13  18 -23  47   0    T    T    T 21.8 33 340   M    M   3        44 340
12  23   9  16 -24  49   0 0.00  0.0    0 18.4 26 330   M    M   3        38 330
13  26   7  17 -23  48   0    T    T    0  8.1 20 340   M    M   0        23 330
14  29   7  18 -22  47   0 0.00  0.0    0  8.5 15 130   M    M   6        18 190
15  26  10  18 -21  47   0 0.10  1.4    T 13.3 29 330   M    M   7 1      35 330
16  31   1  16 -22  49   0 0.00  0.0    1 13.1 32 340   M    M   2        40 330
17  22   4  13 -25  52   0    T    T    1 13.8 29 320   M    M   3        35 320
18  45   3  24 -14  41   0 0.00  0.0    1  8.3 20 310   M    M   1        24 310
19  36  16  26 -11  39   0 0.00  0.0    T 11.3 30 340   M    M   2        36 340
20  39  15  27  -9  38   0 0.00  0.0    0  7.4 13 150   M    M   1        17 140
21  49  19  34  -2  31   0 0.00  0.0    0  7.4 13 200   M    M   3 1      18 190
22  57  31  44   8  21   0 0.00  0.0    0 10.4 17 170   M    M   5 12     24 180
23  54  34  44   9  21   0 0.11  0.0    0 14.5 31 360   M    M   5 12     40 360
24  41  19  30  -5  35   0 0.00  0.0    0 17.3 28 320   M    M   2        37 330
25  46  19  33  -1  32   0 0.00  0.0    0  9.1 17 210   M    M   3        24 210
26  39  18  29  -5  36   0    T    T    0 18.0 36 340   M    M   5        44 340
27  40  15  28  -5  37   0 0.00  0.0    0  9.6 17 170   M    M   2        24 190
28  74  24  49  16  16   0 0.00  0.0    0  7.2 21 250   M    M   0        26 250
29  80  26  53  21  12   0 0.00  0.0    0  5.3 25  20   M    M   0        32 360
30  26  11  19 -13  46   0 0.00  0.0    0 20.6 30  10   M    M   2        39  10
================================================================================
SM 1430  636       912   0  0.23     1.7 373.0          M       64
================================================================================
AV 47.7 21.2                              12.4 FASTST   M    M   2    MAX(MPH)
                                 MISC ---->  # 39 340               # 49  340
================================================================================
NOTES:
# LAST OF SEVERAL OCCURRENCES

COLUMN 17 PEAK WIND IN M.P.H.

PRELIMINARY LOCAL CLIMATOLOGICAL DATA (WS FORM: F-6) , PAGE 2

                                          STATION:  HASTINGS NE
                                          MONTH:    NOVEMBER
                                          YEAR:     2014
                                          LATITUDE:   40 35 N
                                          LONGITUDE:  98 26 W

[TEMPERATURE DATA]      [PRECIPITATION DATA]       SYMBOLS USED IN COLUMN 16

AVERAGE MONTHLY: 34.4   TOTAL FOR MONTH:   0.23    1 = FOG OR MIST
DPTR FM NORMAL:  -4.3   DPTR FM NORMAL:   -1.06    2 = FOG REDUCING VISIBILITY
HIGHEST:    80 ON 29    GRTST 24HR  0.11 ON 23-23      TO 1/4 MILE OR LESS
LOWEST:      1 ON 16                               3 = THUNDER
                        SNOW, ICE PELLETS, HAIL    4 = ICE PELLETS
                        TOTAL MONTH:   1.7 INCHES  5 = HAIL
                        GRTST 24HR   1.4 ON 15-15  6 = FREEZING RAIN OR DRIZZLE
                        GRTST DEPTH:   1 ON 18,17  7 = DUSTSTORM OR SANDSTORM:
                                                       VSBY 1/2 MILE OR LESS
                                                   8 = SMOKE OR HAZE
[NO. OF DAYS WITH]      [WEATHER - DAYS WITH]      9 = BLOWING SNOW
                                                   X = TORNADO
MAX 32 OR BELOW:   8    0.01 INCH OR MORE:   4
MAX 90 OR ABOVE:   0    0.10 INCH OR MORE:   2
MIN 32 OR BELOW:  23    0.50 INCH OR MORE:   0
MIN  0 OR BELOW:   0    1.00 INCH OR MORE:   0

[HDD (BASE 65) ]
TOTAL THIS MO.   912    CLEAR  (SCALE 0-3)  21
DPTR FM NORMAL   124    PTCLDY (SCALE 4-7)   9
TOTAL FM JUL 1  1338    CLOUDY (SCALE 8-10)  0
DPTR FM NORMAL    57

[CDD (BASE 65) ]
TOTAL THIS MO.     0
DPTR FM NORMAL     0    [PRESSURE DATA]
TOTAL FM JAN 1  1018    HIGHEST SLP 30.70 ON 13
DPTR FM NORMAL   -59    LOWEST  SLP 29.31 ON 10

[REMARKS]
#FINAL-11-14#




U.S. Dept. of Commerce
NOAA National Weather Service
1325 East West Highway
Silver Spring, MD 20910
E-mail: w-nws.webmaster@noaa.gov
Page last modified: May 16, 2007
NATIONAL WEATHER SERVICE: for Safety, for Work, for Fun - FOR LIFE