561
CXUS53 KGID 011454
CF6HSI

PRELIMINARY LOCAL CLIMATOLOGICAL DATA (WS FORM: F-6)

                                          STATION:   HASTINGS NE
                                          MONTH:     SEPTEMBER
                                          YEAR:      2014
                                          LATITUDE:   40 35 N
                                          LONGITUDE:  98 26 W

  TEMPERATURE IN F:       :PCPN:    SNOW:  WIND      :SUNSHINE: SKY     :PK WND
================================================================================
1   2   3   4   5  6A  6B    7    8   9   10  11  12  13   14  15   16   17  18
                                     12Z  AVG MX 2MIN
DY MAX MIN AVG DEP HDD CDD  WTR  SNW DPTH SPD SPD DIR MIN PSBL S-S WX    SPD DR
================================================================================

 1  76  57  67  -4   0   2 0.01  0.0    0  6.9 16 360   M    M   2        21 320
 2  81  53  67  -3   0   2 0.00  0.0    0  5.8 14 150   M    M   0        18 140
 3  90  66  78   8   0  13 0.00  0.0    0 10.0 18 180   M    M   3 1      27 170
 4  84  66  75   5   0  10 0.00  0.0    0 12.0 23 360   M    M   3        27 360
 5  66  51  59 -11   6   0 0.06  0.0    0  8.2 24 290   M    M   6 3      33 300
 6  73  46  60  -9   5   0 0.00  0.0    0  3.0  9 350   M    M   0 1      12 360
 7  76  50  63  -6   2   0 0.00  0.0    0  8.1 17 160   M    M   0        22 160
 8  87  58  73   4   0   8 0.00  0.0    0  9.7 18 200   M    M   0        25 210
 9  76  67  72   4   0   7 0.48  0.0    0  7.6 18 260   M    M   4 13     25 280
10  67  49  58 -10   7   0    T  0.0    0 16.3 28 340   M    M  10 1      34 340
11  50  46  48 -20  17   0 0.25  0.0    0 11.0 16  20   M    M  10 1      21  10
12  53  39  46 -21  19   0 0.54  0.0    0  9.0 18 360   M    M   8 1      23  20
13  58  35  47 -20  18   0 0.00  0.0    0  8.2 20 150   M    M   4        26 160
14  70  43  57  -9   8   0 0.00  0.0    0  7.7 20 150   M    M   3        24 150
15  66  47  57  -9   8   0    T  0.0    0 10.2 22  20   M    M   2        29 360
16  69  44  57  -9   8   0 0.00  0.0    0  8.7 16 150   M    M   2        21 140
17  80  49  65   0   0   0 0.00  0.0    0  7.1 14 110   M    M   0        18 110
18  75  61  68   3   0   3 0.00  0.0    0 11.5 21 160   M    M   4 128    30 160
19  88  62  75  11   0  10 0.00  0.0    0 12.2 23 200   M    M   1 1      31 220
20  86  58  72   8   0   7 0.00  0.0    0  7.1 18  40   M    M   0 8      24  40
21  74  50  62  -2   3   0 0.00  0.0    0  7.0 20 350   M    M   0        25  10
22  75  44  60  -3   5   0 0.02  0.0    0  7.7 14 140   M    M   1        23 150
23  68  56  62  -1   3   0 0.40  0.0    0 11.7 20 150   M    M   5 13     27 180
24  80  57  69   7   0   4 0.01  0.0    0  7.8 15 130   M    M   1 3      20 110
25  84  54  69   7   0   4 0.00  0.0    0  5.9 14 150   M    M   1 128    19 140
26  83  59  71   9   0   6 0.00  0.0    0  8.9 18 160   M    M   0        26 150
27  81  57  69   8   0   4 0.00  0.0    0 11.1 22 170   M    M   0        32 160
28  82  60  71  10   0   6 0.00  0.0    0  8.6 16 150   M    M   2        20 170
29  83  59  71  11   0   6 0.00  0.0    0  9.2 17 140   M    M   1        24 150
30  74  62  68   8   0   3 0.01  0.0    0 10.8 20 140   M    M   6 1      26 160
================================================================================
SM 2255 1605       109  95  1.78     0.0 269.0          M       79
================================================================================
AV 75.2 53.5                               9.0 FASTST   M    M   3    MAX(MPH)
                                 MISC ---->  # 28 340               # 34  340
================================================================================
NOTES:
# LAST OF SEVERAL OCCURRENCES

COLUMN 17 PEAK WIND IN M.P.H.

PRELIMINARY LOCAL CLIMATOLOGICAL DATA (WS FORM: F-6) , PAGE 2

                                          STATION:  HASTINGS NE
                                          MONTH:    SEPTEMBER
                                          YEAR:     2014
                                          LATITUDE:   40 35 N
                                          LONGITUDE:  98 26 W

[TEMPERATURE DATA]      [PRECIPITATION DATA]       SYMBOLS USED IN COLUMN 16

AVERAGE MONTHLY: 64.3   TOTAL FOR MONTH:   1.78    1 = FOG OR MIST
DPTR FM NORMAL:  -1.3   DPTR FM NORMAL:   -0.78    2 = FOG REDUCING VISIBILITY
HIGHEST:    90 ON  3    GRTST 24HR  0.79 ON 11-12      TO 1/4 MILE OR LESS
LOWEST:     35 ON 13                               3 = THUNDER
                        SNOW, ICE PELLETS, HAIL    4 = ICE PELLETS
                        TOTAL MONTH:   0.0 INCH    5 = HAIL
                        GRTST 24HR     0.0         6 = FREEZING RAIN OR DRIZZLE
                        GRTST DEPTH:   0           7 = DUSTSTORM OR SANDSTORM:
                                                       VSBY 1/2 MILE OR LESS
                                                   8 = SMOKE OR HAZE
[NO. OF DAYS WITH]      [WEATHER - DAYS WITH]      9 = BLOWING SNOW
                                                   X = TORNADO
MAX 32 OR BELOW:   0    0.01 INCH OR MORE:   9
MAX 90 OR ABOVE:   1    0.10 INCH OR MORE:   4
MIN 32 OR BELOW:   0    0.50 INCH OR MORE:   1
MIN  0 OR BELOW:   0    1.00 INCH OR MORE:   0

[HDD (BASE 65) ]
TOTAL THIS MO.   109    CLEAR  (SCALE 0-3)  20
DPTR FM NORMAL    19    PTCLDY (SCALE 4-7)   8
TOTAL FM JUL 1   115    CLOUDY (SCALE 8-10)  2
DPTR FM NORMAL    19

[CDD (BASE 65) ]
TOTAL THIS MO.    95
DPTR FM NORMAL   -15    [PRESSURE DATA]
TOTAL FM JAN 1  1015    HIGHEST SLP 30.51 ON 12
DPTR FM NORMAL   -48    LOWEST  SLP 29.57 ON  9

[REMARKS]
#FINAL-09-14#




U.S. Dept. of Commerce
NOAA National Weather Service
1325 East West Highway
Silver Spring, MD 20910
E-mail: w-nws.webmaster@noaa.gov
Page last modified: May 16, 2007
NATIONAL WEATHER SERVICE: for Safety, for Work, for Fun - FOR LIFE