455
CXUS53 KGID 290730
CF6HSI
PRELIMINARY LOCAL CLIMATOLOGICAL DATA (WS FORM: F-6)

                                          STATION:   HASTINGS NE
                                          MONTH:     JULY
                                          YEAR:      2014
                                          LATITUDE:   40 35 N
                                          LONGITUDE:  98 26 W

  TEMPERATURE IN F:       :PCPN:    SNOW:  WIND      :SUNSHINE: SKY     :PK WND
================================================================================
1   2   3   4   5  6A  6B    7    8   9   10  11  12  13   14  15   16   17  18
                                     12Z  AVG MX 2MIN
DY MAX MIN AVG DEP HDD CDD  WTR  SNW DPTH SPD SPD DIR MIN PSBL S-S WX    SPD DR
================================================================================

 1  81  58  70  -6   0   5 0.00  0.0    0 11.9 26 330   M    M   0        35 330
 2  74  52  63 -13   2   0 0.00  0.0    0  9.6 21 340   M    M   0        27 340
 3  82  55  69  -7   0   4 0.00  0.0    0  9.6 17 160   M    M   0        23 160
 4  86  64  75  -1   0  10 0.00  0.0    0 13.6 24 150   M    M   2        35 160
 5  89  71  80   3   0  15    T  0.0    0  7.3 16 170   M    M   0        22 160
 6  96  66  81   4   0  16 0.00  0.0    0  4.6 17  30   M    M   0 18     22  20
 7  89  65  77   0   0  12 0.50  0.0    0  6.6 26  30   M    M   3 3      35  30
 8  82  61  72  -5   0   7 0.00  0.0    0  9.4 20 310   M    M   1        30 330
 9  84  58  71  -6   0   6 0.94  0.0    0  9.0 33 320   M    M   3 13     41 320
10  86  66  76  -1   0  11 0.01  0.0    0 12.0 21 160   M    M   1        27 170
11  91  70  81   4   0  16 0.00  0.0    0  9.4 16 160   M    M   2        22 160
12  85  68  77   0   0  12 0.00  0.0    0  7.6 17  20   M    M   1        23  20
13  88  65  77   0   0  12 0.00  0.0    0  4.3 12 340   M    M   0 1      14 330
14  76  54  65 -12   0   0    T  0.0    0  9.9 22 340   M    M   3        29  10
15  73  50  62 -16   3   0 0.00  0.0    0  6.0 15 330   M    M   1        21  10
16  74  57  66 -12   0   1 0.00  0.0    0  5.2 12 150   M    M   5        16 120
17  76  52  64 -14   1   0 0.00  0.0    0  3.9 12 200   M    M   4 1      16 200
18  77  56  67 -11   0   2 0.00  0.0    0  9.0 18 170   M    M   5        26 150
19  82  60  71  -7   0   6 0.00  0.0    0  8.5 17 200   M    M   3 18     25 230
20  94  66  80   2   0  15 0.00  0.0    0 11.1 18 160   M    M   2        28 150
21 100  75  88  10   0  23 0.00  0.0    0  7.8 15 180   M    M   0        21 170
22  90  70  80   2   0  15 0.00  0.0    0  9.5 16  30   M    M   0        24  20
23  83  65  74  -3   0   9 0.00  0.0    0  6.5 16  80   M    M   1        21  80
24  91  66  79   2   0  14 0.00  0.0    0 14.2 24 160   M    M   0        32 160
25  93  73  83   6   0  18    T  0.0    0  8.0 18 200   M    M   0        26 200
26  93  71  82   5   0  17 0.00  0.0    0  6.7 15 350   M    M   2 128    22 360
27  86  63  75  -2   0  10 0.00  0.0    0  8.5 21 340   M    M   1        26 340
28  79  57  68  -9   0   3 0.00  0.0    0  6.4 12  10   M    M   1        15 360
================================================================================
SM 2380 1754         6 259  1.45     0.0 236.1          M       41
================================================================================
AV 85.0 62.6                               8.4 FASTST   M    M   1    MAX(MPH)
                                 MISC ---->  # 33 320               # 41  320
================================================================================
NOTES:
# LAST OF SEVERAL OCCURRENCES

COLUMN 17 PEAK WIND IN M.P.H.

PRELIMINARY LOCAL CLIMATOLOGICAL DATA (WS FORM: F-6) , PAGE 2

                                          STATION:  HASTINGS NE
                                          MONTH:    JULY
                                          YEAR:     2014
                                          LATITUDE:   40 35 N
                                          LONGITUDE:  98 26 W

[TEMPERATURE DATA]      [PRECIPITATION DATA]       SYMBOLS USED IN COLUMN 16

AVERAGE MONTHLY: 73.8   TOTAL FOR MONTH:   1.45    1 = FOG OR MIST
DPTR FM NORMAL:  -3.3   DPTR FM NORMAL:   -1.96    2 = FOG REDUCING VISIBILITY
HIGHEST:   100 ON 21    GRTST 24HR  0.95 ON  9-10      TO 1/4 MILE OR LESS
LOWEST:     50 ON 15                               3 = THUNDER
                        SNOW, ICE PELLETS, HAIL    4 = ICE PELLETS
                        TOTAL MONTH:   0.0 INCH    5 = HAIL
                        GRTST 24HR     0.0         6 = FREEZING RAIN OR DRIZZLE
                        GRTST DEPTH:   0           7 = DUSTSTORM OR SANDSTORM:
                                                       VSBY 1/2 MILE OR LESS
                                                   8 = SMOKE OR HAZE
[NO. OF DAYS WITH]      [WEATHER - DAYS WITH]      9 = BLOWING SNOW
                                                   X = TORNADO
MAX 32 OR BELOW:   0    0.01 INCH OR MORE:   3
MAX 90 OR ABOVE:   8    0.10 INCH OR MORE:   2
MIN 32 OR BELOW:   0    0.50 INCH OR MORE:   2
MIN  0 OR BELOW:   0    1.00 INCH OR MORE:   0

[HDD (BASE 65) ]
TOTAL THIS MO.     6    CLEAR  (SCALE 0-3)  23
DPTR FM NORMAL     6    PTCLDY (SCALE 4-7)   5
TOTAL FM JUL 1     6    CLOUDY (SCALE 8-10)  0
DPTR FM NORMAL     6

[CDD (BASE 65) ]
TOTAL THIS MO.   259
DPTR FM NORMAL   -80    [PRESSURE DATA]
TOTAL FM JAN 1   608    HIGHEST SLP M ON M
DPTR FM NORMAL   -15    LOWEST  SLP 29.67 ON 25

[REMARKS]




U.S. Dept. of Commerce
NOAA National Weather Service
1325 East West Highway
Silver Spring, MD 20910
E-mail: w-nws.webmaster@noaa.gov
Page last modified: May 16, 2007
NATIONAL WEATHER SERVICE: for Safety, for Work, for Fun - FOR LIFE