663
CXUS52 KMHX 290806
CF6HSE
PRELIMINARY LOCAL CLIMATOLOGICAL DATA (WS FORM: F-6)

                                          STATION:   CAPE HATTERAS NC
                                          MONTH:     JANUARY
                                          YEAR:      2015
                                          LATITUDE:   35 13 N
                                          LONGITUDE:  75 37 W

  TEMPERATURE IN F:       :PCPN:    SNOW:  WIND      :SUNSHINE: SKY     :PK WND
================================================================================
1   2   3   4   5  6A  6B    7    8   9   10  11  12  13   14  15   16   17  18
                                     12Z  AVG MX 2MIN
DY MAX MIN AVG DEP HDD CDD  WTR  SNW DPTH SPD SPD DIR MIN PSBL S-S WX    SPD DR
================================================================================

 1  51  40  46   0  19   0 0.00  0.0    0  8.2 17 240   M    M   0        24 230
 2  54  46  50   4  15   0 0.00  0.0    0  6.4 13 260   M    M   6        20 280
 3  68  50  59  13   6   0 0.83  0.0    0 11.0 26 210   M    M   8 1      35 210
 4  70  64  67  21   0   2 0.01  0.0    0 16.0 26 230   M    M   8 18     37 210
 5  65  44  55   9  10   0 0.00  0.0    0 10.1 17 320   M    M   0 1      29 320
 6  54  33  44  -2  21   0 0.00  0.0    0  4.7 13  10   M    M   2        18 360
 7  44  25  35 -11  30   0 0.00  0.0    0  9.3 17 330   M    M   3        30 330
 8  30  18  24 -22  41   0 0.00  0.0    0  8.4 17 340   M    M   3        31 340
 9  48  27  38  -7  27   0 0.00  0.0    0  7.0 14 270   M    M   3        23 280
10  41  34  38  -7  27   0 0.00  0.0    0  7.3 15  20   M    M   0        24  20
11  59  36  48   3  17   0 0.00  0.0    0  7.2 13 160   M    M   0        18 160
12  64  53  59  14   6   0 1.09  0.0    0  8.1 17 170   M    M   8 1      23 260
13  59  43  51   6  14   0 0.02    M    0 12.1 18  20   M    M  10 1      34  30
14  47  39  43  -2  22   0 0.07    M    0  9.4 15 330   M    M  10 1      29 330
15  42  37  40  -5  25   0    T    M    0  6.0 12 360   M    M   8 1      20 330
16  48  36  42  -3  23   0    T    M    0  6.1 14 310   M    M   4        19 300
17  56  41  49   4  16   0 0.00  0.0    0  9.9 24 170   M    M   0        30 140
18  65  46  56  11   9   0 0.55    M    0 14.4 33 180   M    M   3 1      43 180
19  55  44  50   5  15   0 0.00  0.0    0  7.8 15 280   M    M   0        22 270
20  60  53  57  12   8   0 0.00  0.0    0 11.6 18 240   M    M   0 8      24 250
21  59  38  49   4  16   0 0.00  0.0    0  5.4 15  20   M    M   2 18     27  20
22  54  40  47   2  18   0 0.00  0.0    0  6.2 13  50   M    M   4 12     21  40
23  63  43  53   8  12   0 0.29    M    0 12.1 32 180   M    M   8 1      48 180
24  65  43  54   9  11   0 1.71    M    0 16.0 38 190   M    M   9 1      48 190
25  52  41  47   2  18   0 0.00  0.0    0  8.4 20 300   M    M   0        30 300
26  54  43  49   4  16   0 0.00  0.0    0  6.0 17 330   M    M   3        29 330
27  43  33  38  -8  27   0 0.03    T    0 10.5 16 330   M    M  10 1      28 330
28  41  33  37  -9  28   0 0.00  0.0    0  8.5 14  10   M    M   5        29  10
================================================================================
SM 1511 1123       497   2  4.60    T    254.1          M      117
================================================================================
AV 54.0 40.1                               9.1 FASTST   M    M   4    MAX(MPH)
                                 MISC ---->  # 38 190               # 48  180
================================================================================
NOTES:
# LAST OF SEVERAL OCCURRENCES

COLUMN 17 PEAK WIND IN M.P.H.

PRELIMINARY LOCAL CLIMATOLOGICAL DATA (WS FORM: F-6) , PAGE 2

                                          STATION:  CAPE HATTERAS NC
                                          MONTH:    JANUARY
                                          YEAR:     2015
                                          LATITUDE:   35 13 N
                                          LONGITUDE:  75 37 W

[TEMPERATURE DATA]      [PRECIPITATION DATA]       SYMBOLS USED IN COLUMN 16

AVERAGE MONTHLY: 47.0   TOTAL FOR MONTH:   4.60    1 = FOG OR MIST
DPTR FM NORMAL:   1.7   DPTR FM NORMAL:   -0.14    2 = FOG REDUCING VISIBILITY
HIGHEST:    70 ON  4    GRTST 24HR  2.00 ON 23-24      TO 1/4 MILE OR LESS
LOWEST:     18 ON  8                               3 = THUNDER
                        SNOW, ICE PELLETS, HAIL    4 = ICE PELLETS
                        TOTAL MONTH:    T          5 = HAIL
                        GRTST 24HR    T  ON 27-27  6 = FREEZING RAIN OR DRIZZLE
                        GRTST DEPTH:   0           7 = DUSTSTORM OR SANDSTORM:
                                                       VSBY 1/2 MILE OR LESS
                                                   8 = SMOKE OR HAZE
[NO. OF DAYS WITH]      [WEATHER - DAYS WITH]      9 = BLOWING SNOW
                                                   X = TORNADO
MAX 32 OR BELOW:   1    0.01 INCH OR MORE:   9
MAX 90 OR ABOVE:   0    0.10 INCH OR MORE:   5
MIN 32 OR BELOW:   3    0.50 INCH OR MORE:   4
MIN  0 OR BELOW:   0    1.00 INCH OR MORE:   2

[HDD (BASE 65) ]
TOTAL THIS MO.   497    CLEAR  (SCALE 0-3)  13
DPTR FM NORMAL   -56    PTCLDY (SCALE 4-7)  11
TOTAL FM JUL 1  1360    CLOUDY (SCALE 8-10)  4
DPTR FM NORMAL     0

[CDD (BASE 65) ]
TOTAL THIS MO.     2
DPTR FM NORMAL     2    [PRESSURE DATA]
TOTAL FM JAN 1     2    HIGHEST SLP M ON M
DPTR FM NORMAL     2    LOWEST  SLP 29.40 ON 24

[REMARKS]




U.S. Dept. of Commerce
NOAA National Weather Service
1325 East West Highway
Silver Spring, MD 20910
E-mail: w-nws.webmaster@noaa.gov
Page last modified: May 16, 2007
NATIONAL WEATHER SERVICE: for Safety, for Work, for Fun - FOR LIFE