851
CXUS52 KMHX 010806
CF6HSE
PRELIMINARY LOCAL CLIMATOLOGICAL DATA (WS FORM: F-6)

                                          STATION:   CAPE HATTERAS NC
                                          MONTH:     SEPTEMBER
                                          YEAR:      2014
                                          LATITUDE:   35 13 N
                                          LONGITUDE:  75 37 W

  TEMPERATURE IN F:       :PCPN:    SNOW:  WIND      :SUNSHINE: SKY     :PK WND
================================================================================
1   2   3   4   5  6A  6B    7    8   9   10  11  12  13   14  15   16   17  18
                                     12Z  AVG MX 2MIN
DY MAX MIN AVG DEP HDD CDD  WTR  SNW DPTH SPD SPD DIR MIN PSBL S-S WX    SPD DR
================================================================================

 1  86  79  83   6   0  18 0.00  0.0    0 11.5 16 240   M    M   1        24 230
 2  86  78  82   5   0  17 0.00  0.0    0 12.1 18 230   M    M   1        26 230
 3  86  78  82   5   0  17 0.00  0.0    0 11.1 16 240   M    M   1        24 250
 4  86  76  81   4   0  16 0.00  0.0    0  6.4 13 210   M    M   1        17 210
 5  87  77  82   5   0  17 0.00  0.0    0  7.4 10 210   M    M   1        14 210
 6  86  78  82   5   0  17 0.00  0.0    0  9.1 16 220   M    M   1        22 230
 7  84  72  78   2   0  13 0.27  0.0    0  6.7 16 210   M    M   4 1      22 210
 8  81  71  76   0   0  11 1.11  0.0    0  6.1 18 240   M    M   6 1      27 250
 9  79  71  75  -1   0  10 1.31  0.0    0  9.2 22 190   M    M   6 1      28 220
10  80  67  74  -2   0   9    T  0.0    0  6.3 13  30   M    M   5        18  40
11  81  67  74  -2   0   9 0.00  0.0    0  7.4 15 220   M    M   1        20 220
12  84  75  80   4   0  15 0.00  0.0    0  7.8 14  40   M    M   7        21 230
13  83  73  78   3   0  13    T  0.0    0  4.8 13 310   M    M   5        18 330
14  75  68  72  -3   0   7 0.00  0.0    0  9.9 16  40   M    M   9        25  30
15  76  67  72  -3   0   7 0.00  0.0    0  6.7 15  50   M    M   5        20  30
16  80  65  73  -2   0   8 0.62  0.0    0  4.8 10 180   M    M   3 18     13  20
17  78  68  73  -1   0   8    T  0.0    0  9.5 18 110   M    M   5        24  60
18  75  65  70  -4   0   5 0.00  0.0    0  8.1 15  40   M    M   0        23  30
19  77  67  72  -2   0   7 0.00  0.0    0  9.5 17  50   M    M   0        26  40
20  73  67  70  -4   0   5 2.95  0.0    0  8.8 23 100   M    M   6 12     28 120
21  77  70  74   1   0   9 1.39  0.0    0  9.7 20 120   M    M   6 1      26 310
22  77  68  73   0   0   8 0.00  0.0    0  8.3 18 250   M    M   2        24 230
23  69  66  68  -5   0   3 0.14  0.0    0 11.9 18  40   M    M   7 1      30  30
24  78  67  73   1   0   8 2.30  0.0    0 10.2 17 120   M    M   7 1      28  30
25  75  66  71  -1   0   6 0.61  0.0    0  5.9 16 190   M    M   8 1      25 200
26  72  66  69  -3   0   4    T  0.0    0 10.0 16  40   M    M   9 1      25  30
27  73  66  70  -2   0   5 0.00  0.0    0  9.5 16  30   M    M   0        25  40
28  75  66  71   0   0   6 0.00  0.0    0  6.9 13  30   M    M   1        17  20
29  75  66  71   0   0   6 0.07  0.0    0  5.8 10  40   M    M   5        17  30
30  74  62  68  -3   0   3 0.07  0.0    0  7.5 14  40   M    M   5 1      20  10
================================================================================
SM 2368 2092         0 287 10.84     0.0 248.9          M      118
================================================================================
AV 78.9 69.7                               8.3 FASTST   M    M   4    MAX(MPH)
                                 MISC ---->  # 23 100               # 30   30
================================================================================
NOTES:
# LAST OF SEVERAL OCCURRENCES

COLUMN 17 PEAK WIND IN M.P.H.

PRELIMINARY LOCAL CLIMATOLOGICAL DATA (WS FORM: F-6) , PAGE 2

                                          STATION:  CAPE HATTERAS NC
                                          MONTH:    SEPTEMBER
                                          YEAR:     2014
                                          LATITUDE:   35 13 N
                                          LONGITUDE:  75 37 W

[TEMPERATURE DATA]      [PRECIPITATION DATA]       SYMBOLS USED IN COLUMN 16

AVERAGE MONTHLY: 74.3   TOTAL FOR MONTH:  10.84    1 = FOG OR MIST
DPTR FM NORMAL:  -0.2   DPTR FM NORMAL:    4.59    2 = FOG REDUCING VISIBILITY
HIGHEST:    87 ON  5    GRTST 24HR  4.34 ON 20-21      TO 1/4 MILE OR LESS
LOWEST:     62 ON 30                               3 = THUNDER
                        SNOW, ICE PELLETS, HAIL    4 = ICE PELLETS
                        TOTAL MONTH:   0.0 INCH    5 = HAIL
                        GRTST 24HR     0.0         6 = FREEZING RAIN OR DRIZZLE
                        GRTST DEPTH:   0           7 = DUSTSTORM OR SANDSTORM:
                                                       VSBY 1/2 MILE OR LESS
                                                   8 = SMOKE OR HAZE
[NO. OF DAYS WITH]      [WEATHER - DAYS WITH]      9 = BLOWING SNOW
                                                   X = TORNADO
MAX 32 OR BELOW:   0    0.01 INCH OR MORE:  11
MAX 90 OR ABOVE:   0    0.10 INCH OR MORE:   9
MIN 32 OR BELOW:   0    0.50 INCH OR MORE:   7
MIN  0 OR BELOW:   0    1.00 INCH OR MORE:   5

[HDD (BASE 65) ]
TOTAL THIS MO.     0    CLEAR  (SCALE 0-3)  12
DPTR FM NORMAL    -3    PTCLDY (SCALE 4-7)  16
TOTAL FM JUL 1     0    CLOUDY (SCALE 8-10)  2
DPTR FM NORMAL    -3

[CDD (BASE 65) ]
TOTAL THIS MO.   287
DPTR FM NORMAL     1    [PRESSURE DATA]
TOTAL FM JAN 1  1663    HIGHEST SLP 30.22 ON 23
DPTR FM NORMAL    71    LOWEST  SLP 29.70 ON 21

[REMARKS]
#FINAL-09-14#




U.S. Dept. of Commerce
NOAA National Weather Service
1325 East West Highway
Silver Spring, MD 20910
E-mail: w-nws.webmaster@noaa.gov
Page last modified: May 16, 2007
NATIONAL WEATHER SERVICE: for Safety, for Work, for Fun - FOR LIFE