886
CXUS52 KMHX 031900
CF6HSE
PRELIMINARY LOCAL CLIMATOLOGICAL DATA (WS FORM: F-6)

                                          STATION:   CAPE HATTERAS NC
                                          MONTH:     NOVEMBER
                                          YEAR:      2014
                                          LATITUDE:   35 13 N
                                          LONGITUDE:  75 37 W

  TEMPERATURE IN F:       :PCPN:    SNOW:  WIND      :SUNSHINE: SKY     :PK WND
================================================================================
1   2   3   4   5  6A  6B    7    8   9   10  11  12  13   14  15   16   17  18
                                     12Z  AVG MX 2MIN
DY MAX MIN AVG DEP HDD CDD  WTR  SNW DPTH SPD SPD DIR MIN PSBL S-S WX    SPD DR
================================================================================

 1  58  50  54  -7  11   0 0.18  0.0    0 10.4 28 330   M    M   5 1      44 350
 2  50  45  48 -13  17   0    T  0.0    0 16.0 24 320   M    M   7        44 330
 3  58  45  52  -9  13   0 0.00  0.0    0  7.8 14 320   M    M   0        25 330
 4  64  51  58  -3   7   0 0.00  0.0    0  7.9 15 260   M    M   0        21 270
 5  69  57  63   3   2   0 0.00  0.0    0  7.1 13 250   M    M   0        18 260
 6  71  54  63   3   2   0 0.03  0.0    0 12.3 24 240   M    M   1 1      40 320
 7  61  50  56  -4   9   0    T  0.0    0  9.9 20 310   M    M   2        29 300
 8  62  50  56  -4   9   0 0.00  0.0    0  4.6 10 340   M    M   2        17 340
 9  58  50  54  -5  11   0 0.24  0.0    0  3.7  9  20   M    M   3 1      19  20
10  65  50  58  -1   7   0    T  0.0    0  5.9 12  20   M    M   1        17  30
11  68  59  64   5   1   0 1.54  0.0    0  5.9 15 120   M    M   9 12     20 130
12  67  59  63   4   2   0 0.00  0.0    0  5.9  9  30   M    M  10 12     15 330
13  64  49  57  -1   8   0 0.07  0.0    0  6.9 15  30   M    M   6 1      23  20
14  50  41  46 -12  19   0 0.07  0.0    0  9.4 15  20   M    M   8 1      29  20
15  47  39  43 -15  22   0 0.00  0.0    0  7.3 13  20   M    M   0        23 360
16  67  43  55  -3  10   0 0.35  0.0    0  7.7 23 180   M    M   7 1      31 140
17  71  56  64   7   1   0 0.12  0.0    0 12.4 23 210   M    M   4 1      33 190
18  65  34  50  -7  15   0 0.00  0.0    0 11.5 17 310   M    M   2        29 320
19  44  31  38 -19  27   0 0.00  0.0    0  8.4 15 250   M    M   0        27 330
20  55  43  49  -7  16   0 0.00  0.0    0 11.9 21 250   M    M   0        29 250
21  50  39  45 -11  20   0 0.00  0.0    0  9.5 14  10   M    M   0        24 360
22  53  40  47  -9  18   0 0.00  0.0    0  5.4 10  10   M    M   0        17  10
23  68  42  55  -1  10   0 0.16  0.0    0 12.2 31 170   M    M   4 1      40 160
24  70  64  67  12   0   2 0.66  0.0    0 13.8 35 170   M    M   9 1      46 170
25  69  57  63   8   2   0 0.14  0.0    0  5.4 13 180   M    M   7 1      19 250
26  72  42  57   2   8   0 0.71  0.0    0 14.8 30 210   M    M   9 1      40 210
27  58  36  47  -7  18   0    T  0.0    0  7.3 15 330   M    M   6        25 320
28  45  37  41 -13  24   0 0.00  0.0    0  7.9 15 330   M    M   1        27 330
29  57  29  43 -11  22   0 0.00  0.0    0  4.1 14 230   M    M   0        20 220
30  62  48  55   1  10   0 0.00  0.0    0  9.6 17 230   M    M   0        27 220
================================================================================
SM 1818 1390       341   2  4.27     0.0 262.9          M      103
================================================================================
AV 60.6 46.3                               8.8 FASTST   M    M   3    MAX(MPH)
                                 MISC ---->  # 35 170               # 46  170
================================================================================
NOTES:
# LAST OF SEVERAL OCCURRENCES

COLUMN 17 PEAK WIND IN M.P.H.

PRELIMINARY LOCAL CLIMATOLOGICAL DATA (WS FORM: F-6) , PAGE 2

                                          STATION:  CAPE HATTERAS NC
                                          MONTH:    NOVEMBER
                                          YEAR:     2014
                                          LATITUDE:   35 13 N
                                          LONGITUDE:  75 37 W

[TEMPERATURE DATA]      [PRECIPITATION DATA]       SYMBOLS USED IN COLUMN 16

AVERAGE MONTHLY: 53.5   TOTAL FOR MONTH:   4.27    1 = FOG OR MIST
DPTR FM NORMAL:  -4.1   DPTR FM NORMAL:   -0.68    2 = FOG REDUCING VISIBILITY
HIGHEST:    72 ON 26    GRTST 24HR  1.54 ON 11-11      TO 1/4 MILE OR LESS
LOWEST:     29 ON 29                               3 = THUNDER
                        SNOW, ICE PELLETS, HAIL    4 = ICE PELLETS
                        TOTAL MONTH:   0.0 INCH    5 = HAIL
                        GRTST 24HR     0.0         6 = FREEZING RAIN OR DRIZZLE
                        GRTST DEPTH:   0           7 = DUSTSTORM OR SANDSTORM:
                                                       VSBY 1/2 MILE OR LESS
                                                   8 = SMOKE OR HAZE
[NO. OF DAYS WITH]      [WEATHER - DAYS WITH]      9 = BLOWING SNOW
                                                   X = TORNADO
MAX 32 OR BELOW:   0    0.01 INCH OR MORE:  12
MAX 90 OR ABOVE:   0    0.10 INCH OR MORE:   9
MIN 32 OR BELOW:   2    0.50 INCH OR MORE:   3
MIN  0 OR BELOW:   0    1.00 INCH OR MORE:   1

[HDD (BASE 65) ]
TOTAL THIS MO.   341    CLEAR  (SCALE 0-3)  17
DPTR FM NORMAL    98    PTCLDY (SCALE 4-7)   9
TOTAL FM JUL 1   401    CLOUDY (SCALE 8-10)  4
DPTR FM NORMAL    83

[CDD (BASE 65) ]
TOTAL THIS MO.     2
DPTR FM NORMAL   -19    [PRESSURE DATA]
TOTAL FM JAN 1  1764    HIGHEST SLP 30.57 ON 22
DPTR FM NORMAL    53    LOWEST  SLP 29.51 ON  1

[REMARKS]
REMOVING MISSING SNOWFALL.
#FINAL-11-14#




U.S. Dept. of Commerce
NOAA National Weather Service
1325 East West Highway
Silver Spring, MD 20910
E-mail: w-nws.webmaster@noaa.gov
Page last modified: May 16, 2007
NATIONAL WEATHER SERVICE: for Safety, for Work, for Fun - FOR LIFE