453
CXUS54 KLZK 311330
CF6HRO
PRELIMINARY LOCAL CLIMATOLOGICAL DATA (WS FORM: F-6)

                                          STATION:   Harrison
                                          MONTH:     JULY
                                          YEAR:      2014
                                          LATITUDE:   36 15 N
                                          LONGITUDE:  93  9 W

  TEMPERATURE IN F:       :PCPN:    SNOW:  WIND      :SUNSHINE: SKY     :PK WND
================================================================================
1   2   3   4   5  6A  6B    7    8   9   10  11  12  13   14  15   16   17  18
                                     12Z  AVG MX 2MIN
DY MAX MIN AVG DEP HDD CDD  WTR  SNW DPTH SPD SPD DIR MIN PSBL S-S WX    SPD DR
================================================================================

 1  88  72  80   3   0  15 0.00  0.0    M  5.7 15 250   M    M   3        21 260
 2  81  60  71  -6   0   6 0.00  0.0    0  5.6 13 310   M    M   0        22 300
 3  79  54  67 -10   0   2 0.00  0.0    0  2.8 10  10   M    M   0        16  10
 4  81  57  69  -8   0   4 0.00  0.0    0  5.0 10 120   M    M   2        17  80
 5  83  61  72  -6   0   7 0.00  0.0    0  7.4 15 170   M    M   2        18 170
 6  82  64  73  -5   0   8    T  0.0    0  5.4 13 160   M    M   2        16 210
 7  88  73  81   3   0  16 0.00  0.0    0  6.4 17 260   M    M   1 3      23 270
 8  87  66  77  -1   0  12 0.07  0.0    0  6.4 28  20   M    M   3 13     37  20
 9  85  63  74  -4   0   9 0.00  0.0    0  2.8 10 310   M    M   1        14  10
10  83  60  72  -6   0   7 0.08  0.0    0  4.6 14 160   M    M   4 13     17 150
11  91  66  79   1   0  14 0.00  0.0    0  4.9 12 150   M    M   2        21 160
12  92  72  82   4   0  17 0.00  0.0    0  4.0 12 170   M    M   1        25 290
13  93  71  82   4   0  17 0.00  0.0    0  5.7 15 250   M    M   2        23 250
14  85  67  76  -2   0  11 0.11  0.0    0  3.8 14 360   M    M   3 13     21 330
15  77  55  66 -12   0   1 0.00  0.0    0  5.5 14 310   M    M   1        23 300
16  75  62  69  -9   0   4 0.00  0.0    0  2.1  6 150   M    M   1         M  M
17  73  59  66 -13   0   1 0.01  0.0    0  6.3 13 150   M    M   6        17 150
18  74  57  66 -13   0   1 0.00  0.0    0  5.8 14 100   M    M   7 1      21 110
19  79  55  67 -12   0   2 0.00  0.0    0  3.3  9 150   M    M   4 1      13 170
20  83  58  71  -8   0   6 0.00  0.0    0  4.0 12 160   M    M   2 1      15 150
21  87  59  73  -6   0   8 0.00  0.0    0  4.7 10 170   M    M   0 1      17 150
22  93  66  80   1   0  15 0.00  0.0    0  3.4  9 160   M    M   1 1      12 150
23  95  68  82   3   0  17 2.90  0.0    0  4.8 28 280   M    M   4 123    38 280
24  83  66  75  -4   0  10 0.00  0.0    0  5.9 15 110   M    M   4 12     19 100
25  88  64  76  -3   0  11 0.00  0.0    0  9.3 15 160   M    M   0        19 170
26  93  72  83   4   0  18 0.00  0.0    0  6.9 14 230   M    M   0 18     22 240
27  90  70  80   1   0  15    T  0.0    0  7.3 21 270   M    M   1        29 250
28  84  63  74  -5   0   9 0.00  0.0    0  6.0 14 310   M    M   0        20 320
29  83  57  70  -9   0   5 0.00  0.0    0  2.7  9 310   M    M   1        14 190
30  70  64  67 -12   0   2 2.17  0.0    0  2.6 12  10   M    M   9 1      14 360
================================================================================
SM 2525 1901         0 270  5.34     0.0 151.1          M       67
================================================================================
AV 84.2 63.4                               5.0 FASTST   M    M   2    MAX(MPH)
                                 MISC ---->  # 28  20               # 38  280
================================================================================
NOTES:
# LAST OF SEVERAL OCCURRENCES

COLUMN 17 PEAK WIND IN M.P.H.

PRELIMINARY LOCAL CLIMATOLOGICAL DATA (WS FORM: F-6) , PAGE 2

                                          STATION:  Harrison
                                          MONTH:    JULY
                                          YEAR:     2014
                                          LATITUDE:   36 15 N
                                          LONGITUDE:  93  9 W

[TEMPERATURE DATA]      [PRECIPITATION DATA]       SYMBOLS USED IN COLUMN 16

AVERAGE MONTHLY: 73.8   TOTAL FOR MONTH:   5.34    1 = FOG OR MIST
DPTR FM NORMAL:  -4.6   DPTR FM NORMAL:    2.30    2 = FOG REDUCING VISIBILITY
HIGHEST:    95 ON 23    GRTST 24HR  2.90 ON 23-23      TO 1/4 MILE OR LESS
LOWEST:     54 ON  3                               3 = THUNDER
                        SNOW, ICE PELLETS, HAIL    4 = ICE PELLETS
                        TOTAL MONTH:   0.0 INCH    5 = HAIL
                        GRTST 24HR     0.0         6 = FREEZING RAIN OR DRIZZLE
                        GRTST DEPTH:   0           7 = DUSTSTORM OR SANDSTORM:
                                                       VSBY 1/2 MILE OR LESS
                                                   8 = SMOKE OR HAZE
[NO. OF DAYS WITH]      [WEATHER - DAYS WITH]      9 = BLOWING SNOW
                                                   X = TORNADO
MAX 32 OR BELOW:   0    0.01 INCH OR MORE:   6
MAX 90 OR ABOVE:   7    0.10 INCH OR MORE:   3
MIN 32 OR BELOW:   0    0.50 INCH OR MORE:   2
MIN  0 OR BELOW:   0    1.00 INCH OR MORE:   2

[HDD (BASE 65) ]
TOTAL THIS MO.     0    CLEAR  (SCALE 0-3)  23
DPTR FM NORMAL     0    PTCLDY (SCALE 4-7)   6
TOTAL FM JUL 1     0    CLOUDY (SCALE 8-10)  1
DPTR FM NORMAL     0

[CDD (BASE 65) ]
TOTAL THIS MO.   270
DPTR FM NORMAL  -131    [PRESSURE DATA]
TOTAL FM JAN 1   732    HIGHEST SLP M ON M
DPTR FM NORMAL   -73    LOWEST  SLP 29.82 ON  7

[REMARKS]
ALL SNOWFALL DATA IS FROM THE HARRISON COOPERATIVE OBSERVER SITE




U.S. Dept. of Commerce
NOAA National Weather Service
1325 East West Highway
Silver Spring, MD 20910
E-mail: w-nws.webmaster@noaa.gov
Page last modified: May 16, 2007
NATIONAL WEATHER SERVICE: for Safety, for Work, for Fun - FOR LIFE