010
CXUS54 KLZK 311430
CF6HRO
PRELIMINARY LOCAL CLIMATOLOGICAL DATA (WS FORM: F-6)

                                          STATION:   Harrison
                                          MONTH:     JANUARY
                                          YEAR:      2015
                                          LATITUDE:   36 15 N
                                          LONGITUDE:  93  9 W

  TEMPERATURE IN F:       :PCPN:    SNOW:  WIND      :SUNSHINE: SKY     :PK WND
================================================================================
1   2   3   4   5  6A  6B    7    8   9   10  11  12  13   14  15   16   17  18
                                     12Z  AVG MX 2MIN
DY MAX MIN AVG DEP HDD CDD  WTR  SNW DPTH SPD SPD DIR MIN PSBL S-S WX    SPD DR
================================================================================

 1  39  31  35  -1  30   0 0.12  0.0    0  2.8  8 280   M    M  10 1      11 270
 2  37  33  35  -1  30   0 0.86  0.0    0  4.9 17 120   M    M  10 1      20 120
 3  49  36  43   7  22   0 0.59  0.0    0  5.9 20 120   M    M  10 1      25 250
 4  41  16  29  -7  36   0 0.02    T    0 11.9 24 300   M    M   6 1      33 310
 5  37  11  24 -12  41   0 0.00  0.0    0  7.6 22 160   M    M   0        31 160
 6  42  25  34  -2  31   0 0.00  0.0    0  7.8 17 280   M    M   0        25 280
 7  28   4  16 -20  49   0    T    T    0 10.7 22 340   M    M   4        33 330
 8  32   2  17 -19  48   0 0.00  0.0    0  8.4 18 160   M    M   0        23 170
 9  30  13  22 -14  43   0 0.00  0.0    0  8.9 18 350   M    M   3        24 330
10  35   7  21 -15  44   0 0.00  0.0    0  8.7 16 160   M    M   4        19 150
11  37  28  33  -3  32   0 0.08  0.0    0  8.6 21 160   M    M  10 126    24 160
12  34  23  29  -7  36   0 0.01  0.0    0  7.3 14  20   M    M   7 12     22 340
13  34  14  24 -12  41   0 0.00  0.0    0  4.0 10  10   M    M   0        15  50
14  44  18  31  -5  34   0 0.00  0.0    0  2.3  8  20   M    M   4        11 350
15  47  31  39   3  26   0    T    T    0  5.5 14 270   M    M   4        17 310
16  60  32  46  10  19   0 0.00  0.0    0  5.8 13 180   M    M   0        15 170
17  64  35  50  14  15   0 0.00  0.0    0  9.1 20 270   M    M   0        31 260
18  65  39  52  16  13   0 0.00  0.0    0  8.9 20 250   M    M   0        29 270
19  70  51  61  25   4   0 0.00  0.0    0  6.9 18 240   M    M   0 8      28 250
20  53  37  45   9  20   0    T  0.0    0  6.4 18 350   M    M   3        26 330
21  52  37  45   8  20   0 0.00  0.0    0  5.7 14 310   M    M   3        17 340
22  43  31  37   0  28   0 0.00  0.0    0  2.3  8  60   M    M   7        10  30
23  45  26  36  -1  29   0 0.00  0.0    0  5.0 15 300   M    M   2 18     20 300
24  58  32  45   8  20   0 0.00  0.0    0  9.5 17 240   M    M   0        27 260
25  53  36  45   8  20   0 0.14    M    0 15.1 24 300   M    M   9 1      38 310
26  60  33  47  10  18   0 0.00  0.0    0  8.6 17 250   M    M   3        24 250
27  64  42  53  16  12   0 0.00  0.0    0  5.5 12 290   M    M   0        15 290
28  68  37  53  16  12   0 0.00  0.0    0 13.7 23 170   M    M   0        30 170
29  64  32  48  11  17   0 0.00  0.0    0 11.7 22 310   M    M   4        31 320
30  47  25  36  -2  29   0 0.00  0.0    0  4.7  9  50   M    M   0        12 310
================================================================================
SM 1432  817       819   0  1.82    T    224.2          M      103
================================================================================
AV 47.7 27.2                               7.5 FASTST   M    M   3    MAX(MPH)
                                 MISC ---->  # 24 300               # 38  310
================================================================================
NOTES:
# LAST OF SEVERAL OCCURRENCES

COLUMN 17 PEAK WIND IN M.P.H.

PRELIMINARY LOCAL CLIMATOLOGICAL DATA (WS FORM: F-6) , PAGE 2

                                          STATION:  Harrison
                                          MONTH:    JANUARY
                                          YEAR:     2015
                                          LATITUDE:   36 15 N
                                          LONGITUDE:  93  9 W

[TEMPERATURE DATA]      [PRECIPITATION DATA]       SYMBOLS USED IN COLUMN 16

AVERAGE MONTHLY: 37.5   TOTAL FOR MONTH:   1.82    1 = FOG OR MIST
DPTR FM NORMAL:   1.1   DPTR FM NORMAL:   -0.66    2 = FOG REDUCING VISIBILITY
HIGHEST:    70 ON 19    GRTST 24HR  1.16 ON  2- 3      TO 1/4 MILE OR LESS
LOWEST:      2 ON  8                               3 = THUNDER
                        SNOW, ICE PELLETS, HAIL    4 = ICE PELLETS
                        TOTAL MONTH:    T          5 = HAIL
                        GRTST 24HR    T  ON 15-15  6 = FREEZING RAIN OR DRIZZLE
                        GRTST DEPTH:   0           7 = DUSTSTORM OR SANDSTORM:
                                                       VSBY 1/2 MILE OR LESS
                                                   8 = SMOKE OR HAZE
[NO. OF DAYS WITH]      [WEATHER - DAYS WITH]      9 = BLOWING SNOW
                                                   X = TORNADO
MAX 32 OR BELOW:   3    0.01 INCH OR MORE:   7
MAX 90 OR ABOVE:   0    0.10 INCH OR MORE:   4
MIN 32 OR BELOW:  19    0.50 INCH OR MORE:   2
MIN  0 OR BELOW:   0    1.00 INCH OR MORE:   0

[HDD (BASE 65) ]
TOTAL THIS MO.   819    CLEAR  (SCALE 0-3)  14
DPTR FM NORMAL   -40    PTCLDY (SCALE 4-7)  11
TOTAL FM JUL 1  2452    CLOUDY (SCALE 8-10)  5
DPTR FM NORMAL    -6

[CDD (BASE 65) ]
TOTAL THIS MO.     0
DPTR FM NORMAL     0    [PRESSURE DATA]
TOTAL FM JAN 1     0    HIGHEST SLP M ON M
DPTR FM NORMAL     0    LOWEST  SLP 29.67 ON 25

[REMARKS]
ALL SNOWFALL DATA IS FROM THE HARRISON COOPERATIVE OBSERVER SITE




U.S. Dept. of Commerce
NOAA National Weather Service
1325 East West Highway
Silver Spring, MD 20910
E-mail: w-nws.webmaster@noaa.gov
Page last modified: May 16, 2007
NATIONAL WEATHER SERVICE: for Safety, for Work, for Fun - FOR LIFE