829
CXUS54 KLZK 281330
CF6HRO
PRELIMINARY LOCAL CLIMATOLOGICAL DATA (WS FORM: F-6)

                                          STATION:   Harrison
                                          MONTH:     AUGUST
                                          YEAR:      2014
                                          LATITUDE:   36 15 N
                                          LONGITUDE:  93  9 W

  TEMPERATURE IN F:       :PCPN:    SNOW:  WIND      :SUNSHINE: SKY     :PK WND
================================================================================
1   2   3   4   5  6A  6B    7    8   9   10  11  12  13   14  15   16   17  18
                                     12Z  AVG MX 2MIN
DY MAX MIN AVG DEP HDD CDD  WTR  SNW DPTH SPD SPD DIR MIN PSBL S-S WX    SPD DR
================================================================================

 1  80  63  72  -7   0   7 0.00  0.0    0  2.1  9  90   M    M   7 12     15 130
 2  85  61  73  -6   0   8 0.00  0.0    0  2.0 10  50   M    M   2 1      13 360
 3  86  62  74  -5   0   9 0.00  0.0    0  2.1  9  70   M    M   0 1      13  70
 4  86  61  74  -5   0   9 0.00  0.0    0  2.9  8 160   M    M   0 1      13  20
 5  90  65  78  -1   0  13 0.00  0.0    0  3.3  9 270   M    M   0        14 280
 6  89  67  78  -1   0  13 0.00  0.0    0  4.3 12 180   M    M   1 1      14 210
 7  89  68  79   0   0  14 0.23  0.0    0  4.6 15 330   M    M   3 13     21 320
 8  90  70  80   1   0  15 0.00  0.0    0  3.1 12 340   M    M   2 1      20 330
 9  90  65  78  -1   0  13 0.57  0.0    0  2.8 32 310   M    M   3 13     45 310
10  89  63  76  -3   0  11 0.00  0.0    0  4.3 12 270   M    M   1 1      16 280
11  85  68  77  -2   0  12 0.00  0.0    0  7.6 14 320   M    M   3        20 340
12  81  60  71  -7   0   6 0.00  0.0    0  5.8 15 310   M    M   1        20 340
13  82  55  69  -9   0   4 0.00  0.0    0  3.4  7 140   M    M   1        22 270
14  85  59  72  -6   0   7 0.00  0.0    0  2.3  8 190   M    M   0 1      13 110
15  85  63  74  -4   0   9 0.00  0.0    0  5.1 13 160   M    M   0        17 160
16  88  68  78   0   0  13    T  0.0    0  6.6 14 230   M    M   1 3      19 230
17  89  71  80   2   0  15 0.21  0.0    0  5.1 16 240   M    M   3 13     23 230
18  90  70  80   2   0  15 0.00  0.0    0  5.4 10 280   M    M   1 1      14 270
19  92  70  81   3   0  16 0.00  0.0    0  5.5 16 270   M    M   0        24 280
20  90  73  82   4   0  17 0.00  0.0    0  6.7 15 180   M    M   0        20 180
21  91  72  82   5   0  17 0.00  0.0    0  7.7 15 160   M    M   0        21 240
22  94  72  83   6   0  18 0.00  0.0    0  5.8 13 180   M    M   1        16 180
23  96  72  84   7   0  19 0.00  0.0    0  5.6 14 160   M    M   0        18 170
24  94  69  82   5   0  17 0.00  0.0    0  3.5 13 150   M    M   0        21 130
25  94  68  81   5   0  16 0.00  0.0    0  3.5 13 150   M    M   0 3      15 200
26  94  67  81   5   0  16 0.00  0.0    0  2.4 10 130   M    M   0 1      18 120
27  94  69  82   6   0  17 0.00  0.0    0  3.1 15 140   M    M   1 1      19 150
================================================================================
SM 2398 1791         0 346  1.01     0.0 116.6          M       31
================================================================================
AV 88.8 66.3                               4.3 FASTST   M    M   1    MAX(MPH)
                                 MISC ---->  # 32 310               # 45  310
================================================================================
NOTES:
# LAST OF SEVERAL OCCURRENCES

COLUMN 17 PEAK WIND IN M.P.H.

PRELIMINARY LOCAL CLIMATOLOGICAL DATA (WS FORM: F-6) , PAGE 2

                                          STATION:  Harrison
                                          MONTH:    AUGUST
                                          YEAR:     2014
                                          LATITUDE:   36 15 N
                                          LONGITUDE:  93  9 W

[TEMPERATURE DATA]      [PRECIPITATION DATA]       SYMBOLS USED IN COLUMN 16

AVERAGE MONTHLY: 77.6   TOTAL FOR MONTH:   1.01    1 = FOG OR MIST
DPTR FM NORMAL:  -0.5   DPTR FM NORMAL:   -2.11    2 = FOG REDUCING VISIBILITY
HIGHEST:    96 ON 23    GRTST 24HR  0.57 ON  9- 9      TO 1/4 MILE OR LESS
LOWEST:     55 ON 13                               3 = THUNDER
                        SNOW, ICE PELLETS, HAIL    4 = ICE PELLETS
                        TOTAL MONTH:   0.0 INCH    5 = HAIL
                        GRTST 24HR     0.0         6 = FREEZING RAIN OR DRIZZLE
                        GRTST DEPTH:   0           7 = DUSTSTORM OR SANDSTORM:
                                                       VSBY 1/2 MILE OR LESS
                                                   8 = SMOKE OR HAZE
[NO. OF DAYS WITH]      [WEATHER - DAYS WITH]      9 = BLOWING SNOW
                                                   X = TORNADO
MAX 32 OR BELOW:   0    0.01 INCH OR MORE:   3
MAX 90 OR ABOVE:  13    0.10 INCH OR MORE:   3
MIN 32 OR BELOW:   0    0.50 INCH OR MORE:   1
MIN  0 OR BELOW:   0    1.00 INCH OR MORE:   0

[HDD (BASE 65) ]
TOTAL THIS MO.     0    CLEAR  (SCALE 0-3)  25
DPTR FM NORMAL     0    PTCLDY (SCALE 4-7)   2
TOTAL FM JUL 1     1    CLOUDY (SCALE 8-10)  0
DPTR FM NORMAL     1

[CDD (BASE 65) ]
TOTAL THIS MO.   346
DPTR FM NORMAL    -8    [PRESSURE DATA]
TOTAL FM JAN 1  1077    HIGHEST SLP M ON M
DPTR FM NORMAL   -95    LOWEST  SLP 29.81 ON 18

[REMARKS]
ALL SNOWFALL DATA IS FROM THE HARRISON COOPERATIVE OBSERVER SITE




U.S. Dept. of Commerce
NOAA National Weather Service
1325 East West Highway
Silver Spring, MD 20910
E-mail: w-nws.webmaster@noaa.gov
Page last modified: May 16, 2007
NATIONAL WEATHER SERVICE: for Safety, for Work, for Fun - FOR LIFE