566
CXUS54 KLZK 041931
CF6HRO
PRELIMINARY LOCAL CLIMATOLOGICAL DATA (WS FORM: F-6)

                                          STATION:   Harrison
                                          MONTH:     NOVEMBER
                                          YEAR:      2014
                                          LATITUDE:   36 15 N
                                          LONGITUDE:  93  9 W

  TEMPERATURE IN F:       :PCPN:    SNOW:  WIND      :SUNSHINE: SKY     :PK WND
================================================================================
1   2   3   4   5  6A  6B    7    8   9   10  11  12  13   14  15   16   17  18
                                     12Z  AVG MX 2MIN
DY MAX MIN AVG DEP HDD CDD  WTR  SNW DPTH SPD SPD DIR MIN PSBL S-S WX    SPD DR
================================================================================

 1  52  25  39 -15  26   0 0.00  0.0    0  3.4 10 150   M    M   0        12 160
 2  61  37  49  -5  16   0 0.00  0.0    0 11.4 21 170   M    M   4        26 160
 3  70  45  58   4   7   0 0.00  0.0    0 11.0 20 180   M    M   3        25 180
 4  62  45  54   1  11   0 1.24  0.0    0  6.4 16 180   M    M   9 1      22 190
 5  57  44  51  -2  14   0 0.00  0.0    0  3.1 13 270   M    M   2 12     18 270
 6  59  35  47  -5  18   0 0.00  0.0    0  9.0 21 320   M    M   0        28 320
 7  63  31  47  -5  18   0 0.00  0.0    0  7.6 16 170   M    M   0        20 170
 8  58  36  47  -5  18   0 0.00  0.0    0  9.6 20 280   M    M   1        29 260
 9  68  30  49  -2  16   0 0.00  0.0    0  6.7 15 150   M    M   0        20 150
10  72  48  60   9   5   0 0.00  0.0    0 12.8 22 180   M    M   0        33 210
11  63  27  45  -5  20   0    T    T    0 10.5 21 300   M    M   7 1      31 320
12  36  25  31 -19  34   0    T    T    0  9.4 16 320   M    M   5        23 340
13  33  20  27 -23  38   0 0.00  0.0    0  8.7 16 330   M    M   2        23 330
14  35  17  26 -23  39   0 0.00  0.0    0  2.7  8  60   M    M   0        12  40
15  38  21  30 -19  35   0 0.04    T    0  5.9 15 170   M    M   5 34     19 150
16  36  23  30 -18  35   0 0.07  0.6    0  5.0 15 310   M    M   9 12     22 300
17  30  18  24 -24  41   0 0.00  0.0    1 10.6 22 320   M    M   2        34 320
18  44  13  29 -19  36   0 0.00  0.0    0  6.3 15 230   M    M   0        26 250
19  55  30  43  -4  22   0 0.00  0.0    0  9.3 21 240   M    M   0        31 250
20  54  23  39  -8  26   0 0.00  0.0    0  6.3 12 110   M    M   0        15 130
21  44  36  40  -6  25   0    T  0.0    0  9.9 16 140   M    M  10 12     21 150
22  55  44  50   4  15   0 0.61  0.0    0 10.9 20 170   M    M   8 1      26 160
23  63  44  54   9  11   0 0.10  0.0    0 10.3 21 160   M    M   8 1      30 290
24  52  35  44  -1  21   0 0.02  0.0    0 11.8 22 270   M    M   2 1      36 260
25  48  29  39  -5  26   0 0.00  0.0    0  5.3 13 290   M    M   0        16 280
26  51  27  39  -5  26   0    T  0.0    0 10.5 23 300   M    M   4        37 300
27  45  27  36  -8  29   0 0.00  0.0    0  6.0 17 320   M    M   4 8      27 300
28  61  31  46   3  19   0 0.00  0.0    0 10.4 18 170   M    M   0        25 160
29  74  49  62  19   3   0 0.00  0.0    0 10.8 22 210   M    M   0        36 210
30  75  39  57  15   8   0 0.00  0.0    0 12.8 23 220   M    M   3        37 210
================================================================================
SM 1614  954       658   0  2.08     0.6 254.4          M       88
================================================================================
AV 53.8 31.8                               8.5 FASTST   M    M   3    MAX(MPH)
                                 MISC ---->  # 23 300               # 37  300
================================================================================
NOTES:
# LAST OF SEVERAL OCCURRENCES

COLUMN 17 PEAK WIND IN M.P.H.

PRELIMINARY LOCAL CLIMATOLOGICAL DATA (WS FORM: F-6) , PAGE 2

                                          STATION:  Harrison
                                          MONTH:    NOVEMBER
                                          YEAR:     2014
                                          LATITUDE:   36 15 N
                                          LONGITUDE:  93  9 W

[TEMPERATURE DATA]      [PRECIPITATION DATA]       SYMBOLS USED IN COLUMN 16

AVERAGE MONTHLY: 42.8   TOTAL FOR MONTH:   2.08    1 = FOG OR MIST
DPTR FM NORMAL:  -5.7   DPTR FM NORMAL:   -2.15    2 = FOG REDUCING VISIBILITY
HIGHEST:    75 ON 30    GRTST 24HR  1.24 ON  4- 4      TO 1/4 MILE OR LESS
LOWEST:     13 ON 18                               3 = THUNDER
                        SNOW, ICE PELLETS, HAIL    4 = ICE PELLETS
                        TOTAL MONTH:   0.6 INCH    5 = HAIL
                        GRTST 24HR   0.6 ON   M    6 = FREEZING RAIN OR DRIZZLE
                        GRTST DEPTH:   1 ON 17     7 = DUSTSTORM OR SANDSTORM:
                                                       VSBY 1/2 MILE OR LESS
                                                   8 = SMOKE OR HAZE
[NO. OF DAYS WITH]      [WEATHER - DAYS WITH]      9 = BLOWING SNOW
                                                   X = TORNADO
MAX 32 OR BELOW:   1    0.01 INCH OR MORE:   6
MAX 90 OR ABOVE:   0    0.10 INCH OR MORE:   3
MIN 32 OR BELOW:  17    0.50 INCH OR MORE:   2
MIN  0 OR BELOW:   0    1.00 INCH OR MORE:   1

[HDD (BASE 65) ]
TOTAL THIS MO.   658    CLEAR  (SCALE 0-3)  18
DPTR FM NORMAL   159    PTCLDY (SCALE 4-7)   8
TOTAL FM JUL 1   854    CLOUDY (SCALE 8-10)  4
DPTR FM NORMAL    90

[CDD (BASE 65) ]
TOTAL THIS MO.     0
DPTR FM NORMAL    -4    [PRESSURE DATA]
TOTAL FM JAN 1  1354    HIGHEST SLP 30.55 ON 13
DPTR FM NORMAL   -62    LOWEST  SLP 29.28 ON 23

[REMARKS]
#FINAL-11-14#




U.S. Dept. of Commerce
NOAA National Weather Service
1325 East West Highway
Silver Spring, MD 20910
E-mail: w-nws.webmaster@noaa.gov
Page last modified: May 16, 2007
NATIONAL WEATHER SERVICE: for Safety, for Work, for Fun - FOR LIFE