009
CXUS54 KBRO 260900
CF6HRL
PRELIMINARY LOCAL CLIMATOLOGICAL DATA (WS FORM: F-6)

                                          STATION:   HARLINGEN
                                          MONTH:     NOVEMBER
                                          YEAR:      2014
                                          LATITUDE:   26 13 N
                                          LONGITUDE:  97 40 W

  TEMPERATURE IN F:       :PCPN:    SNOW:  WIND      :SUNSHINE: SKY     :PK WND
================================================================================
1   2   3   4   5  6A  6B    7    8   9   10  11  12  13   14  15   16   17  18
                                     12Z  AVG MX 2MIN
DY MAX MIN AVG DEP HDD CDD  WTR  SNW DPTH SPD SPD DIR MIN PSBL S-S WX    SPD DR
================================================================================

 1  80  53  67  -6   0   2 0.00  0.0    0  7.0 18  60   M    M   1        23  80
 2  79  57  68  -4   0   3 0.00  0.0    0 11.4 22 110   M    M   4        26 120
 3  83  65  74   2   0   9    T  0.0    0 12.8 25 160   M    M   7        31 170
 4  86  64  75   3   0  10    T  0.0    0 11.5 28 160   M    M   3        32 160
 5  84  67  76   4   0  11 0.03  0.0    0  6.0 23 210   M    M   9 1      29 200
 6  68  61  65  -6   0   0    M  0.0    0 13.7 26 360   M    M   9 1      35 360
 7  62  54  58 -13   7   0    M  0.0    0 12.7 20 350   M    M  10 1      25 350
 8  75  54  65  -6   0   0 0.04  0.0    0  6.6 14 350   M    M   4 1      18 320
 9  77  52  65  -5   0   0 0.00  0.0    0  6.9 12  10   M    M   0        13  30
10  82  51  67  -3   0   2 0.00  0.0    0 11.2 28 170   M    M   1        32 190
11  84  55  70   0   0   5 2.24  0.0    0 10.4 25  10   M    M   5 1      31 360
12  55  45  50 -20  15   0 0.66    M    0 17.3 23 350   M    M  10 1      30 340
13  49  38  44 -25  21   0 0.02    M    0 16.6 29 350   M    M  10 1      36 340
14  51  42  47 -22  18   0    T    M    0 11.6 17 350   M    M  10 1      21 340
15  61  44  53 -16  12   0 0.04    M    0  6.9 14 340   M    M   9 1      17 340
16  80  53  67  -1   0   2 0.02  0.0    0  8.7 29 350   M    M   9 12     36 360
17  56  38  47 -21  18   0    T    M    0 17.4 31 360   M    M   5 1      40 350
18  61  40  51 -17  14   0 0.00  0.0    0  9.4 16 340   M    M   9        18  50
19  69  49  59  -8   6   0    T    M    0  5.4 10 330   M    M  10        13 300
20  76  62  69   2   0   4    T  0.0    0  9.1 22 170   M    M   8 1      26 170
21  79  67  73   6   0   8 0.10  0.0    0 12.1 26 150   M    M   8 1      32 150
22  82  62  72   6   0   7 1.94  0.0    0 13.3 28 170   M    M   7 13     32 170
23  84  56  70   4   0   5 0.02  0.0    0  5.5 13 200   M    M   2 123    16 200
24  67  55  61  -5   4   0 0.00  0.0    0  9.2 24 360   M    M   4 12     30 350
25  70  46  58  -7   7   0 0.00  0.0    0  7.8 20 360   M    M   5        24 350
================================================================================
SM 1800 1330       122  68  5.11     0.0 260.5          M      159
================================================================================
AV 72.0 53.2                              10.4 FASTST   M    M   6    MAX(MPH)
                                 MISC ---->  # 31 360               # 40  350
================================================================================
NOTES:
# LAST OF SEVERAL OCCURRENCES

COLUMN 17 PEAK WIND IN M.P.H.

PRELIMINARY LOCAL CLIMATOLOGICAL DATA (WS FORM: F-6) , PAGE 2

                                          STATION:  HARLINGEN
                                          MONTH:    NOVEMBER
                                          YEAR:     2014
                                          LATITUDE:   26 13 N
                                          LONGITUDE:  97 40 W

[TEMPERATURE DATA]      [PRECIPITATION DATA]       SYMBOLS USED IN COLUMN 16

AVERAGE MONTHLY: 62.6   TOTAL FOR MONTH:   5.11    1 = FOG OR MIST
DPTR FM NORMAL:  -6.6   DPTR FM NORMAL:    3.80    2 = FOG REDUCING VISIBILITY
HIGHEST:    86 ON  4    GRTST 24HR  2.70 ON 11-12      TO 1/4 MILE OR LESS
LOWEST:     38 ON 17,13                            3 = THUNDER
                        SNOW, ICE PELLETS, HAIL    4 = ICE PELLETS
                        TOTAL MONTH:   0.0 INCH    5 = HAIL
                        GRTST 24HR     0.0         6 = FREEZING RAIN OR DRIZZLE
                        GRTST DEPTH:   0           7 = DUSTSTORM OR SANDSTORM:
                                                       VSBY 1/2 MILE OR LESS
                                                   8 = SMOKE OR HAZE
[NO. OF DAYS WITH]      [WEATHER - DAYS WITH]      9 = BLOWING SNOW
                                                   X = TORNADO
MAX 32 OR BELOW:   0    0.01 INCH OR MORE:  10
MAX 90 OR ABOVE:   0    0.10 INCH OR MORE:   4
MIN 32 OR BELOW:   0    0.50 INCH OR MORE:   3
MIN  0 OR BELOW:   0    1.00 INCH OR MORE:   2

[HDD (BASE 65) ]
TOTAL THIS MO.   122    CLEAR  (SCALE 0-3)   4
DPTR FM NORMAL    86    PTCLDY (SCALE 4-7)  10
TOTAL FM JUL 1   122    CLOUDY (SCALE 8-10) 11
DPTR FM NORMAL    83

[CDD (BASE 65) ]
TOTAL THIS MO.    68
DPTR FM NORMAL   -75    [PRESSURE DATA]
TOTAL FM JAN 1  3819    HIGHEST SLP M ON M
DPTR FM NORMAL  -100    LOWEST  SLP 29.63 ON 23

[REMARKS]




U.S. Dept. of Commerce
NOAA National Weather Service
1325 East West Highway
Silver Spring, MD 20910
E-mail: w-nws.webmaster@noaa.gov
Page last modified: May 16, 2007
NATIONAL WEATHER SERVICE: for Safety, for Work, for Fun - FOR LIFE