633
CXUS54 KBRO 170900
CF6HRL
PRELIMINARY LOCAL CLIMATOLOGICAL DATA (WS FORM: F-6)

                                          STATION:   HARLINGEN
                                          MONTH:     APRIL
                                          YEAR:      2014
                                          LATITUDE:   26 13 N
                                          LONGITUDE:  97 40 W

  TEMPERATURE IN F:       :PCPN:    SNOW:  WIND      :SUNSHINE: SKY     :PK WND
================================================================================
1   2   3   4   5  6A  6B    7    8   9   10  11  12  13   14  15   16   17  18
                                     12Z  AVG MX 2MIN
DY MAX MIN AVG DEP HDD CDD  WTR  SNW DPTH SPD SPD DIR MIN PSBL S-S WX    SPD DR
================================================================================

 1  80  71  76   4   0  11 0.00  0.0    0 13.4 22 140   M    M  10        26 130
 2  90  72  81   8   0  16 0.00  0.0    0 21.5 37 170   M    M   3 1      46 170
 3  91  73  82   9   0  17 0.00  0.0    0 17.7 26 170   M    M   7        33 170
 4  82  69  76   3   0  11    T  0.0    0 15.0 32  30   M    M   9 18     38  20
 5  72  67  70  -3   0   5 0.02  0.0    0  6.7 13  70   M    M  10 1      15  50
 6  79  63  71  -3   0   6 0.02  0.0    0  8.3 21  20   M    M  10 1      25  20
 7  78  52  65  -9   0   0 0.02  0.0    0  8.7 17 360   M    M   2        21 360
 8  87  51  69  -5   0   4 0.01  0.0    0 10.8 25 330   M    M   0 1      40 310
 9  85  50  68  -6   0   3 0.00  0.0    0 11.1 22 160   M    M   0        26 180
10  85  61  73  -1   0   8 0.00  0.0    0 17.6 29 160   M    M   0        38 180
11  88  65  77   3   0  12 0.00  0.0    0 15.8 25 150   M    M   0        31 150
12  85  67  76   1   0  11 0.00  0.0    0 17.4 29 160   M    M   6        36 150
13  88  73  81   6   0  16 0.00  0.0    0 19.1 31 170   M    M   6        43 160
14  85  55  70  -5   0   5 0.02  0.0    0 15.8 44 350   M    M   9        51 350
15  71  45  58 -17   7   0 0.00  0.0    0 13.3 25  10   M    M   0        35  50
16  77  43  60 -16   5   0 0.00  0.0    0  9.5 23 130   M    M   2        26 130
================================================================================
SM 1323  977        12 125  0.09     0.0 221.7          M       74
================================================================================
AV 82.7 61.1                              13.9 FASTST   M    M   5    MAX(MPH)
                                 MISC ---->  # 44 350               # 51  350
================================================================================
NOTES:
# LAST OF SEVERAL OCCURRENCES

COLUMN 17 PEAK WIND IN M.P.H.

PRELIMINARY LOCAL CLIMATOLOGICAL DATA (WS FORM: F-6) , PAGE 2

                                          STATION:  HARLINGEN
                                          MONTH:    APRIL
                                          YEAR:     2014
                                          LATITUDE:   26 13 N
                                          LONGITUDE:  97 40 W

[TEMPERATURE DATA]      [PRECIPITATION DATA]       SYMBOLS USED IN COLUMN 16

AVERAGE MONTHLY: 71.9   TOTAL FOR MONTH:   0.09    1 = FOG OR MIST
DPTR FM NORMAL:  -2.1   DPTR FM NORMAL:   -0.82    2 = FOG REDUCING VISIBILITY
HIGHEST:    91 ON  3    GRTST 24HR  0.04 ON  5- 6      TO 1/4 MILE OR LESS
LOWEST:     43 ON 16                               3 = THUNDER
                        SNOW, ICE PELLETS, HAIL    4 = ICE PELLETS
                        TOTAL MONTH:   0.0 INCH    5 = HAIL
                        GRTST 24HR     0.0         6 = FREEZING RAIN OR DRIZZLE
                        GRTST DEPTH:   0           7 = DUSTSTORM OR SANDSTORM:
                                                       VSBY 1/2 MILE OR LESS
                                                   8 = SMOKE OR HAZE
[NO. OF DAYS WITH]      [WEATHER - DAYS WITH]      9 = BLOWING SNOW
                                                   X = TORNADO
MAX 32 OR BELOW:   0    0.01 INCH OR MORE:   5
MAX 90 OR ABOVE:   2    0.10 INCH OR MORE:   0
MIN 32 OR BELOW:   0    0.50 INCH OR MORE:   0
MIN  0 OR BELOW:   0    1.00 INCH OR MORE:   0

[HDD (BASE 65) ]
TOTAL THIS MO.    12    CLEAR  (SCALE 0-3)   7
DPTR FM NORMAL     5    PTCLDY (SCALE 4-7)   4
TOTAL FM JUL 1   930    CLOUDY (SCALE 8-10)  5
DPTR FM NORMAL   309

[CDD (BASE 65) ]
TOTAL THIS MO.   125
DPTR FM NORMAL   -26    [PRESSURE DATA]
TOTAL FM JAN 1   348    HIGHEST SLP M ON M
DPTR FM NORMAL   -98    LOWEST  SLP 29.59 ON  6

[REMARKS]




U.S. Dept. of Commerce
NOAA National Weather Service
1325 East West Highway
Silver Spring, MD 20910
E-mail: w-nws.webmaster@noaa.gov
Page last modified: May 16, 2007
NATIONAL WEATHER SERVICE: for Safety, for Work, for Fun - FOR LIFE