185
CXUS55 KSEW 280930
CF6HQM
PRELIMINARY LOCAL CLIMATOLOGICAL DATA (WS FORM: F-6)

                                          STATION:   HOQUIAM WA AIRPORT
                                          MONTH:     NOVEMBER
                                          YEAR:      2014
                                          LATITUDE:   46 58 N
                                          LONGITUDE: 123 56 W

  TEMPERATURE IN F:       :PCPN:    SNOW:  WIND      :SUNSHINE: SKY     :PK WND
================================================================================
1   2   3   4   5  6A  6B    7    8   9   10  11  12  13   14  15   16   17  18
                                     12Z  AVG MX 2MIN
DY MAX MIN AVG DEP HDD CDD  WTR  SNW DPTH SPD SPD DIR MIN PSBL S-S WX    SPD DR
================================================================================

 1  58  39  49   0  16   0    T  0.0    0  5.1 14 240   M    M   5 12     18 250
 2  57  41  49   0  16   0 1.34  0.0    0  7.4 18 180   M    M   9 1      21 180
 3  58  55  57   9   8   0 1.26  0.0    0 13.4 32 170   M    M  10 1      38 160
 4  60  51  56   8   9   0 0.44  0.0    0  8.8 33 180   M    M   7 1      40 180
 5  58  52  55   7  10   0 0.28  0.0    0  7.8 12  50   M    M  10 1      15  50
 6  60  47  54   6  11   0 0.27  0.0    0 17.3 35 230   M    M   9 1      42 220
 7  56  40  48   0  17   0 0.00  0.0    0  4.5  8  90   M    M   1 1       9  50
 8  54  37  46  -1  19   0 0.00  0.0    0  5.4 14  80   M    M   0 1      15  90
 9  57  44  51   4  14   0 0.46  0.0    0 13.0 25 270   M    M   8 1      35 270
10  57  39  48   1  17   0 0.00  0.0    0  7.7 15  40   M    M   1 1      19  70
11  49  36  43  -4  22   0 0.00  0.0    0 17.9 32  60   M    M   0        41  50
12  45  33  39  -8  26   0 0.00  0.0    0 19.6 29  60   M    M   1        39  70
13  44  33  39  -7  26   0 0.00  0.0    0 13.0 23  50   M    M   2        33  50
14  46  25  36 -10  29   0 0.00  0.0    0  7.2 14  70   M    M   0 1      16  70
15  48  25  37  -9  28   0 0.00  0.0    0  9.8 21  50   M    M   0 1      28  50
16  52  28  40  -6  25   0 0.00  0.0    0 11.5 20  80   M    M   0        23  90
17  53  30  42  -3  23   0 0.00  0.0    0 10.9 18  70   M    M   0 1      23  70
18  49  30  40  -5  25   0 0.00  0.0    0 10.9 15  70   M    M   1 1      17  70
19  54  38  46   1  19   0 0.04  0.0    0 12.0 18  70   M    M   2 1      24  50
20  52  45  49   4  16   0 0.27  0.0    0  7.1 10  60   M    M  10 1      14  70
21  55  48  52   7  13   0 1.31  0.0    0 12.3 32 150   M    M  10 1      40 150
22  53  41  47   3  18   0 0.38  0.0    0  6.6 26 220   M    M   6 1      37 230
23  55  42  49   5  16   0 0.35  0.0    0 12.2 38 190   M    M   6 13     52 180
24  55  38  47   3  18   0 0.50  0.0    0 11.5 31 170   M    M   7 1      37 180
25  56  52  54  10  11   0 0.74  0.0    0 15.7 25 200   M    M  10 1      30 200
26  56  53  55  11  10   0 0.28  0.0    0 12.2 30 180   M    M  10 1      37 180
27  57  55  56  13   9   0 0.50  0.0    0 17.8 29 180   M    M  10 1      35 180
================================================================================
SM 1454 1097       471   0  8.42     0.0 298.6          M      135
================================================================================
AV 53.9 40.6                              11.1 FASTST   M    M   5    MAX(MPH)
                                 MISC ---->  # 38 190               # 52  180
================================================================================
NOTES:
# LAST OF SEVERAL OCCURRENCES

COLUMN 17 PEAK WIND IN M.P.H.

PRELIMINARY LOCAL CLIMATOLOGICAL DATA (WS FORM: F-6) , PAGE 2

                                          STATION:  HOQUIAM WA AIRPORT
                                          MONTH:    NOVEMBER
                                          YEAR:     2014
                                          LATITUDE:   46 58 N
                                          LONGITUDE: 123 56 W

[TEMPERATURE DATA]      [PRECIPITATION DATA]       SYMBOLS USED IN COLUMN 16

AVERAGE MONTHLY: 47.2   TOTAL FOR MONTH:   8.42    1 = FOG OR MIST
DPTR FM NORMAL:   1.1   DPTR FM NORMAL:   -1.62    2 = FOG REDUCING VISIBILITY
HIGHEST:    60 ON  6, 4 GRTST 24HR  1.70 ON  2- 3      TO 1/4 MILE OR LESS
LOWEST:     25 ON 15,14                            3 = THUNDER
                        SNOW, ICE PELLETS, HAIL    4 = ICE PELLETS
                        TOTAL MONTH:   0.0 INCH    5 = HAIL
                        GRTST 24HR     0.0         6 = FREEZING RAIN OR DRIZZLE
                        GRTST DEPTH:   0           7 = DUSTSTORM OR SANDSTORM:
                                                       VSBY 1/2 MILE OR LESS
                                                   8 = SMOKE OR HAZE
[NO. OF DAYS WITH]      [WEATHER - DAYS WITH]      9 = BLOWING SNOW
                                                   X = TORNADO
MAX 32 OR BELOW:   0    0.01 INCH OR MORE:  15
MAX 90 OR ABOVE:   0    0.10 INCH OR MORE:  14
MIN 32 OR BELOW:   5    0.50 INCH OR MORE:   6
MIN  0 OR BELOW:   0    1.00 INCH OR MORE:   3

[HDD (BASE 65) ]
TOTAL THIS MO.   471    CLEAR  (SCALE 0-3)  12
DPTR FM NORMAL   -39    PTCLDY (SCALE 4-7)   6
TOTAL FM JUL 1   978    CLOUDY (SCALE 8-10)  9
DPTR FM NORMAL  -431

[CDD (BASE 65) ]
TOTAL THIS MO.     0
DPTR FM NORMAL     0    [PRESSURE DATA]
TOTAL FM JAN 1    48    HIGHEST SLP M ON M
DPTR FM NORMAL    25    LOWEST  SLP 29.25 ON 21

[REMARKS]




U.S. Dept. of Commerce
NOAA National Weather Service
1325 East West Highway
Silver Spring, MD 20910
E-mail: w-nws.webmaster@noaa.gov
Page last modified: May 16, 2007
NATIONAL WEATHER SERVICE: for Safety, for Work, for Fun - FOR LIFE