660
CXUS55 KSEW 310930
CF6HQM
PRELIMINARY LOCAL CLIMATOLOGICAL DATA (WS FORM: F-6)

                                          STATION:   HOQUIAM WA AIRPORT
                                          MONTH:     AUGUST
                                          YEAR:      2014
                                          LATITUDE:   46 58 N
                                          LONGITUDE: 123 56 W

  TEMPERATURE IN F:       :PCPN:    SNOW:  WIND      :SUNSHINE: SKY     :PK WND
================================================================================
1   2   3   4   5  6A  6B    7    8   9   10  11  12  13   14  15   16   17  18
                                     12Z  AVG MX 2MIN
DY MAX MIN AVG DEP HDD CDD  WTR  SNW DPTH SPD SPD DIR MIN PSBL S-S WX    SPD DR
================================================================================

 1  74  52  63   2   2   0 0.00  0.0    0  5.4 14 230   M    M   0 1      16 240
 2  64  55  60  -1   5   0 0.00  0.0    0  8.0 14 220   M    M  10 1      17 220
 3  73  56  65   4   0   0 0.00  0.0    0  7.6 17 230   M    M   5 1      19 230
 4  66  54  60  -1   5   0 0.00  0.0    0  9.1 18 270   M    M   7 12     24 260
 5  66  56  61   0   4   0 0.00  0.0    0 11.5 17 210   M    M  10 1      22 260
 6  68  56  62   1   3   0 0.00  0.0    0 10.0 21 240   M    M   6 1      24 240
 7  67  54  61   0   4   0 0.00  0.0    0 10.0 20 240   M    M   5 1      26 280
 8  69  56  63   2   2   0 0.00  0.0    0 11.0 21 240   M    M   1 1      25 250
 9  74  50  62   1   3   0 0.00  0.0    0  5.8 17 270   M    M   0 1      21 270
10  83  50  67   6   0   2 0.00  0.0    0  5.3 15 240   M    M   0 1      16 240
11  86  54  70   9   0   5 0.00  0.0    0  8.0 16 240   M    M   2 1      19 240
12  68  55  62   1   3   0 0.08  0.0    0  7.3 20 130   M    M   7 123    27 360
13  63  58  61   0   4   0 0.60  0.0    0  5.9 10 170   M    M   8 1      13 180
14  72  58  65   4   0   0 0.01  0.0    0  5.9 15 250   M    M   8 1      17 260
15  67  57  62   1   3   0 0.04  0.0    0  5.4 13 230   M    M   8 1      16 210
16  73  56  65   4   0   0 0.00  0.0    0  4.9 15 270   M    M   4 12     18 240
17  72  56  64   3   1   0 0.00  0.0    0  5.6 15 250   M    M   6 12     19 250
18  74  55  65   4   0   0 0.00  0.0    0  6.6 18 230   M    M   4 12     22 240
19  67  56  62   1   3   0 0.00  0.0    0 10.8 18 270   M    M   8 1      23 250
20  66  57  62   1   3   0 0.00  0.0    0  9.1 15 220   M    M  10 1      18 220
21  67  55  61   0   4   0 0.00  0.0    0  5.6 13 230   M    M   7 1      16 240
22  62  55  59  -2   6   0 0.00  0.0    0  5.5 15 230   M    M   9 1      18 240
23  68  54  61   0   4   0 0.00  0.0    0  6.9 18 220   M    M   6 12     21 220
24  69  55  62   1   3   0 0.00  0.0    0  7.4 20 230   M    M   7 1      21 230
25  74  54  64   3   1   0 0.00  0.0    0  6.3 17 230   M    M   4 12     19 200
26  70  55  63   2   2   0 0.00  0.0    0  7.7 20 230   M    M   5 12     22 230
27  67  54  61   0   4   0 0.00  0.0    0  9.2 21 240   M    M   8 1      24 230
28  68  57  63   2   2   0 0.00  0.0    0  8.7 16 220   M    M   9 1      19 210
29  68  55  62   1   3   0 0.01  0.0    0  6.3 17 220   M    M   7 1      21 220
30  68  57  63   2   2   0 1.25  0.0    0  7.5 20 250   M    M   7 1      24 250
================================================================================
SM 2093 1652        76   7  1.99     0.0 224.3          M      178
================================================================================
AV 69.8 55.1                               7.5 FASTST   M    M   6    MAX(MPH)
                                 MISC ---->  # 21 240               # 27  360
================================================================================
NOTES:
# LAST OF SEVERAL OCCURRENCES

COLUMN 17 PEAK WIND IN M.P.H.

PRELIMINARY LOCAL CLIMATOLOGICAL DATA (WS FORM: F-6) , PAGE 2

                                          STATION:  HOQUIAM WA AIRPORT
                                          MONTH:    AUGUST
                                          YEAR:     2014
                                          LATITUDE:   46 58 N
                                          LONGITUDE: 123 56 W

[TEMPERATURE DATA]      [PRECIPITATION DATA]       SYMBOLS USED IN COLUMN 16

AVERAGE MONTHLY: 62.4   TOTAL FOR MONTH:   1.99    1 = FOG OR MIST
DPTR FM NORMAL:   1.4   DPTR FM NORMAL:    0.75    2 = FOG REDUCING VISIBILITY
HIGHEST:    86 ON 11    GRTST 24HR  1.25 ON 30-30      TO 1/4 MILE OR LESS
LOWEST:     50 ON 10, 9                            3 = THUNDER
                        SNOW, ICE PELLETS, HAIL    4 = ICE PELLETS
                        TOTAL MONTH:   0.0 INCH    5 = HAIL
                        GRTST 24HR     0.0         6 = FREEZING RAIN OR DRIZZLE
                        GRTST DEPTH:   0           7 = DUSTSTORM OR SANDSTORM:
                                                       VSBY 1/2 MILE OR LESS
                                                   8 = SMOKE OR HAZE
[NO. OF DAYS WITH]      [WEATHER - DAYS WITH]      9 = BLOWING SNOW
                                                   X = TORNADO
MAX 32 OR BELOW:   0    0.01 INCH OR MORE:   6
MAX 90 OR ABOVE:   0    0.10 INCH OR MORE:   2
MIN 32 OR BELOW:   0    0.50 INCH OR MORE:   2
MIN  0 OR BELOW:   0    1.00 INCH OR MORE:   1

[HDD (BASE 65) ]
TOTAL THIS MO.    76    CLEAR  (SCALE 0-3)   5
DPTR FM NORMAL   -44    PTCLDY (SCALE 4-7)  19
TOTAL FM JUL 1   191    CLOUDY (SCALE 8-10)  6
DPTR FM NORMAL   -93

[CDD (BASE 65) ]
TOTAL THIS MO.     7
DPTR FM NORMAL     7    [PRESSURE DATA]
TOTAL FM JAN 1    30    HIGHEST SLP M ON M
DPTR FM NORMAL    21    LOWEST  SLP 29.83 ON 12

[REMARKS]




U.S. Dept. of Commerce
NOAA National Weather Service
1325 East West Highway
Silver Spring, MD 20910
E-mail: w-nws.webmaster@noaa.gov
Page last modified: May 16, 2007
NATIONAL WEATHER SERVICE: for Safety, for Work, for Fun - FOR LIFE