468
CXUS55 KSEW 310930
CF6HQM
PRELIMINARY LOCAL CLIMATOLOGICAL DATA (WS FORM: F-6)

                                          STATION:   HOQUIAM WA AIRPORT
                                          MONTH:     JANUARY
                                          YEAR:      2015
                                          LATITUDE:   46 58 N
                                          LONGITUDE: 123 56 W

  TEMPERATURE IN F:       :PCPN:    SNOW:  WIND      :SUNSHINE: SKY     :PK WND
================================================================================
1   2   3   4   5  6A  6B    7    8   9   10  11  12  13   14  15   16   17  18
                                     12Z  AVG MX 2MIN
DY MAX MIN AVG DEP HDD CDD  WTR  SNW DPTH SPD SPD DIR MIN PSBL S-S WX    SPD DR
================================================================================

 1  45  26  36  -6  29   0 0.00  0.0    0  5.7 13  80   M    M   0 1      16  90
 2  47  29  38  -4  27   0 0.11  0.0    0  5.0 17 170   M    M   6 12     21 170
 3  41  33  37  -5  28   0    T  0.0    0  7.9 14  50   M    M   9 12     16  70
 4  53  38  46   4  19   0 4.58  0.0    0 15.8 30 180   M    M  10 1      40 160
 5  53  51  52  10  13   0 2.58  0.0    0 15.8 29 200   M    M  10 1      37 190
 6  55  44  50   8  15   0 0.00  0.0    0  8.0 14  90   M    M   5 12     16  80
 7  51  42  47   5  18   0 0.00  0.0    0 12.0 18  80   M    M   4 12     20  80
 8  50  41  46   4  19   0 0.00  0.0    0 14.4 20  80   M    M   0 1      26  70
 9  52  39  46   4  19   0    T  0.0    0  7.1 14  70   M    M   3 1      16  70
10  49  46  48   6  17   0 0.07  0.0    0  2.1  7  70   M    M  10 1       8  70
11  50  44  47   5  18   0 0.07  0.0    0  4.3  8  70   M    M   9 12     10  70
12  53  44  49   6  16   0    T  0.0    0  7.5 14  80   M    M   8 1      20  50
13  51  40  46   3  19   0 0.00  0.0    0  9.7 18  40   M    M   4 12     24  50
14  51  37  44   1  21   0 0.00  0.0    0 11.9 21  50   M    M   0 1      27  50
15  51  35  43   0  22   0 0.46  0.0    0 11.7 21 210   M    M   9 1      26 220
16  52  41  47   4  18   0 0.01  0.0    0  6.0 21 270   M    M   4 1      25 280
17  56  42  49   6  16   0 1.48  0.0    0 15.4 40 190   M    M   9 1      52 190
18  54  48  51   8  14   0 0.37  0.0    0 20.6 38 200   M    M   8 13     48 200
19  52  36  44   1  21   0    T  0.0    0  3.6 12 260   M    M   2 12     14 200
20  51  36  44   1  21   0 0.00  0.0    0  8.6 15  40   M    M   4 12     19  40
21  50  35  43   0  22   0    T  0.0    0  8.6 14  80   M    M   5 1      19 100
22  51  43  47   4  18   0 0.11  0.0    0  6.8 12  80   M    M   9 1      14  50
23  54  48  51   8  14   0 0.89  0.0    0 13.9 23 170   M    M  10 1      30 180
24  55  51  53  10  12   0 0.27  0.0    0  2.9 18 180   M    M  10 1      22 190
25  60  47  54  11  11   0 0.00  0.0    0  7.7 15  80   M    M   5 1      17  80
26  57  43  50   7  15   0 0.00  0.0    0  8.1 18 180   M    M   7 12     23 180
27  53  45  49   6  16   0    T  0.0    0  4.8 14 270   M    M  10 1      19 290
28  53  35  44   1  21   0 0.00  0.0    0  8.0 15  80   M    M   5 12     18  70
29  57  40  49   6  16   0 0.00  0.0    0  8.4 15  80   M    M   0 1      17  80
30  56  34  45   2  20   0 0.00  0.0    0  6.2 12  80   M    M   1 12     14  80
================================================================================
SM 1563 1213       555   0 11.00     0.0 268.5          M      176
================================================================================
AV 52.1 40.4                               9.0 FASTST   M    M   6    MAX(MPH)
                                 MISC ---->  # 40 190               # 52  190
================================================================================
NOTES:
# LAST OF SEVERAL OCCURRENCES

COLUMN 17 PEAK WIND IN M.P.H.

PRELIMINARY LOCAL CLIMATOLOGICAL DATA (WS FORM: F-6) , PAGE 2

                                          STATION:  HOQUIAM WA AIRPORT
                                          MONTH:    JANUARY
                                          YEAR:     2015
                                          LATITUDE:   46 58 N
                                          LONGITUDE: 123 56 W

[TEMPERATURE DATA]      [PRECIPITATION DATA]       SYMBOLS USED IN COLUMN 16

AVERAGE MONTHLY: 46.3   TOTAL FOR MONTH:  11.00    1 = FOG OR MIST
DPTR FM NORMAL:   3.6   DPTR FM NORMAL:    0.97    2 = FOG REDUCING VISIBILITY
HIGHEST:    60 ON 25    GRTST 24HR  6.88 ON  4- 5      TO 1/4 MILE OR LESS
LOWEST:     26 ON  1                               3 = THUNDER
                        SNOW, ICE PELLETS, HAIL    4 = ICE PELLETS
                        TOTAL MONTH:   0.0 INCH    5 = HAIL
                        GRTST 24HR     0.0         6 = FREEZING RAIN OR DRIZZLE
                        GRTST DEPTH:   0           7 = DUSTSTORM OR SANDSTORM:
                                                       VSBY 1/2 MILE OR LESS
                                                   8 = SMOKE OR HAZE
[NO. OF DAYS WITH]      [WEATHER - DAYS WITH]      9 = BLOWING SNOW
                                                   X = TORNADO
MAX 32 OR BELOW:   0    0.01 INCH OR MORE:  12
MAX 90 OR ABOVE:   0    0.10 INCH OR MORE:   9
MIN 32 OR BELOW:   2    0.50 INCH OR MORE:   4
MIN  0 OR BELOW:   0    1.00 INCH OR MORE:   3

[HDD (BASE 65) ]
TOTAL THIS MO.   555    CLEAR  (SCALE 0-3)   6
DPTR FM NORMAL  -116    PTCLDY (SCALE 4-7)  12
TOTAL FM JUL 1  2203    CLOUDY (SCALE 8-10) 12
DPTR FM NORMAL  -671

[CDD (BASE 65) ]
TOTAL THIS MO.     0
DPTR FM NORMAL     0    [PRESSURE DATA]
TOTAL FM JAN 1     0    HIGHEST SLP M ON M
DPTR FM NORMAL     0    LOWEST  SLP 29.45 ON 17

[REMARKS]




U.S. Dept. of Commerce
NOAA National Weather Service
1325 East West Highway
Silver Spring, MD 20910
E-mail: w-nws.webmaster@noaa.gov
Page last modified: May 16, 2007
NATIONAL WEATHER SERVICE: for Safety, for Work, for Fun - FOR LIFE