754
CXUS55 KSEW 010930
CF6HQM
PRELIMINARY LOCAL CLIMATOLOGICAL DATA (WS FORM: F-6)

                                          STATION:   HOQUIAM WA AIRPORT
                                          MONTH:     JULY
                                          YEAR:      2014
                                          LATITUDE:   46 58 N
                                          LONGITUDE: 123 56 W

  TEMPERATURE IN F:       :PCPN:    SNOW:  WIND      :SUNSHINE: SKY     :PK WND
================================================================================
1   2   3   4   5  6A  6B    7    8   9   10  11  12  13   14  15   16   17  18
                                     12Z  AVG MX 2MIN
DY MAX MIN AVG DEP HDD CDD  WTR  SNW DPTH SPD SPD DIR MIN PSBL S-S WX    SPD DR
================================================================================

 1  89  55  72  13   0   7 0.00  0.0    0  9.4 20 240   M    M   0        23 240
 2  68  60  64   5   1   0 0.00  0.0    0 11.0 18 220   M    M   7        22 240
 3  67  55  61   2   4   0 0.07  0.0    0  9.0 18 240   M    M   7 1      22 240
 4  67  50  59   0   6   0 0.00  0.0    0  5.2 17 270   M    M   2        20 250
 5  68  55  62   3   3   0 0.01  0.0    0  4.3 12 240   M    M   9 1      12 230
 6  71  61  66   7   0   1 0.00  0.0    0  5.7 15 230   M    M   9 1      17 230
 7  73  57  65   6   0   0 0.00  0.0    0  7.3 15 230   M    M   6 1      18 250
 8  72  54  63   4   2   0 0.00  0.0    0  7.1 20 240   M    M   4 1      23 230
 9  65  56  61   1   4   0 0.00  0.0    0 10.4 21 230   M    M   9 1      24 230
10  67  56  62   2   3   0 0.00  0.0    0  6.9 15 210   M    M   6 18     17 220
11  67  54  61   1   4   0 0.00  0.0    0  8.0 17 210   M    M   7 18     20 210
12  63  55  59  -1   6   0 0.00  0.0    0  8.6 17 240   M    M   8 1      20 220
13  63  53  58  -2   7   0 0.01  0.0    0  7.4 17 210   M    M   8 18     20 260
14  61  55  58  -2   7   0 0.00  0.0    0  8.5 14 240   M    M  10 1      17 240
15  66  54  60   0   5   0 0.00  0.0    0  8.0 18 240   M    M   7 1      21 230
16  62  51  57  -3   8   0 0.00  0.0    0  7.4 17 260   M    M  10 1      21 260
17  66  56  61   1   4   0 0.00  0.0    0 12.0 20 250   M    M   7 1      26 250
18  65  54  60   0   5   0 0.00  0.0    0  9.9 20 250   M    M   8 18     24 250
19  65  58  62   2   3   0 0.04  0.0    0 10.4 17 200   M    M  10 12     21 200
20  65  55  60   0   5   0    T  0.0    0  8.9 16 240   M    M   8 1      21 220
21  67  53  60   0   5   0 0.00  0.0    0  5.0 14 230   M    M   6 1      17 230
22  70  47  59  -1   6   0 0.00  0.0    0  3.7 15 230   M    M   5 1      17 230
23  67  56  62   2   3   0 0.63  0.0    0 11.4 28 210   M    M   8 1      33 220
24  66  56  61   1   4   0 0.07  0.0    0  7.8 17 240   M    M   9 1      22 260
25  69  55  62   2   3   0 0.00  0.0    0  6.1 15 250   M    M   6 1      18 260
26  71  48  60  -1   5   0 0.00  0.0    0  6.1 18 230   M    M   0 1      21 230
27  75  50  63   2   2   0 0.00  0.0    0  5.2 15 230   M    M   0 1      21 290
28  69  53  61   0   4   0 0.00  0.0    0  7.4 21 230   M    M   1 1      23 230
29  71  52  62   1   3   0 0.00  0.0    0  7.6 20 260   M    M   6 12     27 270
30  74  54  64   3   1   0 0.00  0.0    0  6.4 16 230   M    M   2 18     19 230
31  75  51  63   2   2   0 0.00  0.0    0  6.0 20 230   M    M   0 1      23 290
================================================================================
SM 2124 1679       115   8  0.83     0.0 238.1          M      185
================================================================================
AV 68.5 54.2                               7.7 FASTST   M    M   6    MAX(MPH)
                                 MISC ---->  # 28 210               # 33  220
================================================================================
NOTES:
# LAST OF SEVERAL OCCURRENCES

COLUMN 17 PEAK WIND IN M.P.H.

PRELIMINARY LOCAL CLIMATOLOGICAL DATA (WS FORM: F-6) , PAGE 2

                                          STATION:  HOQUIAM WA AIRPORT
                                          MONTH:    JULY
                                          YEAR:     2014
                                          LATITUDE:   46 58 N
                                          LONGITUDE: 123 56 W

[TEMPERATURE DATA]      [PRECIPITATION DATA]       SYMBOLS USED IN COLUMN 16

AVERAGE MONTHLY: 61.3   TOTAL FOR MONTH:   0.83    1 = FOG OR MIST
DPTR FM NORMAL:   1.4   DPTR FM NORMAL:   -0.31    2 = FOG REDUCING VISIBILITY
HIGHEST:    89 ON  1    GRTST 24HR  0.69 ON 23-24      TO 1/4 MILE OR LESS
LOWEST:     47 ON 22                               3 = THUNDER
                        SNOW, ICE PELLETS, HAIL    4 = ICE PELLETS
                        TOTAL MONTH:   0.0 INCH    5 = HAIL
                        GRTST 24HR     0.0         6 = FREEZING RAIN OR DRIZZLE
                        GRTST DEPTH:   0           7 = DUSTSTORM OR SANDSTORM:
                                                       VSBY 1/2 MILE OR LESS
                                                   8 = SMOKE OR HAZE
[NO. OF DAYS WITH]      [WEATHER - DAYS WITH]      9 = BLOWING SNOW
                                                   X = TORNADO
MAX 32 OR BELOW:   0    0.01 INCH OR MORE:   6
MAX 90 OR ABOVE:   0    0.10 INCH OR MORE:   1
MIN 32 OR BELOW:   0    0.50 INCH OR MORE:   1
MIN  0 OR BELOW:   0    1.00 INCH OR MORE:   0

[HDD (BASE 65) ]
TOTAL THIS MO.   115    CLEAR  (SCALE 0-3)   7
DPTR FM NORMAL   -49    PTCLDY (SCALE 4-7)  14
TOTAL FM JUL 1   115    CLOUDY (SCALE 8-10) 10
DPTR FM NORMAL   -49

[CDD (BASE 65) ]
TOTAL THIS MO.     8
DPTR FM NORMAL     2    [PRESSURE DATA]
TOTAL FM JAN 1    23    HIGHEST SLP M ON M
DPTR FM NORMAL    14    LOWEST  SLP 29.77 ON  1

[REMARKS]
#FINAL-07-14#




U.S. Dept. of Commerce
NOAA National Weather Service
1325 East West Highway
Silver Spring, MD 20910
E-mail: w-nws.webmaster@noaa.gov
Page last modified: May 16, 2007
NATIONAL WEATHER SERVICE: for Safety, for Work, for Fun - FOR LIFE