871
CXUS54 KHGX 221415
CF6HOU
PRELIMINARY LOCAL CLIMATOLOGICAL DATA (WS FORM: F-6)

                                          STATION:   HOUSTON/HOBBY AIRPORT
                                          MONTH:     JULY
                                          YEAR:      2014
                                          LATITUDE:   29 38 N
                                          LONGITUDE:  95 17 W

  TEMPERATURE IN F:       :PCPN:    SNOW:  WIND      :SUNSHINE: SKY     :PK WND
================================================================================
1   2   3   4   5  6A  6B    7    8   9   10  11  12  13   14  15   16   17  18
                                     12Z  AVG MX 2MIN
DY MAX MIN AVG DEP HDD CDD  WTR  SNW DPTH SPD SPD DIR MIN PSBL S-S WX    SPD DR
================================================================================

 1  93  76  85   2   0  20 0.00  0.0    0  6.6 15 150   M    M   3 3      18 150
 2  94  74  84   1   0  19 0.00  0.0    0  2.7 17 130   M    M   3 3      24 120
 3  93  75  84   1   0  19 0.00  0.0    0  5.0 24  50   M    M   5        29  50
 4  91  75  83   0   0  18 0.09  0.0    0  6.2 21  40   M    M   6 38     28  40
 5  88  75  82  -1   0  17 0.01  0.0    0  3.9 13 120   M    M   7 3      16 230
 6  89  73  81  -3   0  16 0.00  0.0    0  5.8 16 210   M    M   5 3      20 210
 7  93  75  84   0   0  19 0.00  0.0    0  6.0 17 170   M    M   4 3      22 170
 8  92  75  84   0   0  19 0.08  0.0    0  6.2 20 300   M    M   5 3      24 290
 9  94  75  85   1   0  20 0.00  0.0    0  6.3 15 150   M    M   4        21 210
10  93  75  84   0   0  19 0.00  0.0    0  5.6 18 180   M    M   5        24 180
11  94  74  84   0   0  19 0.00  0.0    0  5.2 15 150   M    M   4        18 150
12  93  75  84   0   0  19 0.00  0.0    0  3.3 13 110   M    M   5        26 330
13  94  77  86   2   0  21 0.10  0.0    0  4.4 18 120   M    M   5 3      23 130
14  93  77  85   1   0  20 0.00  0.0    0  7.0 17 150   M    M   6        21 140
15  89  76  83  -1   0  18    T  0.0    0  5.9 22 340   M    M   7        26 350
16  91  75  83  -1   0  18 0.05  0.0    0  3.9 16 120   M    M   7 38     21 110
17  87  76  82  -2   0  17 0.34  0.0    0  6.0 26 170   M    M   9 1      35 170
18  85  76  81  -3   0  16 0.01  0.0    0  6.3 16 140   M    M   9        21 140
19  87  74  81  -3   0  16 0.00  0.0    0  7.3 14  40   M    M   8        17  40
20  92  76  84   0   0  19 0.00  0.0    0  4.8 14 120   M    M   7        17 120
21  96  78  87   3   0  22 0.01  0.0    0  4.5 24 130   M    M   4 3      32 140
================================================================================
SM 1921 1582         0 391  0.69     0.0 112.9          M      118
================================================================================
AV 91.5 75.3                               5.4 FASTST   M    M   6    MAX(MPH)
                                 MISC ---->  # 26 170               # 35  170
================================================================================
NOTES:
# LAST OF SEVERAL OCCURRENCES

COLUMN 17 PEAK WIND IN M.P.H.

PRELIMINARY LOCAL CLIMATOLOGICAL DATA (WS FORM: F-6) , PAGE 2

                                          STATION:  HOUSTON/HOBBY AIRPORT
                                          MONTH:    JULY
                                          YEAR:     2014
                                          LATITUDE:   29 38 N
                                          LONGITUDE:  95 17 W

[TEMPERATURE DATA]      [PRECIPITATION DATA]       SYMBOLS USED IN COLUMN 16

AVERAGE MONTHLY: 83.4   TOTAL FOR MONTH:   0.69    1 = FOG OR MIST
DPTR FM NORMAL:  -0.4   DPTR FM NORMAL:   -2.74    2 = FOG REDUCING VISIBILITY
HIGHEST:    96 ON 21    GRTST 24HR  0.38 ON 16-17      TO 1/4 MILE OR LESS
LOWEST:     73 ON  6                               3 = THUNDER
                        SNOW, ICE PELLETS, HAIL    4 = ICE PELLETS
                        TOTAL MONTH:   0.0 INCH    5 = HAIL
                        GRTST 24HR     0.0         6 = FREEZING RAIN OR DRIZZLE
                        GRTST DEPTH:   0           7 = DUSTSTORM OR SANDSTORM:
                                                       VSBY 1/2 MILE OR LESS
                                                   8 = SMOKE OR HAZE
[NO. OF DAYS WITH]      [WEATHER - DAYS WITH]      9 = BLOWING SNOW
                                                   X = TORNADO
MAX 32 OR BELOW:   0    0.01 INCH OR MORE:   8
MAX 90 OR ABOVE:  15    0.10 INCH OR MORE:   2
MIN 32 OR BELOW:   0    0.50 INCH OR MORE:   0
MIN  0 OR BELOW:   0    1.00 INCH OR MORE:   0

[HDD (BASE 65) ]
TOTAL THIS MO.     0    CLEAR  (SCALE 0-3)   1
DPTR FM NORMAL     0    PTCLDY (SCALE 4-7)  18
TOTAL FM JUL 1     0    CLOUDY (SCALE 8-10)  2
DPTR FM NORMAL     0

[CDD (BASE 65) ]
TOTAL THIS MO.   391
DPTR FM NORMAL    -2    [PRESSURE DATA]
TOTAL FM JAN 1  1471    HIGHEST SLP M ON M
DPTR FM NORMAL   -86    LOWEST  SLP 29.83 ON M

[REMARKS]




U.S. Dept. of Commerce
NOAA National Weather Service
1325 East West Highway
Silver Spring, MD 20910
E-mail: w-nws.webmaster@noaa.gov
Page last modified: May 16, 2007
NATIONAL WEATHER SERVICE: for Safety, for Work, for Fun - FOR LIFE