320
CXUS54 KLZK 271430
CF6HOT
PRELIMINARY LOCAL CLIMATOLOGICAL DATA (WS FORM: F-6)

                                          STATION:   Hot Springs Memorial Field
                                          MONTH:     JANUARY
                                          YEAR:      2015
                                          LATITUDE:   34 28 N
                                          LONGITUDE:  93  6 W

  TEMPERATURE IN F:       :PCPN:    SNOW:  WIND      :SUNSHINE: SKY     :PK WND
================================================================================
1   2   3   4   5  6A  6B    7    8   9   10  11  12  13   14  15   16   17  18
                                     12Z  AVG MX 2MIN
DY MAX MIN AVG DEP HDD CDD  WTR  SNW DPTH SPD SPD DIR MIN PSBL S-S WX    SPD DR
================================================================================

 1  38  35  37  -5  28   0 0.32  0.0    0  1.5  8  80   M    M  10 1      11  80
 2  43  36  40  -2  25   0 0.45  0.0    0  4.4 10 100   M    M  10 1      13  90
 3  52  41  47   6  18   0 0.79  0.0    0  6.3 17 250   M    M   9 13     23 250
 4  42  27  35  -6  30   0 0.00  0.0    0  8.0 20 300   M    M   4        29 290
 5  39  21  30 -11  35   0 0.00  0.0    0  4.1 10 140   M    M   0        16 360
 6  59  26  43   2  22   0 0.00  0.0    0  3.3  8  60   M    M   0        10 140
 7  37  17  27 -14  38   0 0.00  0.0    0  6.6 17 350   M    M   2        28 350
 8  33   9  21 -20  44   0 0.00  0.0    0  6.1 13 210   M    M   0        17 230
 9  41  20  31 -10  34   0 0.00  0.0    0  4.3 12 350   M    M   0        19  30
10  36  19  28 -13  37   0 0.00  0.0    0  4.6 10 120   M    M   5        13 120
11  38  31  35  -7  30   0 0.57  0.0    0  4.8 13  90   M    M  10 168    15  90
12  44  35  40  -2  25   0    T    M    0  4.8 13  40   M    M   9 1      20  70
13  41  24  33  -9  32   0 0.00  0.0    0  6.7 15  60   M    M   2        21  50
14  43  21  32 -10  33   0 0.00  0.0    0  2.7  8  90   M    M   2        11 110
15  52  29  41  -1  24   0    T    M    0  2.6 12 290   M    M   5        17 250
16  60  26  43   1  22   0 0.00  0.0    0  2.8 15 240   M    M   0        18 230
17  64  30  47   5  18   0 0.00  0.0    0  4.1 18 230   M    M   1        24 240
18  66  28  47   5  18   0 0.00  0.0    0  4.8 15 230   M    M   0        21 240
19  66  38  52  10  13   0 0.00  0.0    0  3.4 14 230   M    M   0        17 230
20  66  31  49   7  16   0 0.00  0.0    0  4.2 17  50   M    M   0        23  50
21  61  30  46   4  19   0 0.00  0.0    0  3.2  8  70   M    M   1        11  60
22  50  39  45   3  20   0 0.26    M    0  9.6 18  40   M    M  10 1      26  50
23  51  35  43   1  22   0 0.08    M    0  4.8 13  40   M    M   6        19  40
24  62  26  44   2  21   0 0.00  0.0    0  3.8 12 300   M    M   0        17 300
25  60  36  48   6  17   0    T    M    0  7.4 23 310   M    M   4        37 310
26  64  34  49   7  16   0 0.00  0.0    0  4.8 14 330   M    M   1        20 340
================================================================================
SM 1308  744       657   0  2.47     0.0 123.7          M       91
================================================================================
AV 50.3 28.6                               4.8 FASTST   M    M   4    MAX(MPH)
                                 MISC ---->  # 23 310               # 37  310
================================================================================
NOTES:
# LAST OF SEVERAL OCCURRENCES

COLUMN 17 PEAK WIND IN M.P.H.

PRELIMINARY LOCAL CLIMATOLOGICAL DATA (WS FORM: F-6) , PAGE 2

                                          STATION:  Hot Springs Memorial Field
                                          MONTH:    JANUARY
                                          YEAR:     2015
                                          LATITUDE:   34 28 N
                                          LONGITUDE:  93  6 W

[TEMPERATURE DATA]      [PRECIPITATION DATA]       SYMBOLS USED IN COLUMN 16

AVERAGE MONTHLY: 39.5   TOTAL FOR MONTH:   2.47    1 = FOG OR MIST
DPTR FM NORMAL:  -2.2   DPTR FM NORMAL:   -0.38    2 = FOG REDUCING VISIBILITY
HIGHEST:    66 ON 20,19 GRTST 24HR  1.17 ON  2- 3      TO 1/4 MILE OR LESS
LOWEST:      9 ON  8                               3 = THUNDER
                        SNOW, ICE PELLETS, HAIL    4 = ICE PELLETS
                        TOTAL MONTH:   0.0 INCH    5 = HAIL
                        GRTST 24HR     0.0         6 = FREEZING RAIN OR DRIZZLE
                        GRTST DEPTH:   0           7 = DUSTSTORM OR SANDSTORM:
                                                       VSBY 1/2 MILE OR LESS
                                                   8 = SMOKE OR HAZE
[NO. OF DAYS WITH]      [WEATHER - DAYS WITH]      9 = BLOWING SNOW
                                                   X = TORNADO
MAX 32 OR BELOW:   0    0.01 INCH OR MORE:   6
MAX 90 OR ABOVE:   0    0.10 INCH OR MORE:   5
MIN 32 OR BELOW:  17    0.50 INCH OR MORE:   2
MIN  0 OR BELOW:   0    1.00 INCH OR MORE:   0

[HDD (BASE 65) ]
TOTAL THIS MO.   657    CLEAR  (SCALE 0-3)  15
DPTR FM NORMAL    47    PTCLDY (SCALE 4-7)   5
TOTAL FM JUL 1  1881    CLOUDY (SCALE 8-10)  6
DPTR FM NORMAL    92

[CDD (BASE 65) ]
TOTAL THIS MO.     0
DPTR FM NORMAL     0    [PRESSURE DATA]
TOTAL FM JAN 1     0    HIGHEST SLP M ON M
DPTR FM NORMAL     0    LOWEST  SLP 29.74 ON 25

[REMARKS]




U.S. Dept. of Commerce
NOAA National Weather Service
1325 East West Highway
Silver Spring, MD 20910
E-mail: w-nws.webmaster@noaa.gov
Page last modified: May 16, 2007
NATIONAL WEATHER SERVICE: for Safety, for Work, for Fun - FOR LIFE