564
CXUS54 KLZK 041931
CF6HOT
PRELIMINARY LOCAL CLIMATOLOGICAL DATA (WS FORM: F-6)

                                          STATION:   Hot Springs Memorial Field
                                          MONTH:     NOVEMBER
                                          YEAR:      2014
                                          LATITUDE:   34 28 N
                                          LONGITUDE:  93  6 W

  TEMPERATURE IN F:       :PCPN:    SNOW:  WIND      :SUNSHINE: SKY     :PK WND
================================================================================
1   2   3   4   5  6A  6B    7    8   9   10  11  12  13   14  15   16   17  18
                                     12Z  AVG MX 2MIN
DY MAX MIN AVG DEP HDD CDD  WTR  SNW DPTH SPD SPD DIR MIN PSBL S-S WX    SPD DR
================================================================================

 1  56  35  46 -12  19   0 0.00    M    M  3.9 15  60   M    M   0        25  60
 2  60  37  49  -9  16   0 0.00    M    M  5.7 13 150   M    M   2        16 180
 3  70  41  56  -1   9   0 0.00    M    M  5.3 13 150   M    M   1        17 140
 4  62  57  60   3   5   0 0.76    M    M  3.6 13  20   M    M  10 1      17  30
 5  58  54  56  -1   9   0 0.60    M    M  2.7 12  60   M    M  10 1      14  50
 6  68  48  58   2   7   0 0.00    M    M  6.3 17 350   M    M   0 1      26 340
 7  60  34  47  -9  18   0 0.00    M    M  2.6 10 190   M    M   0        13 170
 8  66  41  54  -2  11   0 0.00    M    M  4.4 10 330   M    M   0        16 320
 9  65  35  50  -5  15   0 0.00    M    M  3.5 12 250   M    M   0 12     15 270
10  72  42  57   2   8   0 0.00    M    M  8.9 22 200   M    M   0        32 190
11  64  37  51  -3  14   0    T    M    M  6.9 16 310   M    M   7        25 300
12  47  32  40 -14  25   0 0.00    M    M  7.1 13 350   M    M   2        21 340
13  39  30  35 -19  30   0    T    M    M  6.3 14 320   M    M   5        23 350
14  41  25  33 -20  32   0 0.00    M    M  3.7 12  50   M    M   0        17  50
15  41  24  33 -20  32   0 0.05    M    M  4.5 12  90   M    M   5 1      16  90
16  39  33  36 -16  29   0 0.19    M    M  5.3 12  70   M    M  10 1      17 280
17  38  25  32 -20  33   0 0.01    M    M  7.8 16 300   M    M   2 1      27 310
18  46  19  33 -19  32   0 0.00    M    M  3.6 16 240   M    M   0        21 250
19  58  28  43  -8  22   0 0.00    M    M  5.9 22 250   M    M   0        30 230
20  57  30  44  -7  21   0 0.01    M    M  5.7 14  80   M    M   3 1      19  80
21  51  44  48  -3  17   0 0.21    M    M  7.1 13  80   M    M  10 1      15  90
22  66  50  58   8   7   0 0.04    M    M  5.4 12 130   M    M   8 1      17 170
23  66  56  61  11   4   0 0.32    M    M  7.4 17 250   M    M   8 1      33 330
24  60  34  47  -3  18   0 0.00    M    M  6.9 20 300   M    M   2        32 300
25  57  29  43  -6  22   0 0.00    M    M  2.5 12 320   M    M   0        16 310
26  61  28  45  -4  20   0 0.00    M    M  5.2 16 290   M    M   0        25 310
27  50  30  40  -8  25   0 0.00    M    M  3.5 15 350   M    M   0        22 360
28  60  32  46  -2  19   0 0.00    M    M  6.8 15 220   M    M   1        25 230
29  73  53  63  15   2   0 0.00    M    M 12.8 25 230   M    M   5        34 230
30  73  64  69  22   0   4 0.00    M    M 10.2 21 230   M    M   6        29 230
================================================================================
SM 1724 1127       521   4  2.19    M    171.5          M       97
================================================================================
AV 57.5 37.6                               5.7 FASTST   M    M   3    MAX(MPH)
                                 MISC ---->  # 25 230               # 34  230
================================================================================
NOTES:
# LAST OF SEVERAL OCCURRENCES

COLUMN 17 PEAK WIND IN M.P.H.

PRELIMINARY LOCAL CLIMATOLOGICAL DATA (WS FORM: F-6) , PAGE 2

                                          STATION:  Hot Springs Memorial Field
                                          MONTH:    NOVEMBER
                                          YEAR:     2014
                                          LATITUDE:   34 28 N
                                          LONGITUDE:  93  6 W

[TEMPERATURE DATA]      [PRECIPITATION DATA]       SYMBOLS USED IN COLUMN 16

AVERAGE MONTHLY: 47.5   TOTAL FOR MONTH:   2.19    1 = FOG OR MIST
DPTR FM NORMAL:  -5.2   DPTR FM NORMAL:   -3.20    2 = FOG REDUCING VISIBILITY
HIGHEST:    73 ON 30,29 GRTST 24HR  0.94 ON  4- 5      TO 1/4 MILE OR LESS
LOWEST:     19 ON 18                               3 = THUNDER
                        SNOW, ICE PELLETS, HAIL    4 = ICE PELLETS
                        TOTAL MONTH:    M          5 = HAIL
                        GRTST 24HR    M  ON   M    6 = FREEZING RAIN OR DRIZZLE
                        GRTST DEPTH:  M  ON   M    7 = DUSTSTORM OR SANDSTORM:
                                                       VSBY 1/2 MILE OR LESS
                                                   8 = SMOKE OR HAZE
[NO. OF DAYS WITH]      [WEATHER - DAYS WITH]      9 = BLOWING SNOW
                                                   X = TORNADO
MAX 32 OR BELOW:   0    0.01 INCH OR MORE:   9
MAX 90 OR ABOVE:   0    0.10 INCH OR MORE:   5
MIN 32 OR BELOW:  12    0.50 INCH OR MORE:   2
MIN  0 OR BELOW:   0    1.00 INCH OR MORE:   0

[HDD (BASE 65) ]
TOTAL THIS MO.   521    CLEAR  (SCALE 0-3)  19
DPTR FM NORMAL   142    PTCLDY (SCALE 4-7)   6
TOTAL FM JUL 1   612    CLOUDY (SCALE 8-10)  5
DPTR FM NORMAL    97

[CDD (BASE 65) ]
TOTAL THIS MO.     4
DPTR FM NORMAL    -6    [PRESSURE DATA]
TOTAL FM JAN 1  1923    HIGHEST SLP 30.56 ON 27
DPTR FM NORMAL  -216    LOWEST  SLP 29.32 ON 23

[REMARKS]
#FINAL-11-14#




U.S. Dept. of Commerce
NOAA National Weather Service
1325 East West Highway
Silver Spring, MD 20910
E-mail: w-nws.webmaster@noaa.gov
Page last modified: May 16, 2007
NATIONAL WEATHER SERVICE: for Safety, for Work, for Fun - FOR LIFE