450
CXUS55 KFSD 300905
CF6HON
PRELIMINARY LOCAL CLIMATOLOGICAL DATA (WS FORM: F-6)

                                          STATION:   HURON
                                          MONTH:     JULY
                                          YEAR:      2014
                                          LATITUDE:   44 22 N
                                          LONGITUDE:  98 13 W

  TEMPERATURE IN F:       :PCPN:    SNOW:  WIND      :SUNSHINE: SKY     :PK WND
================================================================================
1   2   3   4   5  6A  6B    7    8   9   10  11  12  13   14  15   16   17  18
                                     12Z  AVG MX 2MIN
DY MAX MIN AVG DEP HDD CDD  WTR  SNW DPTH SPD SPD DIR MIN PSBL S-S WX    SPD DR
================================================================================

 1  67  57  62 -10   3   0 0.01  0.0    0 16.6 33 330   M    M   9 1      41 320
 2  75  49  62 -10   3   0 0.00  0.0    0  8.3 18 350   M    M   3        29 320
 3  82  51  67  -6   0   2 0.00  0.0    0  7.7 15 130   M    M   1        24 170
 4  86  64  75   2   0  10 0.00  0.0    0 15.8 25 160   M    M   1 3      35 170
 5  92  68  80   7   0  15 0.00  0.0    0 10.4 17 180   M    M   0        22 160
 6  90  66  78   5   0  13 0.00  0.0    0 11.3 24 320   M    M   0 1      31 330
 7  87  60  74   1   0   9 0.08  0.0    0 11.0 29 330   M    M   1 3      35 330
 8  81  57  69  -4   0   4 0.00  0.0    0 13.1 26 330   M    M   1        33 320
 9  83  53  68  -6   0   3 0.00  0.0    0  4.2  9 130   M    M   0 18     14 340
10  82  57  70  -4   0   5 0.01  0.0    0  9.1 17 180   M    M   1 18     26 170
11  94  72  83   9   0  18    T  0.0    0  7.9 24 190   M    M   1        32 200
12  81  65  73  -1   0   8 3.35  0.0    0  6.6 26 300   M    M   4 13     35 290
13  81  53  67  -7   0   2 0.00  0.0    0  8.6 22 330   M    M   0        27 320
14  71  49  60 -14   5   0 0.00  0.0    0 13.6 25 350   M    M   3        31 360
15  75  49  62 -12   3   0 0.00  0.0    0  7.3 17 360   M    M   3        20 320
16  78  48  63 -11   2   0 0.00  0.0    0  1.7  8  10   M    M   3 1      10 360
17  80  58  69  -5   0   4 0.00  0.0    0  9.5 18 160   M    M   5        27 150
18  80  59  70  -4   0   5 0.00  0.0    0 13.6 23 170   M    M   0        34 190
19  82  63  73  -1   0   8 0.00  0.0    0  7.5 15 120   M    M   1        21 190
20  87  67  77   3   0  12 0.00  0.0    0 10.2 17 170   M    M   1 1      22 150
21  92  70  81   7   0  16 0.00  0.0    0  9.9 22 340   M    M   1 1      26 150
22  83  63  73  -1   0   8    T  0.0    0 10.9 23 300   M    M   1 3      28 290
23  82  60  71  -3   0   6 0.00  0.0    0  7.7 14  90   M    M   0        17  90
24  80  62  71  -3   0   6 0.01  0.0    0 14.7 30 150   M    M   4 3      42 150
25  83  64  74   0   0   9    T  0.0    0  7.7 16  10   M    M   3 1      24 320
26  85  59  72  -2   0   7 0.21  0.0    0  8.5 15 290   M    M   3 13     19 290
27  72  52  62 -12   3   0 0.00  0.0    0 13.4 24 330   M    M   4        30 350
28  76  48  62 -12   3   0 0.00  0.0    0  6.6 13 350   M    M   2        17 360
29  79  48  64 -10   1   0 0.00  0.0    0  2.7 14 360   M    M   3 12     19  10
================================================================================
SM 2366 1691        23 170  3.67     0.0 276.1          M       59
================================================================================
AV 81.6 58.3                               9.5 FASTST   M    M   2    MAX(MPH)
                                 MISC ---->  # 33 330               # 42  150
================================================================================
NOTES:
# LAST OF SEVERAL OCCURRENCES

COLUMN 17 PEAK WIND IN M.P.H.

PRELIMINARY LOCAL CLIMATOLOGICAL DATA (WS FORM: F-6) , PAGE 2

                                          STATION:  HURON
                                          MONTH:    JULY
                                          YEAR:     2014
                                          LATITUDE:   44 22 N
                                          LONGITUDE:  98 13 W

[TEMPERATURE DATA]      [PRECIPITATION DATA]       SYMBOLS USED IN COLUMN 16

AVERAGE MONTHLY: 69.9   TOTAL FOR MONTH:   3.67    1 = FOG OR MIST
DPTR FM NORMAL:  -3.7   DPTR FM NORMAL:    0.96    2 = FOG REDUCING VISIBILITY
HIGHEST:    94 ON 11    GRTST 24HR  3.35 ON 12-12      TO 1/4 MILE OR LESS
LOWEST:     48 ON 29,28                            3 = THUNDER
                        SNOW, ICE PELLETS, HAIL    4 = ICE PELLETS
                        TOTAL MONTH:   0.0 INCH    5 = HAIL
                        GRTST 24HR     0.0         6 = FREEZING RAIN OR DRIZZLE
                        GRTST DEPTH:   0           7 = DUSTSTORM OR SANDSTORM:
                                                       VSBY 1/2 MILE OR LESS
                                                   8 = SMOKE OR HAZE
[NO. OF DAYS WITH]      [WEATHER - DAYS WITH]      9 = BLOWING SNOW
                                                   X = TORNADO
MAX 32 OR BELOW:   0    0.01 INCH OR MORE:   6
MAX 90 OR ABOVE:   4    0.10 INCH OR MORE:   2
MIN 32 OR BELOW:   0    0.50 INCH OR MORE:   1
MIN  0 OR BELOW:   0    1.00 INCH OR MORE:   1

[HDD (BASE 65) ]
TOTAL THIS MO.    23    CLEAR  (SCALE 0-3)  22
DPTR FM NORMAL    23    PTCLDY (SCALE 4-7)   6
TOTAL FM JUL 1    23    CLOUDY (SCALE 8-10)  1
DPTR FM NORMAL    23

[CDD (BASE 65) ]
TOTAL THIS MO.   170
DPTR FM NORMAL   -85    [PRESSURE DATA]
TOTAL FM JAN 1   335    HIGHEST SLP M ON M
DPTR FM NORMAL   -86    LOWEST  SLP 29.64 ON 25

[REMARKS]




U.S. Dept. of Commerce
NOAA National Weather Service
1325 East West Highway
Silver Spring, MD 20910
E-mail: w-nws.webmaster@noaa.gov
Page last modified: May 16, 2007
NATIONAL WEATHER SERVICE: for Safety, for Work, for Fun - FOR LIFE