513
CXUS55 KFSD 300905
CF6HON
PRELIMINARY LOCAL CLIMATOLOGICAL DATA (WS FORM: F-6)

                                          STATION:   HURON
                                          MONTH:     AUGUST
                                          YEAR:      2014
                                          LATITUDE:   44 22 N
                                          LONGITUDE:  98 13 W

  TEMPERATURE IN F:       :PCPN:    SNOW:  WIND      :SUNSHINE: SKY     :PK WND
================================================================================
1   2   3   4   5  6A  6B    7    8   9   10  11  12  13   14  15   16   17  18
                                     12Z  AVG MX 2MIN
DY MAX MIN AVG DEP HDD CDD  WTR  SNW DPTH SPD SPD DIR MIN PSBL S-S WX    SPD DR
================================================================================

 1  86  53  70  -4   0   5 0.00  0.0    0  3.9 12 220   M    M   0 1      17 220
 2  86  63  75   1   0  10 0.04  0.0    0  5.0 21 310   M    M   4 13     26 310
 3  88  58  73  -1   0   8    T  0.0    0  3.9 18  60   M    M   2 18     21  70
 4  84  59  72  -1   0   7 0.00  0.0    0  6.5 18  60   M    M   3 18     23  60
 5  77  60  69  -4   0   4    T  0.0    0  5.7 13  90   M    M   6        17 140
 6  72  65  69  -4   0   4    T  0.0    0  7.6 18 120   M    M  10 18     24 120
 7  80  63  72  -1   0   7 0.00  0.0    0  6.4 14 170   M    M   8 1      17 170
 8  73  66  70  -3   0   5 0.22  0.0    0  7.1 13 130   M    M  10 1      18 120
 9  82  63  73   0   0   8 0.17  0.0    0  6.5 14 210   M    M   7 1      19 110
10  80  55  68  -5   0   3 0.00  0.0    0  9.8 20 340   M    M   6 12     24 320
11  77  50  64  -9   1   0 0.00  0.0    0  8.9 20 350   M    M   0        25 350
12  83  48  66  -6   0   1 0.00  0.0    0  2.8  9 170   M    M   0        14 160
13  86  55  71  -1   0   6 0.00  0.0    0  6.6 14 160   M    M   0        20 150
14  77  63  70  -2   0   5 0.26  0.0    0  9.6 18 160   M    M   4 13     26 160
15  80  67  74   2   0   9 0.00  0.0    0  9.4 20 120   M    M   1        26 140
16  80  66  73   1   0   8    T  0.0    0  5.3 12 120   M    M   6 1238   15 160
17  83  61  72   0   0   7    T  0.0    0  6.4 24 350   M    M   6 123    32 350
18  87  57  72   0   0   7 0.00  0.0    0  8.1 23 310   M    M   1        28 310
19  89  55  72   1   0   7 0.00  0.0    0  4.6 10 130   M    M   0 1      14 120
20  85  67  76   5   0  11    T  0.0    0 10.4 20  70   M    M   1        27 150
21  88  64  76   5   0  11 0.00  0.0    0  8.3 22 350   M    M   1        29 340
22  86  57  72   1   0   7 0.00  0.0    0  7.4 18  10   M    M   4 12     23  10
23  83  66  75   5   0  10 1.67  0.0    0  9.6 22 230   M    M   7 13     29 230
24  82  59  71   1   0   6    T  0.0    0  9.1 18 300   M    M   1        23 300
25  75  51  63  -7   2   0 0.00  0.0    0  9.6 22 310   M    M   0        27 300
26  70  45  58 -12   7   0 0.00  0.0    0  4.6  9  50   M    M   2        13  50
27  80  59  70   0   0   5    T  0.0    0  7.5 15 170   M    M   6        22 190
28  74  67  71   2   0   6 0.46  0.0    0  6.7 12 130   M    M   9 13     17 120
29  83  62  73   4   0   8 0.21  0.0    0  7.8 21 350   M    M   7 13     25 360
================================================================================
SM 2356 1724        10 175  3.03     0.0 205.1          M      112
================================================================================
AV 81.2 59.4                               7.1 FASTST   M    M   4    MAX(MPH)
                                 MISC ---->  # 24 350               # 32  350
================================================================================
NOTES:
# LAST OF SEVERAL OCCURRENCES

COLUMN 17 PEAK WIND IN M.P.H.

PRELIMINARY LOCAL CLIMATOLOGICAL DATA (WS FORM: F-6) , PAGE 2

                                          STATION:  HURON
                                          MONTH:    AUGUST
                                          YEAR:     2014
                                          LATITUDE:   44 22 N
                                          LONGITUDE:  98 13 W

[TEMPERATURE DATA]      [PRECIPITATION DATA]       SYMBOLS USED IN COLUMN 16

AVERAGE MONTHLY: 70.3   TOTAL FOR MONTH:   3.03    1 = FOG OR MIST
DPTR FM NORMAL:  -1.4   DPTR FM NORMAL:    0.74    2 = FOG REDUCING VISIBILITY
HIGHEST:    89 ON 19    GRTST 24HR  1.67 ON 23-23      TO 1/4 MILE OR LESS
LOWEST:     45 ON 26                               3 = THUNDER
                        SNOW, ICE PELLETS, HAIL    4 = ICE PELLETS
                        TOTAL MONTH:   0.0 INCH    5 = HAIL
                        GRTST 24HR     0.0         6 = FREEZING RAIN OR DRIZZLE
                        GRTST DEPTH:   0           7 = DUSTSTORM OR SANDSTORM:
                                                       VSBY 1/2 MILE OR LESS
                                                   8 = SMOKE OR HAZE
[NO. OF DAYS WITH]      [WEATHER - DAYS WITH]      9 = BLOWING SNOW
                                                   X = TORNADO
MAX 32 OR BELOW:   0    0.01 INCH OR MORE:   7
MAX 90 OR ABOVE:   0    0.10 INCH OR MORE:   6
MIN 32 OR BELOW:   0    0.50 INCH OR MORE:   1
MIN  0 OR BELOW:   0    1.00 INCH OR MORE:   1

[HDD (BASE 65) ]
TOTAL THIS MO.    10    CLEAR  (SCALE 0-3)  13
DPTR FM NORMAL    -4    PTCLDY (SCALE 4-7)  12
TOTAL FM JUL 1    33    CLOUDY (SCALE 8-10)  4
DPTR FM NORMAL    11

[CDD (BASE 65) ]
TOTAL THIS MO.   175
DPTR FM NORMAL   -41    [PRESSURE DATA]
TOTAL FM JAN 1   517    HIGHEST SLP M ON M
DPTR FM NORMAL  -142    LOWEST  SLP 29.60 ON 21

[REMARKS]




U.S. Dept. of Commerce
NOAA National Weather Service
1325 East West Highway
Silver Spring, MD 20910
E-mail: w-nws.webmaster@noaa.gov
Page last modified: May 16, 2007
NATIONAL WEATHER SERVICE: for Safety, for Work, for Fun - FOR LIFE