842
CXUS55 KFSD 240905
CF6HON
PRELIMINARY LOCAL CLIMATOLOGICAL DATA (WS FORM: F-6)

                                          STATION:   HURON
                                          MONTH:     APRIL
                                          YEAR:      2014
                                          LATITUDE:   44 22 N
                                          LONGITUDE:  98 13 W

  TEMPERATURE IN F:       :PCPN:    SNOW:  WIND      :SUNSHINE: SKY     :PK WND
================================================================================
1   2   3   4   5  6A  6B    7    8   9   10  11  12  13   14  15   16   17  18
                                     12Z  AVG MX 2MIN
DY MAX MIN AVG DEP HDD CDD  WTR  SNW DPTH SPD SPD DIR MIN PSBL S-S WX    SPD DR
================================================================================

 1  32  14  23 -17  42   0    T    T    0 11.6 31 330   M    M   3 18     40 330
 2  41  20  31  -9  34   0    T    T    0  8.9 18  90   M    M   7 1      22  90
 3  36  32  34  -7  31   0 0.00  0.0    0 12.5 25 340   M    M  10 1      30 340
 4  43  30  37  -4  28   0 0.00  0.0    0 12.6 24 350   M    M   7        31 330
 5  69  28  49   7  16   0 0.00  0.0    0 13.7 25 180   M    M   1        35 170
 6  64  23  44   2  21   0    T  0.0    0  4.6 22 320   M    M   1 1      27 320
 7  62  26  44   1  21   0    T  0.0    0 11.6 37 330   M    M   2        44 320
 8  58  28  43   0  22   0 0.00  0.0    0  8.7 16 350   M    M   2        20 340
 9  85  35  60  16   5   0    T  0.0    0 14.1 29 360   M    M   0        35 340
10  66  34  50   6  15   0    T  0.0    0  9.8 24 310   M    M   1        32 330
11  70  29  50   6  15   0    T  0.0    0  5.8 23 310   M    M   1        29 320
12  72  44  58  13   7   0 0.00  0.0    0 14.5 31 360   M    M   1        38 360
13  45  26  36  -9  29   0 0.00  0.0    0 24.3 36 360   M    M   6        45 350
14  39  14  27 -19  38   0 0.00  0.0    0  9.3 25 340   M    M   4        30 350
15  51  14  33 -13  32   0 0.00  0.0    0 13.8 25 160   M    M   1        37 180
16  41  20  31 -16  34   0 0.17  2.2    0 16.8 26  20   M    M   9 12     35  20
17  45  13  29 -18  36   0 0.00  0.0    1  6.7 15 120   M    M   3        20 120
18  72  32  52   4  13   0 0.00  0.0    0 19.9 35 170   M    M   2        45 170
19  70  41  56   8   9   0 0.00  0.0    0  9.7 29 330   M    M   0 8      36 320
20  81  32  57   8   8   0 0.01  0.0    0  6.2 22 340   M    M   0 3      27 340
21  66  39  53   4  12   0 0.00  0.0    0 13.3 26 350   M    M   0        33 320
22  67  32  50   1  15   0 0.00  0.0    0 11.6 22 150   M    M   4 8      32 150
23  70  50  60  10   5   0    T  0.0    0 19.7 33 150   M    M   5 3      50 150
================================================================================
SM 1345  656       488   0  0.18     2.2 279.7          M       70
================================================================================
AV 58.5 28.5                              12.2 FASTST   M    M   3    MAX(MPH)
                                 MISC ---->  # 37 330               # 50  150
================================================================================
NOTES:
# LAST OF SEVERAL OCCURRENCES

COLUMN 17 PEAK WIND IN M.P.H.

PRELIMINARY LOCAL CLIMATOLOGICAL DATA (WS FORM: F-6) , PAGE 2

                                          STATION:  HURON
                                          MONTH:    APRIL
                                          YEAR:     2014
                                          LATITUDE:   44 22 N
                                          LONGITUDE:  98 13 W

[TEMPERATURE DATA]      [PRECIPITATION DATA]       SYMBOLS USED IN COLUMN 16

AVERAGE MONTHLY: 43.5   TOTAL FOR MONTH:   0.18    1 = FOG OR MIST
DPTR FM NORMAL:  -1.4   DPTR FM NORMAL:   -1.51    2 = FOG REDUCING VISIBILITY
HIGHEST:    85 ON  9    GRTST 24HR  0.17 ON 16-16      TO 1/4 MILE OR LESS
LOWEST:     13 ON 17                               3 = THUNDER
                        SNOW, ICE PELLETS, HAIL    4 = ICE PELLETS
                        TOTAL MONTH:   2.2 INCHES  5 = HAIL
                        GRTST 24HR   2.2 ON   M    6 = FREEZING RAIN OR DRIZZLE
                        GRTST DEPTH:   1 ON 17     7 = DUSTSTORM OR SANDSTORM:
                                                       VSBY 1/2 MILE OR LESS
                                                   8 = SMOKE OR HAZE
[NO. OF DAYS WITH]      [WEATHER - DAYS WITH]      9 = BLOWING SNOW
                                                   X = TORNADO
MAX 32 OR BELOW:   1    0.01 INCH OR MORE:   2
MAX 90 OR ABOVE:   0    0.10 INCH OR MORE:   1
MIN 32 OR BELOW:  17    0.50 INCH OR MORE:   0
MIN  0 OR BELOW:   0    1.00 INCH OR MORE:   0

[HDD (BASE 65) ]
TOTAL THIS MO.   488    CLEAR  (SCALE 0-3)  15
DPTR FM NORMAL    26    PTCLDY (SCALE 4-7)   6
TOTAL FM JUL 1  7909    CLOUDY (SCALE 8-10)  2
DPTR FM NORMAL   628

[CDD (BASE 65) ]
TOTAL THIS MO.     0
DPTR FM NORMAL     0    [PRESSURE DATA]
TOTAL FM JAN 1     0    HIGHEST SLP M ON M
DPTR FM NORMAL     0    LOWEST  SLP 29.51 ON 23

[REMARKS]




U.S. Dept. of Commerce
NOAA National Weather Service
1325 East West Highway
Silver Spring, MD 20910
E-mail: w-nws.webmaster@noaa.gov
Page last modified: May 16, 2007
NATIONAL WEATHER SERVICE: for Safety, for Work, for Fun - FOR LIFE