915
CXUS55 KFSD 012217
CF6HON

PRELIMINARY LOCAL CLIMATOLOGICAL DATA (WS FORM: F-6)

                                          STATION:   HURON
                                          MONTH:     NOVEMBER
                                          YEAR:      2014
                                          LATITUDE:   44 22 N
                                          LONGITUDE:  98 13 W

  TEMPERATURE IN F:       :PCPN:    SNOW:  WIND      :SUNSHINE: SKY     :PK WND
================================================================================
1   2   3   4   5  6A  6B    7    8   9   10  11  12  13   14  15   16   17  18
                                     12Z  AVG MX 2MIN
DY MAX MIN AVG DEP HDD CDD  WTR  SNW DPTH SPD SPD DIR MIN PSBL S-S WX    SPD DR
================================================================================

 1  52  29  41   0  24   0 0.00  0.0    0 19.4 31 170   M    M   0        41 190
 2  60  39  50  10  15   0 0.00  0.0    0 12.5 22 170   M    M   0        31 170
 3  52  34  43   3  22   0 0.10  0.0    0 10.5 26 320   M    M   6 1      31 320
 4  55  30  43   4  22   0 0.00  0.0    0  9.6 20 290   M    M   1        26 290
 5  60  34  47   8  18   0 0.04  0.0    0 15.6 35 340   M    M   8        44 330
 6  54  24  39   1  26   0 0.00  0.0    0  8.0 20 350   M    M   2 1      25 360
 7  69  41  55  17  10   0 0.00  0.0    0 19.4 43 330   M    M   3        52 330
 8  46  34  40   3  25   0 0.00  0.0    0 11.4 31 340   M    M   6        41 330
 9  39  28  34  -2  31   0 0.01    T    0  8.7 21  90   M    M   7 1      27  90
10  30  17  24 -12  41   0 0.29  3.2    T 20.2 31 360   M    M   9 16     39  10
11  18   9  14 -21  51   0 0.00  0.0    3 17.7 26 320   M    M   6        30 310
12  20   7  14 -21  51   0 0.01  0.1    3 18.7 26 320   M    M   6 1      32 320
13  16  -7   5 -29  60   0    T    T    3 11.6 20 310   M    M   2 1      25 300
14  23  -9   7 -27  58   0 0.00  0.0    3  5.7 14 120   M    M   4 1      18 150
15  23  -2  11 -22  54   0 0.27  4.4    5 10.3 25 320   M    M   9 19     30 320
16  22  -7   8 -24  57   0    T    T    8 16.0 32 320   M    M   4 19     39 320
17  15   1   8 -24  57   0    T    T    8 15.4 26 320   M    M   2        30 320
18  31  11  21 -10  44   0    T    T    6 12.9 35 330   M    M   9 1      40 340
19  26   5  16 -15  49   0    T    T    4 17.0 40 320   M    M   7 9      49 330
20  20  -1  10 -20  55   0 0.00  0.0    4  6.6 13 150   M    M   0        18 150
21  38  12  25  -4  40   0 0.00  0.0    3 11.8 20 170   M    M   1 1      28 160
22  43  21  32   3  33   0 0.00  0.0    3  8.4 18 170   M    M   1 1      24 170
23  42  22  32   4  33   0 0.00  0.0    2 16.1 33 330   M    M   9        41 330
24  27  10  19  -9  46   0    T    T    T 19.5 35 330   M    M   4        40 320
25  36  12  24  -3  41   0 0.02  0.2    T  6.0 13 150   M    M   7 1      17 150
26  32   0  16 -11  49   0    T    T    T 14.7 30 350   M    M   7 19     38 350
27  18  -6   6 -20  59   0 0.00  0.0    T 10.1 21 160   M    M   5        32 150
28  38  18  28   2  37   0 0.00  0.0    0  5.6 15 150   M    M   1 1      21 160
29  36   8  22  -3  43   0    T    T    0 13.6 28 340   M    M   2 1      35 340
30  12   0   6 -18  59   0    T    T    0 13.5 26 340   M    M   3        32 340
================================================================================
SM 1053  414      1210   0  0.74     7.9 386.5          M      131
================================================================================
AV 35.1 13.8                              12.9 FASTST   M    M   4    MAX(MPH)
                                 MISC ---->  # 43 330               # 52  330
================================================================================
NOTES:
# LAST OF SEVERAL OCCURRENCES
-COLUMN 17 PEAK WIND IN M.P.H.
-PRECIPITATION AMOUNTS IN COLUMN 7,8 AND 9 ARE THE OFFICIAL
PRECIPITATION AMOUNTS FOR HURON,SD.
-SNOW DEPTH IN COLUMN 9 IS RECORDED AT 6 AM CST (12Z).

PRELIMINARY LOCAL CLIMATOLOGICAL DATA (WS FORM: F-6) , PAGE 2

                                          STATION:  HURON
                                          MONTH:    NOVEMBER
                                          YEAR:     2014
                                          LATITUDE:   44 22 N
                                          LONGITUDE:  98 13 W

[TEMPERATURE DATA]      [PRECIPITATION DATA]       SYMBOLS USED IN COLUMN 16

AVERAGE MONTHLY: 24.4   TOTAL FOR MONTH:   0.74    1 = FOG OR MIST
DPTR FM NORMAL:  -8.1   DPTR FM NORMAL:   -0.13    2 = FOG REDUCING VISIBILITY
HIGHEST:    69 ON  7    GRTST 24HR  0.29 ON 10-10      TO 1/4 MILE OR LESS
LOWEST:     -9 ON 14                               3 = THUNDER
                        SNOW, ICE PELLETS, HAIL    4 = ICE PELLETS
                        TOTAL MONTH:   7.9 INCHES  5 = HAIL
                        GRTST 24HR   4.4 ON   M    6 = FREEZING RAIN OR DRIZZLE
                        GRTST DEPTH:   8 ON 17,16  7 = DUSTSTORM OR SANDSTORM:
                                                       VSBY 1/2 MILE OR LESS
                                                   8 = SMOKE OR HAZE
[NO. OF DAYS WITH]      [WEATHER - DAYS WITH]      9 = BLOWING SNOW
                                                   X = TORNADO
MAX 32 OR BELOW:  15    0.01 INCH OR MORE:   7
MAX 90 OR ABOVE:   0    0.10 INCH OR MORE:   3
MIN 32 OR BELOW:  25    0.50 INCH OR MORE:   0
MIN  0 OR BELOW:   8    1.00 INCH OR MORE:   0

[HDD (BASE 65) ]
TOTAL THIS MO.  1210    CLEAR  (SCALE 0-3)  12
DPTR FM NORMAL   238    PTCLDY (SCALE 4-7)  14
TOTAL FM JUL 1  1857    CLOUDY (SCALE 8-10)  4
DPTR FM NORMAL   155

[CDD (BASE 65) ]
TOTAL THIS MO.     0
DPTR FM NORMAL     0    [PRESSURE DATA]
TOTAL FM JAN 1   597    HIGHEST SLP 30.68 ON 30
DPTR FM NORMAL  -145    LOWEST  SLP 29.42 ON 23

[REMARKS]

24.4 DEGREES REPRESENTS THE 9TH COLDEST AVERAGE TEMPERATURE FOR
MONTH OF NOVEMBER.  THE AVERAGE MINIMUM TEMPERATURE FOR THE MONTH
WAS THE 7TH COLDEST AT 13.8 DEGREES...AND THE AVERAGE MAXIMUM
TEMPERATURE WAS 10TH COLDEST AT 35.1 DEGREES.

#FINAL-11-14#




U.S. Dept. of Commerce
NOAA National Weather Service
1325 East West Highway
Silver Spring, MD 20910
E-mail: w-nws.webmaster@noaa.gov
Page last modified: May 16, 2007
NATIONAL WEATHER SERVICE: for Safety, for Work, for Fun - FOR LIFE