994
CXUS54 KMAF 281100
CF6HOB
PRELIMINARY LOCAL CLIMATOLOGICAL DATA (WS FORM: F-6)

                                          STATION:   Lea Airport, Hobbs
                                          MONTH:     AUGUST
                                          YEAR:      2014
                                          LATITUDE:   32 40 N
                                          LONGITUDE: 103-12 E

  TEMPERATURE IN F:       :PCPN:    SNOW:  WIND      :SUNSHINE: SKY     :PK WND
================================================================================
1   2   3   4   5  6A  6B    7    8   9   10  11  12  13   14  15   16   17  18
                                     12Z  AVG MX 2MIN
DY MAX MIN AVG DEP HDD CDD  WTR  SNW DPTH SPD SPD DIR MIN PSBL S-S WX    SPD DR
================================================================================

 1  81  64  73   M   0   8 0.00  0.0    0  7.4 12  60   M    M   6        18 120
 2  82  68  75   M   0  10 0.00  0.0    0  7.3 10 130   M    M   7         M  M
 3  88  68  78   M   0  13 0.00  0.0    0  7.5 13  90   M    M   3        18  90
 4  90  64  77   M   0  12 0.00  0.0    0  6.8 14 140   M    M   1        17 100
 5  91  66  79   M   0  14 0.00  0.0    0  8.1 13 180   M    M   1        20 180
 6  95  68  82   M   0  17 0.00  0.0    0  9.3 16 300   M    M   2        22 300
 7  99  72  86   M   0  21 0.01  0.0    0  8.8 21 280   M    M   3        24 280
 8  95  66  81   M   0  16 0.03  0.0    0  8.1 17 140   M    M   2        25 140
 9  93  70  82   M   0  17 0.00  0.0    0  8.9 15 320   M    M   2        20 140
10  91  66  79   M   0  14 0.00  0.0    0  9.9 16  50   M    M   2        24  40
11  90  66  78   M   0  13 0.00  0.0    0  9.4 17 190   M    M   4        28 190
12  88  68  78   M   0  13 0.00  0.0    0  7.4 13 170   M    M   5        22 170
13  91  64  78   M   0  13 0.00  0.0    0  8.6 14 140   M    M   1        21 140
14  93  64  79   M   0  14 0.00  0.0    0 10.4 21 170   M    M   0        24 150
15   M   M   M   M   M   M 0.00  0.0    0  7.6 13 360   M    M   3 3      24 300
16   M   M   M   M   M   M 0.00  0.0    0  6.1 23 270   M    M   2 3      36 270
17  91  68  80   M   0  15 0.00  0.0    0  8.4 16 140   M    M   3        21 320
18  91  63  77   M   0  12 0.00  0.0    0  6.2 17 120   M    M   1        18  90
19  93  64  79   M   0  14 0.00  0.0    0 10.2 21 160   M    M   2        25 160
20  93  70  82   M   0  17 0.00  0.0    0 14.8 25 170   M    M   1        31 170
21  95  70  83   M   0  18 0.00  0.0    0 12.9 25 160   M    M   2        30 160
22  93  68  81   M   0  16 0.11  0.0    0 10.2 22 220   M    M   3 3      41 220
23  90  70  80   M   0  15 0.00  0.0    0  9.6 18 170   M    M   2        25 170
24  93  68  81   M   0  16 0.00  0.0    0  9.0 14 140   M    M   2        24 210
25   M   M   M   M   M   M 0.06    M    0  9.6 23 320   M    M   3 3      29 300
26  90  68  79   M   0  14 0.00  0.0    0  7.9 15 300   M    M   4        18 150
27  91  68  80   M   0  15 0.00  0.0    0  5.5 15 250   M    M   3         M  M
================================================================================
SM 2187 1611         0 347  0.21     0.0 235.9          M       70
================================================================================
AV 91.1 67.1                               8.7 FASTST   M    M   3    MAX(MPH)
                                 MISC ---->    25   M                 41    M
================================================================================
NOTES:
# LAST OF SEVERAL OCCURRENCES

COLUMN 17 PEAK WIND IN M.P.H.

PRELIMINARY LOCAL CLIMATOLOGICAL DATA (WS FORM: F-6) , PAGE 2

                                          STATION:  Lea Airport, Hobbs
                                          MONTH:    AUGUST
                                          YEAR:     2014
                                          LATITUDE:   32 40 N
                                          LONGITUDE: 103-12 E

[TEMPERATURE DATA]      [PRECIPITATION DATA]       SYMBOLS USED IN COLUMN 16

AVERAGE MONTHLY: 79.1   TOTAL FOR MONTH:   0.21    1 = FOG OR MIST
DPTR FM NORMAL:     M   DPTR FM NORMAL:       M    2 = FOG REDUCING VISIBILITY
HIGHEST:    99 ON  7    GRTST 24HR  0.11 ON 22-22      TO 1/4 MILE OR LESS
LOWEST:     63 ON 18                               3 = THUNDER
                        SNOW, ICE PELLETS, HAIL    4 = ICE PELLETS
                        TOTAL MONTH:   0.0 INCH    5 = HAIL
                        GRTST 24HR     0.0         6 = FREEZING RAIN OR DRIZZLE
                        GRTST DEPTH:   0           7 = DUSTSTORM OR SANDSTORM:
                                                       VSBY 1/2 MILE OR LESS
                                                   8 = SMOKE OR HAZE
[NO. OF DAYS WITH]      [WEATHER - DAYS WITH]      9 = BLOWING SNOW
                                                   X = TORNADO
MAX 32 OR BELOW:   0    0.01 INCH OR MORE:   4
MAX 90 OR ABOVE:  20    0.10 INCH OR MORE:   1
MIN 32 OR BELOW:   0    0.50 INCH OR MORE:   0
MIN  0 OR BELOW:   0    1.00 INCH OR MORE:   0

[HDD (BASE 65) ]
TOTAL THIS MO.     0    CLEAR  (SCALE 0-3)  20
DPTR FM NORMAL     M    PTCLDY (SCALE 4-7)   7
TOTAL FM JUL 1     0    CLOUDY (SCALE 8-10)  0
DPTR FM NORMAL     M

[CDD (BASE 65) ]
TOTAL THIS MO.   347
DPTR FM NORMAL     M    [PRESSURE DATA]
TOTAL FM JAN 1  1269    HIGHEST SLP M ON M
DPTR FM NORMAL     M    LOWEST  SLP M ON M

[REMARKS]




U.S. Dept. of Commerce
NOAA National Weather Service
1325 East West Highway
Silver Spring, MD 20910
E-mail: w-nws.webmaster@noaa.gov
Page last modified: May 16, 2007
NATIONAL WEATHER SERVICE: for Safety, for Work, for Fun - FOR LIFE