545
CXHW50 PHFO 221250
CF6HNL
PRELIMINARY LOCAL CLIMATOLOGICAL DATA (WS FORM: F-6)

                                          STATION:   HONOLULU HI
                                          MONTH:     SEPTEMBER
                                          YEAR:      2014
                                          LATITUDE:   21 21 N
                                          LONGITUDE: 157 56 W

  TEMPERATURE IN F:       :PCPN:    SNOW:  WIND      :SUNSHINE: SKY     :PK WND
================================================================================
1   2   3   4   5  6A  6B    7    8   9   10  11  12  13   14  15   16   17  18
                                     12Z  AVG MX 2MIN
DY MAX MIN AVG DEP HDD CDD  WTR  SNW DPTH SPD SPD DIR MIN PSBL S-S WX    SPD DR
================================================================================

 1  87  74  81  -1   0  16 0.00  0.0    0  6.4 13  50   M    M   4        16  20
 2  92  76  84   2   0  19 0.00  0.0    0  8.1 18  40   M    M   3        26  80
 3  90  78  84   2   0  19    T  0.0    0  9.6 20  60   M    M   4        25  60
 4  90  75  83   1   0  18    T  0.0    0  8.1 17  70   M    M   5        24  70
 5  91  76  84   2   0  19 0.01  0.0    0  9.3 21  60   M    M   5 1      26  60
 6  90  75  83   1   0  18 0.00  0.0    0  8.7 17  60   M    M   5        23  50
 7  93  76  85   3   0  20 0.00  0.0    0  7.8 18  30   M    M   3        25  10
 8  90  76  83   1   0  18 0.00  0.0    0  8.9 18  70   M    M   6        25  70
 9  90  77  84   2   0  19 0.00  0.0    0  9.9 20  70   M    M   6        25  70
10  90  76  83   1   0  18    T  0.0    0  9.0 18  40   M    M   5 X      22  40
11  90  76  83   1   0  18 0.00  0.0    0  8.3 16  80   M    M   4        23  30
12  90  74  82   0   0  17    T  0.0    0  6.8 17 150   M    M   5        21 130
13  90  74  82   0   0  17 0.00  0.0    0  5.6 20 240   M    M   5        22 240
14  87  72  80  -2   0  15 0.03  0.0    0  5.4 14 210   M    M   4        17 220
15  91  76  84   2   0  19 0.02  0.0    0  5.9 16  30   M    M   5 1      22  40
16  92  77  85   3   0  20 0.00  0.0    0  7.7 17  30   M    M   5        23  30
17  89  77  83   1   0  18    T  0.0    0  5.6 14  60   M    M   6        20  50
18  87  75  81  -1   0  16 0.17  0.0    0  5.1 16 340   M    M   6        23 340
19  87  74  81   0   0  16 0.00  0.0    0  5.4 12 220   M    M   5        17 220
20  89  75  82   1   0  17    T  0.0    0  5.8 15 170   M    M   4        21 160
21  91  77  84   3   0  19 0.00  0.0    0  6.0 17 130   M    M   5        25 120
================================================================================
SM 1886 1586         0 376  0.23     0.0 153.4          M      100
================================================================================
AV 89.8 75.5                               7.3 FASTST   M    M   5    MAX(MPH)
                                 MISC ---->  # 21  60               # 26   80
================================================================================
NOTES:
# LAST OF SEVERAL OCCURRENCES

COLUMN 17 PEAK WIND IN M.P.H.

PRELIMINARY LOCAL CLIMATOLOGICAL DATA (WS FORM: F-6) , PAGE 2

                                          STATION:  HONOLULU HI
                                          MONTH:    SEPTEMBER
                                          YEAR:     2014
                                          LATITUDE:   21 21 N
                                          LONGITUDE: 157 56 W

[TEMPERATURE DATA]      [PRECIPITATION DATA]       SYMBOLS USED IN COLUMN 16

AVERAGE MONTHLY: 82.7   TOTAL FOR MONTH:   0.23    1 = FOG OR MIST
DPTR FM NORMAL:   0.8   DPTR FM NORMAL:   -0.21    2 = FOG REDUCING VISIBILITY
HIGHEST:    93 ON  7    GRTST 24HR  0.17 ON 18-18      TO 1/4 MILE OR LESS
LOWEST:     72 ON 14                               3 = THUNDER
                        SNOW, ICE PELLETS, HAIL    4 = ICE PELLETS
                        TOTAL MONTH:   0.0 INCH    5 = HAIL
                        GRTST 24HR     0.0         6 = FREEZING RAIN OR DRIZZLE
                        GRTST DEPTH:   0           7 = DUSTSTORM OR SANDSTORM:
                                                       VSBY 1/2 MILE OR LESS
                                                   8 = SMOKE OR HAZE
[NO. OF DAYS WITH]      [WEATHER - DAYS WITH]      9 = BLOWING SNOW
                                                   X = TORNADO
MAX 32 OR BELOW:   0    0.01 INCH OR MORE:   4
MAX 90 OR ABOVE:  15    0.10 INCH OR MORE:   1
MIN 32 OR BELOW:   0    0.50 INCH OR MORE:   0
MIN  0 OR BELOW:   0    1.00 INCH OR MORE:   0

[HDD (BASE 65) ]
TOTAL THIS MO.     0    CLEAR  (SCALE 0-3)   1
DPTR FM NORMAL     0    PTCLDY (SCALE 4-7)  20
TOTAL FM JUL 1     0    CLOUDY (SCALE 8-10)  0
DPTR FM NORMAL     0

[CDD (BASE 65) ]
TOTAL THIS MO.   376
DPTR FM NORMAL    24    [PRESSURE DATA]
TOTAL FM JAN 1  3534    HIGHEST SLP M ON M
DPTR FM NORMAL   198    LOWEST  SLP 29.89 ON 14

[REMARKS]




U.S. Dept. of Commerce
NOAA National Weather Service
1325 East West Highway
Silver Spring, MD 20910
E-mail: w-nws.webmaster@noaa.gov
Page last modified: May 16, 2007
NATIONAL WEATHER SERVICE: for Safety, for Work, for Fun - FOR LIFE