968
CXHW50 PHFO 011250
CF6HNL
PRELIMINARY LOCAL CLIMATOLOGICAL DATA (WS FORM: F-6)

                                          STATION:   HONOLULU HI
                                          MONTH:     NOVEMBER
                                          YEAR:      2014
                                          LATITUDE:   21 21 N
                                          LONGITUDE: 157 56 W

  TEMPERATURE IN F:       :PCPN:    SNOW:  WIND      :SUNSHINE: SKY     :PK WND
================================================================================
1   2   3   4   5  6A  6B    7    8   9   10  11  12  13   14  15   16   17  18
                                     12Z  AVG MX 2MIN
DY MAX MIN AVG DEP HDD CDD  WTR  SNW DPTH SPD SPD DIR MIN PSBL S-S WX    SPD DR
================================================================================

 1  88  77  83   4   0  18 0.00  0.0    0 11.7 21  80   M    M   4        28  50
 2  87  76  82   3   0  17    T  0.0    0 11.2 22  70   M    M   6        29  70
 3  87  75  81   2   0  16 0.14  0.0    0  7.6 18  60   M    M   7 1      22  60
 4  87  74  81   2   0  16 0.00  0.0    0  5.3 14  40   M    M   6        20  40
 5  86  76  81   2   0  16 0.02  0.0    0  8.9 21  60   M    M   7 1      26  50
 6  87  73  80   1   0  15 0.00  0.0    0  6.1 13  30   M    M   6        16  30
 7  85  73  79   1   0  14    T  0.0    0  5.5 16 220   M    M   6 1      20 230
 8  83  71  77  -1   0  12 0.03  0.0    0  8.3 22  10   M    M   4 1      31  20
 9  83  68  76  -2   0  11 0.00  0.0    0  6.3 13  40   M    M   6        17  30
10  85  67  76  -2   0  11 0.00  0.0    0  5.9 17 230   M    M   4        21 270
11  83  66  75  -3   0  10    T  0.0    0  3.9 14  40   M    M   5        17  60
12  83  71  77  -1   0  12 0.00  0.0    0  4.7 12 170   M    M   4 8      17 170
13  83  71  77  -1   0  12 0.00  0.0    0  5.1 13 150   M    M   5        17 130
14  85  72  79   1   0  14 0.94  0.0    0  5.8 17 220   M    M   6 13     21 220
15  84  72  78   0   0  13 0.14  0.0    0  7.6 18 230   M    M   6 13     22 230
16  84  72  78   0   0  13    T  0.0    0  8.3 18 360   M    M   5        23  10
17  84  73  79   1   0  14 0.00  0.0    0  8.5 22  60   M    M   5        29  30
18  84  75  80   2   0  15 0.01  0.0    0 12.6 22  80   M    M   6        26  70
19  85  76  81   4   0  16    T  0.0    0 15.4 25  60   M    M   4        31  60
20  86  75  81   4   0  16 0.01  0.0    0 10.9 21  70   M    M   5        28  50
21  86  73  80   3   0  15 0.00  0.0    0 11.0 21  60   M    M   4        28  40
22  85  74  80   3   0  15 0.00  0.0    0  6.9 16  70   M    M   4        20  50
23  84  68  76  -1   0  11 0.00  0.0    0  5.6 12 210   M    M   5        14 200
24  78  71  75  -2   0  10 0.14  0.0    0 11.3 22 350   M    M   7 1      28 350
25  81  70  76  -1   0  11 0.00  0.0    0  9.7 21  40   M    M   5        26  60
26  82  71  77   0   0  12 0.00  0.0    0 10.6 22  40   M    M   4        29  50
27  82  74  78   1   0  13 0.00  0.0    0 15.2 25  50   M    M   6        36  30
28  81  74  78   1   0  13    T  0.0    0 15.5 30  40   M    M   6        38  40
29  82  71  77   1   0  12    T  0.0    0 12.4 22  50   M    M   5        29  70
30  82  72  77   1   0  12    T  0.0    0 13.4 23  30   M    M   5        31  70
================================================================================
SM 2522 2171         0 405  1.43     0.0 271.2          M      158
================================================================================
AV 84.1 72.4                               9.0 FASTST   M    M   5    MAX(MPH)
                                 MISC ---->  # 30  40               # 38   40
================================================================================
NOTES:
# LAST OF SEVERAL OCCURRENCES

COLUMN 17 PEAK WIND IN M.P.H.

PRELIMINARY LOCAL CLIMATOLOGICAL DATA (WS FORM: F-6) , PAGE 2

                                          STATION:  HONOLULU HI
                                          MONTH:    NOVEMBER
                                          YEAR:     2014
                                          LATITUDE:   21 21 N
                                          LONGITUDE: 157 56 W

[TEMPERATURE DATA]      [PRECIPITATION DATA]       SYMBOLS USED IN COLUMN 16

AVERAGE MONTHLY: 78.2   TOTAL FOR MONTH:   1.43    1 = FOG OR MIST
DPTR FM NORMAL:   0.6   DPTR FM NORMAL:   -0.99    2 = FOG REDUCING VISIBILITY
HIGHEST:    88 ON  1    GRTST 24HR  1.08 ON 14-15      TO 1/4 MILE OR LESS
LOWEST:     66 ON 11                               3 = THUNDER
                        SNOW, ICE PELLETS, HAIL    4 = ICE PELLETS
                        TOTAL MONTH:   0.0 INCH    5 = HAIL
                        GRTST 24HR     0.0         6 = FREEZING RAIN OR DRIZZLE
                        GRTST DEPTH:   0           7 = DUSTSTORM OR SANDSTORM:
                                                       VSBY 1/2 MILE OR LESS
                                                   8 = SMOKE OR HAZE
[NO. OF DAYS WITH]      [WEATHER - DAYS WITH]      9 = BLOWING SNOW
                                                   X = TORNADO
MAX 32 OR BELOW:   0    0.01 INCH OR MORE:   8
MAX 90 OR ABOVE:   0    0.10 INCH OR MORE:   4
MIN 32 OR BELOW:   0    0.50 INCH OR MORE:   1
MIN  0 OR BELOW:   0    1.00 INCH OR MORE:   0

[HDD (BASE 65) ]
TOTAL THIS MO.     0    CLEAR  (SCALE 0-3)   0
DPTR FM NORMAL     0    PTCLDY (SCALE 4-7)  30
TOTAL FM JUL 1     0    CLOUDY (SCALE 8-10)  0
DPTR FM NORMAL     0

[CDD (BASE 65) ]
TOTAL THIS MO.   405
DPTR FM NORMAL    25    [PRESSURE DATA]
TOTAL FM JAN 1  4625    HIGHEST SLP 30.14 ON 19
DPTR FM NORMAL   299    LOWEST  SLP 29.80 ON 15

[REMARKS]
#FINAL-11-14#




U.S. Dept. of Commerce
NOAA National Weather Service
1325 East West Highway
Silver Spring, MD 20910
E-mail: w-nws.webmaster@noaa.gov
Page last modified: May 16, 2007
NATIONAL WEATHER SERVICE: for Safety, for Work, for Fun - FOR LIFE