886
CXUS56 KTFX 011205
CF6HLN
PRELIMINARY LOCAL CLIMATOLOGICAL DATA (WS FORM: F-6)

                                          STATION:   HELENA MT
                                          MONTH:     NOVEMBER
                                          YEAR:      2014
                                          LATITUDE:   46 35 N
                                          LONGITUDE: 112  0 W

  TEMPERATURE IN F:       :PCPN:    SNOW:  WIND      :SUNSHINE: SKY     :PK WND
================================================================================
1   2   3   4   5  6A  6B    7    8   9   10  11  12  13   14  15   16   17  18
                                     12Z  AVG MX 2MIN
DY MAX MIN AVG DEP HDD CDD  WTR  SNW DPTH SPD SPD DIR MIN PSBL S-S WX    SPD DR
================================================================================

 1  63  34  49  10  16   0 0.13  0.0    0  5.1 20 300   M    M   5 1      24 290
 2  47  34  41   2  24   0 0.03    T    0  8.3 23 270   M    M   9 1      28 270
 3  48  36  42   4  23   0 0.00  0.0    0  6.8 14 270   M    M   4        24 270
 4  55  32  44   6  21   0 0.00  0.0    0  6.6 24 260   M    M   6        32 260
 5  57  43  50  12  15   0 0.00  0.0    0  6.6 13 240   M    M   5        19 240
 6  65  42  54  17  11   0    T  0.0    0  5.6 23 280   M    M   1        35 270
 7  55  38  47  10  18   0    T  0.0    0 14.0 40 260   M    M   3        53 260
 8  61  30  46  10  19   0 0.00  0.0    0  5.6 18 280   M    M   1        24 280
 9  58  16  37   1  28   0 0.06  0.2    0  9.8 26  10   M    M   6        35  10
10  21   6  14 -21  51   0 0.05  0.5    1 11.3 24 340   M    M  10 18     29 350
11   9  -2   4 -31  61   0    T    T    1  8.1 18 350   M    M   7 8      22 360
12  13  -3   5 -29  60   0 0.00  0.0    1  3.4  9 260   M    M   3        11 110
13  14  -8   3 -31  62   0 0.00  0.0    1  1.5  9 250   M    M   0        10 250
14  16  -1   8 -25  57   0    T    T    T  5.0 18 350   M    M   9        24 360
15  18   2  10 -23  55   0 0.00  0.0    T  4.2 12 310   M    M   3        15 300
16  25   5  15 -17  50   0 0.00  0.0    T  3.4  8 120   M    M   6        10 150
17  28   3  16 -16  49   0 0.00  0.0    T  1.8  9  40   M    M   0        11  90
18  28  11  20 -11  45   0 0.00  0.0    T  1.5 12  20   M    M   1        13  30
19  33  10  22  -9  43   0 0.00  0.0    T  1.3  6 240   M    M   1 128     6 300
20  44  13  29  -1  36   0 0.00  0.0    T  1.9 13 260   M    M   5 18     16 240
21  48  32  40  10  25   0 0.00  0.0    0  4.5 21 180   M    M   M        30 180
22  49  34  42  13  23   0 0.01  0.0    0 17.0 43 270   M    M   4        58 270
23  43  31  37   8  28   0    T    T    0 14.1 31 260   M    M   4        42 240
24  42  31  37   9  28   0 0.00  0.0    0 13.5 28 290   M    M   2        37 270
25  39  32  36   8  29   0 0.19  1.0    T  3.5 15 280   M    M  10 1      18 280
26  35  23  29   1  36   0 0.30  3.0    3  2.4  7 260   M    M   7 128     9 260
27  58  19  39  12  26   0 0.00  0.0    4  5.3 18 140   M    M   4 12     23 150
28  56  21  39  12  26   0 0.00  0.0    T  7.8 26 270   M    M   5        32 270
29  21  -5   8 -18  57   0 0.30  6.1    0 12.3 24 320   M    M   9 18     29 310
30   7  -9  -1 -27  66   0    T    M    3  0.4  7 280   M    M   5         7 280
================================================================================
SM 1156  550      1088   0  1.07    10.8 192.6          M      135
================================================================================
AV 38.5 18.3                               6.4 FASTST   M    M   5    MAX(MPH)
                                 MISC ---->  # 43 270               # 58  270
================================================================================
NOTES:
# LAST OF SEVERAL OCCURRENCES

COLUMN 17 PEAK WIND IN M.P.H.

PRELIMINARY LOCAL CLIMATOLOGICAL DATA (WS FORM: F-6) , PAGE 2

                                          STATION:  HELENA MT
                                          MONTH:    NOVEMBER
                                          YEAR:     2014
                                          LATITUDE:   46 35 N
                                          LONGITUDE: 112  0 W

[TEMPERATURE DATA]      [PRECIPITATION DATA]       SYMBOLS USED IN COLUMN 16

AVERAGE MONTHLY: 28.4   TOTAL FOR MONTH:   1.07    1 = FOG OR MIST
DPTR FM NORMAL:  -4.1   DPTR FM NORMAL:    0.58    2 = FOG REDUCING VISIBILITY
HIGHEST:    65 ON  6    GRTST 24HR  0.48 ON 25-26      TO 1/4 MILE OR LESS
LOWEST:     -9 ON 30                               3 = THUNDER
                        SNOW, ICE PELLETS, HAIL    4 = ICE PELLETS
                        TOTAL MONTH:  10.8 INCHES  5 = HAIL
                        GRTST 24HR   6.1 ON   M    6 = FREEZING RAIN OR DRIZZLE
                        GRTST DEPTH:   4 ON 27     7 = DUSTSTORM OR SANDSTORM:
                                                       VSBY 1/2 MILE OR LESS
                                                   8 = SMOKE OR HAZE
[NO. OF DAYS WITH]      [WEATHER - DAYS WITH]      9 = BLOWING SNOW
                                                   X = TORNADO
MAX 32 OR BELOW:  11    0.01 INCH OR MORE:   8
MAX 90 OR ABOVE:   0    0.10 INCH OR MORE:   4
MIN 32 OR BELOW:  23    0.50 INCH OR MORE:   0
MIN  0 OR BELOW:   6    1.00 INCH OR MORE:   0

[HDD (BASE 65) ]
TOTAL THIS MO.  1088    CLEAR  (SCALE 0-3)   8
DPTR FM NORMAL   114    PTCLDY (SCALE 4-7)  16
TOTAL FM JUL 1  1712    CLOUDY (SCALE 8-10)  5
DPTR FM NORMAL  -170

[CDD (BASE 65) ]
TOTAL THIS MO.     0
DPTR FM NORMAL     0    [PRESSURE DATA]
TOTAL FM JAN 1   469    HIGHEST SLP 30.88 ON 12
DPTR FM NORMAL    63    LOWEST  SLP 29.38 ON 28

[REMARKS]
#FINAL-11-14#




U.S. Dept. of Commerce
NOAA National Weather Service
1325 East West Highway
Silver Spring, MD 20910
E-mail: w-nws.webmaster@noaa.gov
Page last modified: May 16, 2007
NATIONAL WEATHER SERVICE: for Safety, for Work, for Fun - FOR LIFE