758
CXUS51 KPBZ 290901
CF6HLG
PRELIMINARY LOCAL CLIMATOLOGICAL DATA (WS FORM: F-6)

                                          STATION:   WHEELING
                                          MONTH:     JULY
                                          YEAR:      2014
                                          LATITUDE:   40 10 N
                                          LONGITUDE:  80 39 W

  TEMPERATURE IN F:       :PCPN:    SNOW:  WIND      :SUNSHINE: SKY     :PK WND
================================================================================
1   2   3   4   5  6A  6B    7    8   9   10  11  12  13   14  15   16   17  18
                                     12Z  AVG MX 2MIN
DY MAX MIN AVG DEP HDD CDD  WTR  SNW DPTH SPD SPD DIR MIN PSBL S-S WX    SPD DR
================================================================================

 1  86  70  78   6   0  13    T    M    M  9.8 18 230   M    M   3 3      25 210
 2  85  68  77   5   0  12 0.00    M    M  7.1 16 240   M    M   2 3      22 240
 3  78  62  70  -2   0   5    T    M    M  8.3 22 260   M    M   5 1      27 250
 4  74  56  65  -7   0   0 0.00    M    M  8.3 18 340   M    M   2        24 320
 5  77  48  63  -9   2   0 0.00    M    M  2.0 12 270   M    M   0        14 280
 6  80  54  67  -5   0   2    T    M    M  5.4 15 210   M    M   4        20 210
 7  84  69  77   5   0  12 0.01    M    M 13.2 25 210   M    M   3 3      33 210
 8  79  67  73   1   0   8 0.13    M    M 10.5 20 220   0    0   0        35 210
 9  81  64  73   1   0   8 0.00    M    M  8.0 18 220   M    M   2        26 250
10  83  58  71  -1   0   6 0.00    M    M  4.1 13 350   M    M   3        17 350
11  84  60  72   0   0   7 0.00    M    M  3.3 13 210   M    M   3 1      16 270
12  86  60  73   1   0   8 0.00    M    M  5.0 14 230   M    M   1 1      19 220
13  86  70  78   6   0  13 0.11    M    M 10.5 22 230   M    M   4 13     31 240
14  80  69  75   3   0  10 0.41    M    M  7.5 16 220   M    M   6 1      20 210
15  78  61  70  -2   0   5 0.00    M    M  9.5 20 270   M    M   6 1      26 250
16  72  53  63  -9   2   0 0.00    M    M  5.7 13 280   M    M   4        17 270
17  76  50  63  -9   2   0 0.00    M    M  2.3 13 240   M    M   3 12     17 250
18  78  55  67  -5   0   2 0.05    M    M  5.8 14 110   M    M   3 1      17 120
19  69  62  66  -6   0   1 0.72    M    M  7.5 15 190   M    M  10 1      21 190
20  80  62  71  -1   0   6    T    M    M  3.7 10 110   M    M   8 1      14 190
21  85  65  75   3   0  10 0.00    M    M  1.6  9 200   M    M   6 12     15 200
22  88  66  77   5   0  12 0.00    M    M  5.0 13 210   M    M   1 1      16 200
23  85  64  75   3   0  10 0.05    M    M  8.4 18 330   M    M   5 1      24 360
24  77  60  69  -3   0   4 0.00    M    M  7.7 15  20   M    M   4        20  30
25  79  51  65  -7   0   0    T    M    M  3.4 12 230   M    M   1 12     16 250
26  83  61  72   0   0   7 0.63    M    M  7.6 31 190   M    M   5 13     38 190
27  81  65  73   1   0   8 0.48    M    M  7.9 18 210   M    M  10 13     26 300
28  68  57  63  -9   2   0 0.02    M    M 11.1 26 310   M    M   8 18     35 320
================================================================================
SM 2242 1707         8 169  2.61    M    190.2            0    112
================================================================================
AV 80.1 61.0                               6.8 FASTST    0   0   4    MAX(MPH)
                                 MISC ---->  # 31 190               # 38  190
================================================================================
NOTES:
# LAST OF SEVERAL OCCURRENCES

COLUMN 17 PEAK WIND IN M.P.H.

PRELIMINARY LOCAL CLIMATOLOGICAL DATA (WS FORM: F-6) , PAGE 2

                                          STATION:  WHEELING
                                          MONTH:    JULY
                                          YEAR:     2014
                                          LATITUDE:   40 10 N
                                          LONGITUDE:  80 39 W

[TEMPERATURE DATA]      [PRECIPITATION DATA]       SYMBOLS USED IN COLUMN 16

AVERAGE MONTHLY: 70.5   TOTAL FOR MONTH:   2.61    1 = FOG OR MIST
DPTR FM NORMAL:  -1.5   DPTR FM NORMAL:   -1.07    2 = FOG REDUCING VISIBILITY
HIGHEST:    88 ON 22    GRTST 24HR  1.10 ON 26-27      TO 1/4 MILE OR LESS
LOWEST:     48 ON  5                               3 = THUNDER
                        SNOW, ICE PELLETS, HAIL    4 = ICE PELLETS
                        TOTAL MONTH:    M          5 = HAIL
                        GRTST 24HR    M  ON   M    6 = FREEZING RAIN OR DRIZZLE
                        GRTST DEPTH:  M  ON   M    7 = DUSTSTORM OR SANDSTORM:
                                                       VSBY 1/2 MILE OR LESS
                                                   8 = SMOKE OR HAZE
[NO. OF DAYS WITH]      [WEATHER - DAYS WITH]      9 = BLOWING SNOW
                                                   X = TORNADO
MAX 32 OR BELOW:   0    0.01 INCH OR MORE:  10
MAX 90 OR ABOVE:   0    0.10 INCH OR MORE:   6
MIN 32 OR BELOW:   0    0.50 INCH OR MORE:   2
MIN  0 OR BELOW:   0    1.00 INCH OR MORE:   0

[HDD (BASE 65) ]
TOTAL THIS MO.     8    CLEAR  (SCALE 0-3)  12
DPTR FM NORMAL     8    PTCLDY (SCALE 4-7)  13
TOTAL FM JUL 1     8    CLOUDY (SCALE 8-10)  3
DPTR FM NORMAL     8

[CDD (BASE 65) ]
TOTAL THIS MO.   169
DPTR FM NORMAL   -39    [PRESSURE DATA]
TOTAL FM JAN 1   398    HIGHEST SLP  0.00 ON  8
DPTR FM NORMAL     8    LOWEST  SLP  0.00 ON  8

[REMARKS]




U.S. Dept. of Commerce
NOAA National Weather Service
1325 East West Highway
Silver Spring, MD 20910
E-mail: w-nws.webmaster@noaa.gov
Page last modified: May 16, 2007
NATIONAL WEATHER SERVICE: for Safety, for Work, for Fun - FOR LIFE