352
CXUS51 KPBZ 011001
CF6HLG
PRELIMINARY LOCAL CLIMATOLOGICAL DATA (WS FORM: F-6)

                                          STATION:   WHEELING
                                          MONTH:     NOVEMBER
                                          YEAR:      2014
                                          LATITUDE:   40 10 N
                                          LONGITUDE:  80 39 W

  TEMPERATURE IN F:       :PCPN:    SNOW:  WIND      :SUNSHINE: SKY     :PK WND
================================================================================
1   2   3   4   5  6A  6B    7    8   9   10  11  12  13   14  15   16   17  18
                                     12Z  AVG MX 2MIN
DY MAX MIN AVG DEP HDD CDD  WTR  SNW DPTH SPD SPD DIR MIN PSBL S-S WX    SPD DR
================================================================================

 1  44  34  39  -9  26   0 0.04    M    M 12.5 23 340   M    M   9 1      30 320
 2  47  32  40  -8  25   0 0.00    M    M  9.9 21 320   M    M   4        25 270
 3  57  30  44  -4  21   0 0.00    M    M  8.1 18 210   M    M   2        22 220
 4  67  49  58  11   7   0 0.00    M    M 14.3 23 230   M    M   2        33 230
 5  58  48  53   6  12   0 0.14    M    M  6.8 22 270   M    M   4 1      28 260
 6  56  43  50   4  15   0 0.60    M    M  8.4 29 280   M    M  10 123    38 270
 7  44  30  37  -9  28   0 0.03    M    M 10.6 23 310   M    M   7 1      30 290
 8  49  29  39  -7  26   0 0.00    M    M  9.7 20 290   M    M   5        26 210
 9  51  39  45  -1  20   0 0.00    M    M  8.0 17 210   M    M   7        20 230
10  65  41  53   8  12   0 0.00    M    M  8.1 16 180   M    M   2        20 180
11  70  51  61  16   4   0    T    M    M 13.0 23 200   M    M   2 1      29 200
12  58  35  47   3  18   0 0.12    M    M  9.1 22 300   M    M   9 1      30 290
13  35  26  31 -13  34   0    T    M    M  7.5 17 290   M    M  10 8      24 280
14  33  23  28 -16  37   0 0.00    M    M  9.5 17 270   M    M   8        22 250
15  36  20  28 -16  37   0 0.00    M    M  4.8 14 180   M    M   0        19 220
16  39  27  33 -10  32   0 0.16    M    M  5.9 13 210   M    M  10 1      19 210
17  37  18  28 -15  37   0 0.40    M    M 10.8 30 260   M    M  10 12     43 260
18  22  14  18 -24  47   0    T    M    M 17.6 31 260   M    M   8 8      43 270
19  38  14  26 -16  39   0    T    M    M 12.9 24 250   M    M   7        34 260
20  37  23  30 -12  35   0    T    M    M 16.2 28 240   M    M   6 8      39 260
21  29  17  23 -18  42   0 0.00    M    M  7.5 15 260   M    M   1        21 250
22  52  20  36  -5  29   0    T    M    M  9.2 16 200   M    M   7        21 200
23  65  48  57  16   8   0 0.13    M    M 11.1 26 130   M    M   5 1      34 120
24  69  41  55  15  10   0 0.01    M    M 19.1 39 250   M    M   5 1      64 250
25  49  30  40   0  25   0 0.00    M    M 10.4 24 230   M    M   1        33 250
26  33  29  31  -8  34   0 0.10    M    M  3.8 12  30   M    M   7 12     15  50
27  34  27  31  -8  34   0 0.01    M    M  7.9 21 290   M    M  10 128    26 310
28  28  22  25 -14  40   0 0.01    M    M  8.0 16 270   M    M   8 1      22 270
29  53  27  40   2  25   0 0.00    M    M 10.2 20 200   M    M   7        27 200
30  63  53  58  20   7   0 0.00    M    M 16.4 26 230   M    M  10        36 230
================================================================================
SM 1418  940       766   0  1.75    M    307.3          M      183
================================================================================
AV 47.3 31.3                              10.2 FASTST   M    M   6    MAX(MPH)
                                 MISC ---->  # 39 250               # 64  250
================================================================================
NOTES:
# LAST OF SEVERAL OCCURRENCES

COLUMN 17 PEAK WIND IN M.P.H.

PRELIMINARY LOCAL CLIMATOLOGICAL DATA (WS FORM: F-6) , PAGE 2

                                          STATION:  WHEELING
                                          MONTH:    NOVEMBER
                                          YEAR:     2014
                                          LATITUDE:   40 10 N
                                          LONGITUDE:  80 39 W

[TEMPERATURE DATA]      [PRECIPITATION DATA]       SYMBOLS USED IN COLUMN 16

AVERAGE MONTHLY: 39.3   TOTAL FOR MONTH:   1.75    1 = FOG OR MIST
DPTR FM NORMAL:  -3.9   DPTR FM NORMAL:   -1.48    2 = FOG REDUCING VISIBILITY
HIGHEST:    70 ON 11    GRTST 24HR  0.66 ON  5- 6      TO 1/4 MILE OR LESS
LOWEST:     14 ON 19,18                            3 = THUNDER
                        SNOW, ICE PELLETS, HAIL    4 = ICE PELLETS
                        TOTAL MONTH:    M          5 = HAIL
                        GRTST 24HR    M  ON   M    6 = FREEZING RAIN OR DRIZZLE
                        GRTST DEPTH:  M  ON   M    7 = DUSTSTORM OR SANDSTORM:
                                                       VSBY 1/2 MILE OR LESS
                                                   8 = SMOKE OR HAZE
[NO. OF DAYS WITH]      [WEATHER - DAYS WITH]      9 = BLOWING SNOW
                                                   X = TORNADO
MAX 32 OR BELOW:   3    0.01 INCH OR MORE:  12
MAX 90 OR ABOVE:   0    0.10 INCH OR MORE:   7
MIN 32 OR BELOW:  19    0.50 INCH OR MORE:   1
MIN  0 OR BELOW:   0    1.00 INCH OR MORE:   0

[HDD (BASE 65) ]
TOTAL THIS MO.   766    CLEAR  (SCALE 0-3)   7
DPTR FM NORMAL   112    PTCLDY (SCALE 4-7)  15
TOTAL FM JUL 1  1229    CLOUDY (SCALE 8-10)  8
DPTR FM NORMAL   101

[CDD (BASE 65) ]
TOTAL THIS MO.     0
DPTR FM NORMAL     0    [PRESSURE DATA]
TOTAL FM JAN 1   644    HIGHEST SLP 30.54 ON 21
DPTR FM NORMAL   -45    LOWEST  SLP 29.35 ON 24

[REMARKS]
#FINAL-11-14#




U.S. Dept. of Commerce
NOAA National Weather Service
1325 East West Highway
Silver Spring, MD 20910
E-mail: w-nws.webmaster@noaa.gov
Page last modified: May 16, 2007
NATIONAL WEATHER SERVICE: for Safety, for Work, for Fun - FOR LIFE