157
CXUS53 KGLD 310800
CF6HLC
PRELIMINARY LOCAL CLIMATOLOGICAL DATA (WS FORM: F-6)

                                          STATION:   HILL CITY KS
                                          MONTH:     JULY
                                          YEAR:      2014
                                          LATITUDE:   39 22 N
                                          LONGITUDE:  99 50 W

  TEMPERATURE IN F:       :PCPN:    SNOW:  WIND      :SUNSHINE: SKY     :PK WND
================================================================================
1   2   3   4   5  6A  6B    7    8   9   10  11  12  13   14  15   16   17  18
                                     12Z  AVG MX 2MIN
DY MAX MIN AVG DEP HDD CDD  WTR  SNW DPTH SPD SPD DIR MIN PSBL S-S WX    SPD DR
================================================================================

 1  85  60  73  -5   0   8 0.00    M    M 10.3 22  10   M    M   1 8      29 300
 2  82  56  69  -9   0   4    T    M    M  5.3 15 360   M    M   1        17  20
 3  84  58  71  -7   0   6 0.00    M    M 10.4 21 170   M    M   4        27 170
 4  92  65  79   1   0  14 0.00    M    M 13.7 26 180   M    M   4        36 170
 5  99  72  86   8   0  21    T    M    M  4.1 15 220   M    M   0        18 210
 6 104  65  85   6   0  20 0.00    M    M  5.3 13 140   M    M   0        17 150
 7 105  67  86   7   0  21 0.02    M    M  9.1 25  10   M    M   0 3      31  20
 8  89  66  78  -1   0  13 0.03    M    M  6.8 23  30   M    M   2 138    30  30
 9  91  60  76  -3   0  11    T    M    M 10.8 24 170   M    M   1 13     33 160
10  90  65  78  -1   0  13 0.66    M    M 13.7 24 300   M    M   2 13     30 310
11 101  68  85   6   0  20 0.00    M    M 10.9 23 180   M    M   1        33 180
12 101  69  85   6   0  20    T    M    M 10.1 23  20   M    M   1        29  20
13  94  68  81   2   0  16 0.00    M    M  7.0 18  50   M    M   1        23  30
14  88  58  73  -7   0   8 0.00    M    M 10.4 21  30   M    M   0        25  40
15  80  49  65 -15   0   0 0.00    M    M  4.1 10 110   M    M   4        15 110
16  65  58  62 -18   3   0 0.84    M    M  7.2 15 160   M    M  10 13     18 160
17  66  58  62 -18   3   0 0.23    M    M  6.8 16 160   M    M   9 1      20 150
18  79  60  70 -10   0   5 0.01    M    M 11.1 21 160   M    M   6 1      28 160
19  82  65  74  -6   0   9 0.00    M    M 10.2 17 160   M    M   7        23 130
20 101  68  85   5   0  20 0.00    M    M 11.0 21 190   M    M   0        31 180
21 105  77  91  11   0  26 0.00    M    M 10.7 21 170   M    M   0        26 180
22 101  65  83   3   0  18 0.00    M    M  7.0 18  70   M    M   0        23  60
23  90  68  79  -1   0  14 0.00    M  100  9.5 25  10   M    M   3        31  10
24 100  65  83   3   0  18 0.00    M  100 13.1 24 180   M    M   0        36 170
25 104  76  90  10   0  25 0.00    M    M  9.5 18 220   M    M   0        28 210
26 106  70  88   8   0  23 0.01    M    M 10.3 28 260   M    M   1        43 280
27  93  66  80   1   0  15 0.00    M    M  8.1 18  60   M    M   1        23  60
28  91  60  76  -3   0  11 0.00    M    M  6.9 14 100   M    M   1 8      19 140
29  90  59  75  -4   0  10 0.00    M    M  8.4 21  80   M    M   2        27  80
30  83  62  73  -6   0   8    T    M    M  7.1 18  80   M    M   5        23  70
================================================================================
SM 2741 1923         6 397  1.80    M    268.9          M       67
================================================================================
AV 91.4 64.1                               9.0 FASTST   M    M   2    MAX(MPH)
                                 MISC ---->  # 28 260               # 43  280
================================================================================
NOTES:
# LAST OF SEVERAL OCCURRENCES

COLUMN 17 PEAK WIND IN M.P.H.

PRELIMINARY LOCAL CLIMATOLOGICAL DATA (WS FORM: F-6) , PAGE 2

                                          STATION:  HILL CITY KS
                                          MONTH:    JULY
                                          YEAR:     2014
                                          LATITUDE:   39 22 N
                                          LONGITUDE:  99 50 W

[TEMPERATURE DATA]      [PRECIPITATION DATA]       SYMBOLS USED IN COLUMN 16

AVERAGE MONTHLY: 77.7   TOTAL FOR MONTH:   1.80    1 = FOG OR MIST
DPTR FM NORMAL:  -1.5   DPTR FM NORMAL:   -1.78    2 = FOG REDUCING VISIBILITY
HIGHEST:   106 ON 26    GRTST 24HR  1.06 ON 16-17      TO 1/4 MILE OR LESS
LOWEST:     49 ON 15                               3 = THUNDER
                        SNOW, ICE PELLETS, HAIL    4 = ICE PELLETS
                        TOTAL MONTH:    M          5 = HAIL
                        GRTST 24HR    M  ON   M    6 = FREEZING RAIN OR DRIZZLE
                        GRTST DEPTH:  99 ON M      7 = DUSTSTORM OR SANDSTORM:
                                                       VSBY 1/2 MILE OR LESS
                                                   8 = SMOKE OR HAZE
[NO. OF DAYS WITH]      [WEATHER - DAYS WITH]      9 = BLOWING SNOW
                                                   X = TORNADO
MAX 32 OR BELOW:   0    0.01 INCH OR MORE:   7
MAX 90 OR ABOVE:  19    0.10 INCH OR MORE:   3
MIN 32 OR BELOW:   0    0.50 INCH OR MORE:   2
MIN  0 OR BELOW:   0    1.00 INCH OR MORE:   0

[HDD (BASE 65) ]
TOTAL THIS MO.     6    CLEAR  (SCALE 0-3)  22
DPTR FM NORMAL     6    PTCLDY (SCALE 4-7)   6
TOTAL FM JUL 1     6    CLOUDY (SCALE 8-10)  2
DPTR FM NORMAL     6

[CDD (BASE 65) ]
TOTAL THIS MO.   397
DPTR FM NORMAL   -30    [PRESSURE DATA]
TOTAL FM JAN 1   831    HIGHEST SLP M ON M
DPTR FM NORMAL    70    LOWEST  SLP 29.69 ON  7

[REMARKS]




U.S. Dept. of Commerce
NOAA National Weather Service
1325 East West Highway
Silver Spring, MD 20910
E-mail: w-nws.webmaster@noaa.gov
Page last modified: May 16, 2007
NATIONAL WEATHER SERVICE: for Safety, for Work, for Fun - FOR LIFE