418
CXUS53 KGLD 300800
CF6HLC
PRELIMINARY LOCAL CLIMATOLOGICAL DATA (WS FORM: F-6)

                                          STATION:   HILL CITY KS
                                          MONTH:     JANUARY
                                          YEAR:      2015
                                          LATITUDE:   39 22 N
                                          LONGITUDE:  99 50 W

  TEMPERATURE IN F:       :PCPN:    SNOW:  WIND      :SUNSHINE: SKY     :PK WND
================================================================================
1   2   3   4   5  6A  6B    7    8   9   10  11  12  13   14  15   16   17  18
                                     12Z  AVG MX 2MIN
DY MAX MIN AVG DEP HDD CDD  WTR  SNW DPTH SPD SPD DIR MIN PSBL S-S WX    SPD DR
================================================================================

 1  27   5  16 -13  49   0 0.00    M    M  6.0 10 270   M    M   2        12 280
 2  32   3  18 -11  47   0 0.00    M    M  4.2 10 310   M    M   0        13 320
 3  35  11  23  -6  42   0 0.01    M    M 15.7 37 350   M    M   6 128    47 360
 4  17   1   9 -20  56   0    T    M    M  8.4 31 350   M    M   1 9      39 340
 5  28   1  15 -14  50   0 0.00    M    M  8.2 18 190   M    M   3        25 180
 6  32  15  24  -5  41   0 0.00    M    M  8.2 28  30   M    M   4        35  40
 7  18   2  10 -19  55   0    T    M    M 13.2 26  20   M    M   5        31  30
 8  48   9  29   0  36   0 0.00    M    M 15.2 30  10   M    M   2        36  20
 9  27   8  18 -11  47   0 0.00    M    M  7.6 23 350   M    M   3        29 350
10  46  16  31   2  34   0 0.00    M    M 10.3 24 220   M    M   0        31 210
11  40  14  27  -2  38   0 0.00    M    M  7.9 25  10   M    M   1        30  10
12  27  13  20  -9  45   0 0.00    M    M  9.6 26  10   M    M   6        31  10
13  29  15  22  -7  43   0 0.00    M    M  6.4 12 190   M    M   8 8      15 190
14  43  18  31   2  34   0 0.00    M    M  5.2 13 320   M    M   2 8      16 320
15  54  20  37   8  28   0 0.00    M    M  8.4 16 320   M    M   0        22 320
16  60  23  42  13  23   0 0.00  0.0    0  5.2 10 250   M    M   0        12 260
17  55  32  44  15  21   0 0.00  0.0    0 16.2 33 330   M    M   0        44 320
18  62  24  43  14  22   0 0.00    M    M  9.6 24 330   M    M   0        31 310
19  60  33  47  18  18   0 0.00    M    M  8.7 21 340   M    M   0        24 340
20  54  28  41  12  24   0    T    M    M  9.4 22 330   M    M   5        28 330
21  47  25  36   7  29   0 0.00    M    M  8.9 17 330   M    M   4        22 330
22  44  16  30   0  35   0 0.00    M    M  4.9 12 230   M    M   0        16 240
23  55  16  36   6  29   0 0.00    M    M 10.8 21 330   M    M   1        26 330
24  62  29  46  16  19   0 0.01    M    M 12.8 31 330   M    M   2        41 330
25  53  27  40  10  25   0 0.00    M    M 14.7 30 350   M    M   1        39 330
26  72  32  52  22  13   0 0.00    M    M 11.5 24 320   M    M   0        31 300
27  83  28  56  26   9   0 0.00    M    M  4.7 10 260   M    M   0        13 270
28  72  33  53  23  12   0 0.00    M    M 15.2 36 330   M    M   0        47 340
29  49  18  34   4  31   0 0.00    M    M 11.9 29 360   M    M   0        35 340
================================================================================
SM 1331  515       955   0  0.02     0.0 279.0          M       56
================================================================================
AV 45.9 17.8                               9.6 FASTST   M    M   2    MAX(MPH)
                                 MISC ---->  # 37 350               # 47  360
================================================================================
NOTES:
# LAST OF SEVERAL OCCURRENCES

COLUMN 17 PEAK WIND IN M.P.H.

PRELIMINARY LOCAL CLIMATOLOGICAL DATA (WS FORM: F-6) , PAGE 2

                                          STATION:  HILL CITY KS
                                          MONTH:    JANUARY
                                          YEAR:     2015
                                          LATITUDE:   39 22 N
                                          LONGITUDE:  99 50 W

[TEMPERATURE DATA]      [PRECIPITATION DATA]       SYMBOLS USED IN COLUMN 16

AVERAGE MONTHLY: 31.8   TOTAL FOR MONTH:   0.02    1 = FOG OR MIST
DPTR FM NORMAL:   2.6   DPTR FM NORMAL:   -0.38    2 = FOG REDUCING VISIBILITY
HIGHEST:    83 ON 27    GRTST 24HR  0.01 ON 24-24      TO 1/4 MILE OR LESS
LOWEST:      1 ON  5, 4                            3 = THUNDER
                        SNOW, ICE PELLETS, HAIL    4 = ICE PELLETS
                        TOTAL MONTH:   0.0 INCH    5 = HAIL
                        GRTST 24HR     0.0         6 = FREEZING RAIN OR DRIZZLE
                        GRTST DEPTH:   0           7 = DUSTSTORM OR SANDSTORM:
                                                       VSBY 1/2 MILE OR LESS
                                                   8 = SMOKE OR HAZE
[NO. OF DAYS WITH]      [WEATHER - DAYS WITH]      9 = BLOWING SNOW
                                                   X = TORNADO
MAX 32 OR BELOW:   9    0.01 INCH OR MORE:   2
MAX 90 OR ABOVE:   0    0.10 INCH OR MORE:   0
MIN 32 OR BELOW:  27    0.50 INCH OR MORE:   0
MIN  0 OR BELOW:   0    1.00 INCH OR MORE:   0

[HDD (BASE 65) ]
TOTAL THIS MO.   955    CLEAR  (SCALE 0-3)  21
DPTR FM NORMAL   -82    PTCLDY (SCALE 4-7)   7
TOTAL FM JUL 1  3061    CLOUDY (SCALE 8-10)  1
DPTR FM NORMAL  -220

[CDD (BASE 65) ]
TOTAL THIS MO.     0
DPTR FM NORMAL     0    [PRESSURE DATA]
TOTAL FM JAN 1     0    HIGHEST SLP M ON M
DPTR FM NORMAL     0    LOWEST  SLP 29.79 ON M

[REMARKS]




U.S. Dept. of Commerce
NOAA National Weather Service
1325 East West Highway
Silver Spring, MD 20910
E-mail: w-nws.webmaster@noaa.gov
Page last modified: May 16, 2007
NATIONAL WEATHER SERVICE: for Safety, for Work, for Fun - FOR LIFE